{"id":71654,"date":"2022-05-20T06:04:29","date_gmt":"2022-05-20T04:04:35","guid":{"rendered":"https:\/\/www.gruppoliturgico.com\/prodotto\/chasuble-de-lavent-6\/"},"modified":"2022-05-20T13:48:18","modified_gmt":"2022-05-20T11:48:18","slug":"chasuble-de-lavent-6","status":"publish","type":"product","link":"https:\/\/www.gruppoliturgico.com\/fr\/produit\/chasuble-de-lavent-6\/","title":{"rendered":"Chasuble de l&rsquo;Avent"},"content":{"rendered":"<html><body><p>Il s\u2019agit d\u2019un mod\u00e8le tr\u00e8s ample et original dans la coupe et dans la forme de l\u2019encolure.<br>\nLa d\u00e9coration, la m\u00eame sur le devant et sur le dos, est r\u00e9alis\u00e9e avec un riche et \u00e9l\u00e9gant galon de 9 cm.<br>\nCaract\u00e9ristique nuance claire de la teinte violac\u00e9e, sp\u00e9cialement con\u00e7ue pour le moment liturgique de l\u2019Avent.<\/p>\n<\/body><\/html>","protected":false},"excerpt":{"rendered":"<p>Il s&rsquo;agit d&rsquo;un mod\u00e8le tr\u00e8s ample et original dans la coupe et dans la forme de l&rsquo;encolure.<br \/>\nLa d\u00e9coration, la m\u00eame sur le devant et sur le dos, est r\u00e9alis\u00e9e avec un riche et \u00e9l\u00e9gant galon de 9 cm.<br \/>\nCaract\u00e9ristique nuance claire de la teinte violac\u00e9e, sp\u00e9cialement con\u00e7ue pour le moment liturgique de l&rsquo;Avent.<\/p>\n","protected":false},"featured_media":137181,"template":"","meta":[],"product_cat":[],"product_tag":[],"yoast_head":"<!-- This site is optimized with the Yoast SEO plugin v20.4 - https:\/\/yoast.com\/wordpress\/plugins\/seo\/ -->\n<title>Chasuble de l&#039;Avent - et Laboratorio Gruppo Liturgico<\/title>\n<meta name=\"description\" content=\"Il s&#039;agit d&#039;un mod\u00e8le tr\u00e8s ample et original dans la coupe et dans la forme de l&#039;encolure.  La d\u00e9coration, la m\u00eame sur le devant et sur le dos, est r\u00e9alis\u00e9e avec un riche et \u00e9l\u00e9gant galon de 9 cm. Caract\u00e9ristique nuance claire de la teinte violac\u00e9e, sp\u00e9cialement con\u00e7ue pour le moment liturgique de l&#039;Avent.\" \/>\n<meta name=\"robots\" content=\"index, follow, max-snippet:-1, max-image-preview:large, max-video-preview:-1\" \/>\n<link rel=\"canonical\" href=\"https:\/\/www.gruppoliturgico.com\/fr\/produit\/chasuble-de-lavent-6\/\" \/>\n<meta property=\"og:locale\" content=\"fr_FR\" \/>\n<meta property=\"og:type\" content=\"article\" \/>\n<meta property=\"og:title\" content=\"Chasuble de l&#039;Avent - et Laboratorio Gruppo Liturgico\" \/>\n<meta property=\"og:description\" content=\"Il s&#039;agit d&#039;un mod\u00e8le tr\u00e8s ample et original dans la coupe et dans la forme de l&#039;encolure.  La d\u00e9coration, la m\u00eame sur le devant et sur le dos, est r\u00e9alis\u00e9e avec un riche et \u00e9l\u00e9gant galon de 9 cm. Caract\u00e9ristique nuance claire de la teinte violac\u00e9e, sp\u00e9cialement con\u00e7ue pour le moment liturgique de l&#039;Avent.\" \/>\n<meta property=\"og:url\" content=\"https:\/\/www.gruppoliturgico.com\/fr\/produit\/chasuble-de-lavent-6\/\" \/>\n<meta property=\"og:site_name\" content=\"Laboratorio Gruppo Liturgico\" \/>\n<meta property=\"article:modified_time\" content=\"2022-05-20T11:48:18+00:00\" \/>\n<meta property=\"og:image\" content=\"https:\/\/www.gruppoliturgico.com\/wp-content\/uploads\/2022\/05\/2447.rosso20AVVENTO_0.jpg\" \/>\n\t<meta property=\"og:image:width\" content=\"1120\" \/>\n\t<meta property=\"og:image:height\" content=\"1500\" \/>\n\t<meta property=\"og:image:type\" content=\"image\/jpeg\" \/>\n<meta name=\"twitter:card\" content=\"summary_large_image\" \/>\n<script type=\"application\/ld+json\" class=\"yoast-schema-graph\">{\"@context\":\"https:\/\/schema.org\",\"@graph\":[{\"@type\":\"WebPage\",\"@id\":\"https:\/\/www.gruppoliturgico.com\/fr\/produit\/chasuble-de-lavent-6\/\",\"url\":\"https:\/\/www.gruppoliturgico.com\/fr\/produit\/chasuble-de-lavent-6\/\",\"name\":\"Chasuble de l'Avent - et Laboratorio Gruppo Liturgico\",\"isPartOf\":{\"@id\":\"https:\/\/www.gruppoliturgico.com\/es\/#website\"},\"datePublished\":\"2022-05-20T04:04:35+00:00\",\"dateModified\":\"2022-05-20T11:48:18+00:00\",\"description\":\"Il s'agit d'un mod\u00e8le tr\u00e8s ample et original dans la coupe et dans la forme de l'encolure. La d\u00e9coration, la m\u00eame sur le devant et sur le dos, est r\u00e9alis\u00e9e avec un riche et \u00e9l\u00e9gant galon de 9 cm. Caract\u00e9ristique nuance claire de la teinte violac\u00e9e, sp\u00e9cialement con\u00e7ue pour le moment liturgique de l'Avent.\",\"breadcrumb\":{\"@id\":\"https:\/\/www.gruppoliturgico.com\/fr\/produit\/chasuble-de-lavent-6\/#breadcrumb\"},\"inLanguage\":\"fr-FR\",\"potentialAction\":[{\"@type\":\"ReadAction\",\"target\":[\"https:\/\/www.gruppoliturgico.com\/fr\/produit\/chasuble-de-lavent-6\/\"]}]},{\"@type\":\"BreadcrumbList\",\"@id\":\"https:\/\/www.gruppoliturgico.com\/fr\/produit\/chasuble-de-lavent-6\/#breadcrumb\",\"itemListElement\":[{\"@type\":\"ListItem\",\"position\":1,\"name\":\"Home\",\"item\":\"https:\/\/www.gruppoliturgico.com\/fr\/\"},{\"@type\":\"ListItem\",\"position\":2,\"name\":\"Boutique\",\"item\":\"https:\/\/www.gruppoliturgico.com\/fr\/boutique\/\"},{\"@type\":\"ListItem\",\"position\":3,\"name\":\"Chasuble de l&rsquo;Avent\"}]},{\"@type\":\"WebSite\",\"@id\":\"https:\/\/www.gruppoliturgico.com\/es\/#website\",\"url\":\"https:\/\/www.gruppoliturgico.com\/es\/\",\"name\":\"Laboratorio Gruppo Liturgico\",\"description\":\"Articoli Religiosi online\",\"publisher\":{\"@id\":\"https:\/\/www.gruppoliturgico.com\/es\/#organization\"},\"potentialAction\":[{\"@type\":\"SearchAction\",\"target\":{\"@type\":\"EntryPoint\",\"urlTemplate\":\"https:\/\/www.gruppoliturgico.com\/es\/?s={search_term_string}\"},\"query-input\":\"required name=search_term_string\"}],\"inLanguage\":\"fr-FR\"},{\"@type\":\"Organization\",\"@id\":\"https:\/\/www.gruppoliturgico.com\/es\/#organization\",\"name\":\"Laboratorio Gruppo Liturgico\",\"url\":\"https:\/\/www.gruppoliturgico.com\/es\/\",\"logo\":{\"@type\":\"ImageObject\",\"inLanguage\":\"fr-FR\",\"@id\":\"https:\/\/www.gruppoliturgico.com\/es\/#\/schema\/logo\/image\/\",\"url\":\"https:\/\/www.gruppoliturgico.com\/wp-content\/uploads\/2022\/02\/logo-laboratoriogruppoliturgico.png\",\"contentUrl\":\"https:\/\/www.gruppoliturgico.com\/wp-content\/uploads\/2022\/02\/logo-laboratoriogruppoliturgico.png\",\"width\":400,\"height\":114,\"caption\":\"Laboratorio Gruppo Liturgico\"},\"image\":{\"@id\":\"https:\/\/www.gruppoliturgico.com\/es\/#\/schema\/logo\/image\/\"}}]}<\/script>\n<!-- \/ Yoast SEO plugin. -->","yoast_head_json":{"title":"Chasuble de l'Avent - et Laboratorio Gruppo Liturgico","description":"Il s'agit d'un mod\u00e8le tr\u00e8s ample et original dans la coupe et dans la forme de l'encolure.  La d\u00e9coration, la m\u00eame sur le devant et sur le dos, est r\u00e9alis\u00e9e avec un riche et \u00e9l\u00e9gant galon de 9 cm. Caract\u00e9ristique nuance claire de la teinte violac\u00e9e, sp\u00e9cialement con\u00e7ue pour le moment liturgique de l'Avent.","robots":{"index":"index","follow":"follow","max-snippet":"max-snippet:-1","max-image-preview":"max-image-preview:large","max-video-preview":"max-video-preview:-1"},"canonical":"https:\/\/www.gruppoliturgico.com\/fr\/produit\/chasuble-de-lavent-6\/","og_locale":"fr_FR","og_type":"article","og_title":"Chasuble de l'Avent - et Laboratorio Gruppo Liturgico","og_description":"Il s'agit d'un mod\u00e8le tr\u00e8s ample et original dans la coupe et dans la forme de l'encolure.  La d\u00e9coration, la m\u00eame sur le devant et sur le dos, est r\u00e9alis\u00e9e avec un riche et \u00e9l\u00e9gant galon de 9 cm. Caract\u00e9ristique nuance claire de la teinte violac\u00e9e, sp\u00e9cialement con\u00e7ue pour le moment liturgique de l'Avent.","og_url":"https:\/\/www.gruppoliturgico.com\/fr\/produit\/chasuble-de-lavent-6\/","og_site_name":"Laboratorio Gruppo Liturgico","article_modified_time":"2022-05-20T11:48:18+00:00","og_image":[{"width":1120,"height":1500,"url":"https:\/\/www.gruppoliturgico.com\/wp-content\/uploads\/2022\/05\/2447.rosso20AVVENTO_0.jpg","type":"image\/jpeg"}],"twitter_card":"summary_large_image","schema":{"@context":"https:\/\/schema.org","@graph":[{"@type":"WebPage","@id":"https:\/\/www.gruppoliturgico.com\/fr\/produit\/chasuble-de-lavent-6\/","url":"https:\/\/www.gruppoliturgico.com\/fr\/produit\/chasuble-de-lavent-6\/","name":"Chasuble de l'Avent - et Laboratorio Gruppo Liturgico","isPartOf":{"@id":"https:\/\/www.gruppoliturgico.com\/es\/#website"},"datePublished":"2022-05-20T04:04:35+00:00","dateModified":"2022-05-20T11:48:18+00:00","description":"Il s'agit d'un mod\u00e8le tr\u00e8s ample et original dans la coupe et dans la forme de l'encolure. La d\u00e9coration, la m\u00eame sur le devant et sur le dos, est r\u00e9alis\u00e9e avec un riche et \u00e9l\u00e9gant galon de 9 cm. Caract\u00e9ristique nuance claire de la teinte violac\u00e9e, sp\u00e9cialement con\u00e7ue pour le moment liturgique de l'Avent.","breadcrumb":{"@id":"https:\/\/www.gruppoliturgico.com\/fr\/produit\/chasuble-de-lavent-6\/#breadcrumb"},"inLanguage":"fr-FR","potentialAction":[{"@type":"ReadAction","target":["https:\/\/www.gruppoliturgico.com\/fr\/produit\/chasuble-de-lavent-6\/"]}]},{"@type":"BreadcrumbList","@id":"https:\/\/www.gruppoliturgico.com\/fr\/produit\/chasuble-de-lavent-6\/#breadcrumb","itemListElement":[{"@type":"ListItem","position":1,"name":"Home","item":"https:\/\/www.gruppoliturgico.com\/fr\/"},{"@type":"ListItem","position":2,"name":"Boutique","item":"https:\/\/www.gruppoliturgico.com\/fr\/boutique\/"},{"@type":"ListItem","position":3,"name":"Chasuble de l&rsquo;Avent"}]},{"@type":"WebSite","@id":"https:\/\/www.gruppoliturgico.com\/es\/#website","url":"https:\/\/www.gruppoliturgico.com\/es\/","name":"Laboratorio Gruppo Liturgico","description":"Articoli Religiosi online","publisher":{"@id":"https:\/\/www.gruppoliturgico.com\/es\/#organization"},"potentialAction":[{"@type":"SearchAction","target":{"@type":"EntryPoint","urlTemplate":"https:\/\/www.gruppoliturgico.com\/es\/?s={search_term_string}"},"query-input":"required name=search_term_string"}],"inLanguage":"fr-FR"},{"@type":"Organization","@id":"https:\/\/www.gruppoliturgico.com\/es\/#organization","name":"Laboratorio Gruppo Liturgico","url":"https:\/\/www.gruppoliturgico.com\/es\/","logo":{"@type":"ImageObject","inLanguage":"fr-FR","@id":"https:\/\/www.gruppoliturgico.com\/es\/#\/schema\/logo\/image\/","url":"https:\/\/www.gruppoliturgico.com\/wp-content\/uploads\/2022\/02\/logo-laboratoriogruppoliturgico.png","contentUrl":"https:\/\/www.gruppoliturgico.com\/wp-content\/uploads\/2022\/02\/logo-laboratoriogruppoliturgico.png","width":400,"height":114,"caption":"Laboratorio Gruppo Liturgico"},"image":{"@id":"https:\/\/www.gruppoliturgico.com\/es\/#\/schema\/logo\/image\/"}}]}},"_links":{"self":[{"href":"https:\/\/www.gruppoliturgico.com\/fr\/wp-json\/wp\/v2\/product\/71654"}],"collection":[{"href":"https:\/\/www.gruppoliturgico.com\/fr\/wp-json\/wp\/v2\/product"}],"about":[{"href":"https:\/\/www.gruppoliturgico.com\/fr\/wp-json\/wp\/v2\/types\/product"}],"wp:featuredmedia":[{"embeddable":true,"href":"https:\/\/www.gruppoliturgico.com\/fr\/wp-json\/wp\/v2\/media\/137181"}],"wp:attachment":[{"href":"https:\/\/www.gruppoliturgico.com\/fr\/wp-json\/wp\/v2\/media?parent=71654"}],"wp:term":[{"taxonomy":"product_cat","embeddable":true,"href":"https:\/\/www.gruppoliturgico.com\/fr\/wp-json\/wp\/v2\/product_cat?post=71654"},{"taxonomy":"product_tag","embeddable":true,"href":"https:\/\/www.gruppoliturgico.com\/fr\/wp-json\/wp\/v2\/product_tag?post=71654"}],"curies":[{"name":"wp","href":"https:\/\/api.w.org\/{rel}","templated":true}]}}

<html><body><p>Il s’agit d’un modèle très ample et original dans la coupe et dans la forme de l’encolure.<br>
La décoration, la même sur le devant et sur le dos, est réalisée avec un riche et élégant galon de 9 cm.<br>
Caractéristique nuance claire de la teinte violacée, spécialement conçue pour le moment liturgique de l’Avent.</p>
</body></html>

<p>Il s&rsquo;agit d&rsquo;un modèle très ample et original dans la coupe et dans la forme de l&rsquo;encolure.<br />
La décoration, la même sur le devant et sur le dos, est réalisée avec un riche et élégant galon de 9 cm.<br />
Caractéristique nuance claire de la teinte violacée, spécialement conçue pour le moment liturgique de l&rsquo;Avent.</p>

<!-- This site is optimized with the Yoast SEO plugin v20.4 - https://yoast.com/wordpress/plugins/seo/ -->
<title>Chasuble de l&#039;Avent - et Laboratorio Gruppo Liturgico</title>
<meta name="description" content="Il s&#039;agit d&#039;un modèle très ample et original dans la coupe et dans la forme de l&#039;encolure.  La décoration, la même sur le devant et sur le dos, est réalisée avec un riche et élégant galon de 9 cm. Caractéristique nuance claire de la teinte violacée, spécialement conçue pour le moment liturgique de l&#039;Avent." />
<meta name="robots" content="index, follow, max-snippet:-1, max-image-preview:large, max-video-preview:-1" />
<link rel="canonical" href="https://www.gruppoliturgico.com/fr/produit/chasuble-de-lavent-6/" />
<meta property="og:locale" content="fr_FR" />
<meta property="og:type" content="article" />
<meta property="og:title" content="Chasuble de l&#039;Avent - et Laboratorio Gruppo Liturgico" />
<meta property="og:description" content="Il s&#039;agit d&#039;un modèle très ample et original dans la coupe et dans la forme de l&#039;encolure.  La décoration, la même sur le devant et sur le dos, est réalisée avec un riche et élégant galon de 9 cm. Caractéristique nuance claire de la teinte violacée, spécialement conçue pour le moment liturgique de l&#039;Avent." />
<meta property="og:url" content="https://www.gruppoliturgico.com/fr/produit/chasuble-de-lavent-6/" />
<meta property="og:site_name" content="Laboratorio Gruppo Liturgico" />
<meta property="article:modified_time" content="2022-05-20T11:48:18+00:00" />
<meta property="og:image" content="https://www.gruppoliturgico.com/wp-content/uploads/2022/05/2447.rosso20AVVENTO_0.jpg" />
	<meta property="og:image:width" content="1120" />
	<meta property="og:image:height" content="1500" />
	<meta property="og:image:type" content="image/jpeg" />
<meta name="twitter:card" content="summary_large_image" />
<script type="application/ld+json" class="yoast-schema-graph">{"@context":"https://schema.org","@graph":[{"@type":"WebPage","@id":"https://www.gruppoliturgico.com/fr/produit/chasuble-de-lavent-6/","url":"https://www.gruppoliturgico.com/fr/produit/chasuble-de-lavent-6/","name":"Chasuble de l'Avent - et Laboratorio Gruppo Liturgico","isPartOf":{"@id":"https://www.gruppoliturgico.com/es/#website"},"datePublished":"2022-05-20T04:04:35+00:00","dateModified":"2022-05-20T11:48:18+00:00","description":"Il s'agit d'un modèle très ample et original dans la coupe et dans la forme de l'encolure. La décoration, la même sur le devant et sur le dos, est réalisée avec un riche et élégant galon de 9 cm. Caractéristique nuance claire de la teinte violacée, spécialement conçue pour le moment liturgique de l'Avent.","breadcrumb":{"@id":"https://www.gruppoliturgico.com/fr/produit/chasuble-de-lavent-6/#breadcrumb"},"inLanguage":"fr-FR","potentialAction":[{"@type":"ReadAction","target":["https://www.gruppoliturgico.com/fr/produit/chasuble-de-lavent-6/"]}]},{"@type":"BreadcrumbList","@id":"https://www.gruppoliturgico.com/fr/produit/chasuble-de-lavent-6/#breadcrumb","itemListElement":[{"@type":"ListItem","position":1,"name":"Home","item":"https://www.gruppoliturgico.com/fr/"},{"@type":"ListItem","position":2,"name":"Boutique","item":"https://www.gruppoliturgico.com/fr/boutique/"},{"@type":"ListItem","position":3,"name":"Chasuble de l&rsquo;Avent"}]},{"@type":"WebSite","@id":"https://www.gruppoliturgico.com/es/#website","url":"https://www.gruppoliturgico.com/es/","name":"Laboratorio Gruppo Liturgico","description":"Articoli Religiosi online","publisher":{"@id":"https://www.gruppoliturgico.com/es/#organization"},"potentialAction":[{"@type":"SearchAction","target":{"@type":"EntryPoint","urlTemplate":"https://www.gruppoliturgico.com/es/?s={search_term_string}"},"query-input":"required name=search_term_string"}],"inLanguage":"fr-FR"},{"@type":"Organization","@id":"https://www.gruppoliturgico.com/es/#organization","name":"Laboratorio Gruppo Liturgico","url":"https://www.gruppoliturgico.com/es/","logo":{"@type":"ImageObject","inLanguage":"fr-FR","@id":"https://www.gruppoliturgico.com/es/#/schema/logo/image/","url":"https://www.gruppoliturgico.com/wp-content/uploads/2022/02/logo-laboratoriogruppoliturgico.png","contentUrl":"https://www.gruppoliturgico.com/wp-content/uploads/2022/02/logo-laboratoriogruppoliturgico.png","width":400,"height":114,"caption":"Laboratorio Gruppo Liturgico"},"image":{"@id":"https://www.gruppoliturgico.com/es/#/schema/logo/image/"}}]}</script>
<!-- / Yoast SEO plugin. -->

Il s'agit d'un modèle très ample et original dans la coupe et dans la forme de l'encolure.  La décoration, la même sur le devant et sur le dos, est réalisée avec un riche et élégant galon de 9 cm. Caractéristique nuance claire de la teinte violacée, spécialement conçue pour le moment liturgique de l'Avent.

Il s'agit d'un modèle très ample et original dans la coupe et dans la forme de l'encolure. La décoration, la même sur le devant et sur le dos, est réalisée avec un riche et élégant galon de 9 cm. Caractéristique nuance claire de la teinte violacée, spécialement conçue pour le moment liturgique de l'Avent.
