{"id":70606,"date":"2022-05-20T05:13:12","date_gmt":"2022-05-20T03:13:18","guid":{"rendered":"https:\/\/www.gruppoliturgico.com\/prodotto\/dalmatique-11\/"},"modified":"2022-09-19T14:36:31","modified_gmt":"2022-09-19T12:36:31","slug":"dalmatique-11","status":"publish","type":"product","link":"https:\/\/www.gruppoliturgico.com\/fr\/produit\/dalmatique-11\/","title":{"rendered":"Dalmatique"},"content":{"rendered":"<html><body><p>Dalmatique confectionn\u00e9e en tissu tr\u00e8s l\u00e9ger.<br>\nElle pr\u00e9sente la m\u00eame broderie ornementale sur le devant et sur le dos.<br>\nCompl\u00e8te d\u2019\u00e9tole de diacre.<br>\nCaract\u00e9ristique nuance claire de la teinte violac\u00e9e, sp\u00e9cialement con\u00e7ue pour le moment liturgique de l\u2019Avent.<\/p>\n<\/body><\/html>","protected":false},"excerpt":{"rendered":"<p>Dalmatique confectionn\u00e9e en tissu tr\u00e8s l\u00e9ger.<br \/>\nElle pr\u00e9sente la m\u00eame broderie ornementale sur le devant et sur le dos.<br \/>\nCompl\u00e8te d\u2019\u00e9tole de diacre.<br \/>\nCaract\u00e9ristique nuance claire de la teinte violac\u00e9e, sp\u00e9cialement con\u00e7ue pour le moment liturgique de l&rsquo;Avent.<\/p>\n","protected":false},"featured_media":130643,"template":"","meta":[],"product_cat":[12324],"product_tag":[],"yoast_head":"<!-- This site is optimized with the Yoast SEO plugin v20.4 - https:\/\/yoast.com\/wordpress\/plugins\/seo\/ -->\n<title>Dalmatique - dalmatiques et Laboratorio Gruppo Liturgico<\/title>\n<meta name=\"description\" content=\"Dalmatique confectionn\u00e9e en tissu tr\u00e8s l\u00e9ger. Elle pr\u00e9sente la m\u00eame broderie ornementale sur le devant et sur le dos. Compl\u00e8te d\u2019\u00e9tole de diacre. Caract\u00e9ristique nuance claire de la teinte violac\u00e9e, sp\u00e9cialement con\u00e7ue pour le moment liturgique de l&#039;Avent.\" \/>\n<meta name=\"robots\" content=\"index, follow, max-snippet:-1, max-image-preview:large, max-video-preview:-1\" \/>\n<link rel=\"canonical\" href=\"https:\/\/www.gruppoliturgico.com\/fr\/produit\/dalmatique-11\/\" \/>\n<meta property=\"og:locale\" content=\"fr_FR\" \/>\n<meta property=\"og:type\" content=\"article\" \/>\n<meta property=\"og:title\" content=\"Dalmatique - dalmatiques et Laboratorio Gruppo Liturgico\" \/>\n<meta property=\"og:description\" content=\"Dalmatique confectionn\u00e9e en tissu tr\u00e8s l\u00e9ger. Elle pr\u00e9sente la m\u00eame broderie ornementale sur le devant et sur le dos. Compl\u00e8te d\u2019\u00e9tole de diacre. Caract\u00e9ristique nuance claire de la teinte violac\u00e9e, sp\u00e9cialement con\u00e7ue pour le moment liturgique de l&#039;Avent.\" \/>\n<meta property=\"og:url\" content=\"https:\/\/www.gruppoliturgico.com\/fr\/produit\/dalmatique-11\/\" \/>\n<meta property=\"og:site_name\" content=\"Laboratorio Gruppo Liturgico\" \/>\n<meta property=\"article:modified_time\" content=\"2022-09-19T12:36:31+00:00\" \/>\n<meta property=\"og:image\" content=\"https:\/\/www.gruppoliturgico.com\/wp-content\/uploads\/2022\/05\/3511.jpg\" \/>\n\t<meta property=\"og:image:width\" content=\"1050\" \/>\n\t<meta property=\"og:image:height\" content=\"1500\" \/>\n\t<meta property=\"og:image:type\" content=\"image\/jpeg\" \/>\n<meta name=\"twitter:card\" content=\"summary_large_image\" \/>\n<meta name=\"twitter:label1\" content=\"Dur\u00e9e de lecture estim\u00e9e\" \/>\n\t<meta name=\"twitter:data1\" content=\"1 minute\" \/>\n<script type=\"application\/ld+json\" class=\"yoast-schema-graph\">{\"@context\":\"https:\/\/schema.org\",\"@graph\":[{\"@type\":\"WebPage\",\"@id\":\"https:\/\/www.gruppoliturgico.com\/fr\/produit\/dalmatique-11\/\",\"url\":\"https:\/\/www.gruppoliturgico.com\/fr\/produit\/dalmatique-11\/\",\"name\":\"Dalmatique - dalmatiques et Laboratorio Gruppo Liturgico\",\"isPartOf\":{\"@id\":\"https:\/\/www.gruppoliturgico.com\/es\/#website\"},\"datePublished\":\"2022-05-20T03:13:18+00:00\",\"dateModified\":\"2022-09-19T12:36:31+00:00\",\"description\":\"Dalmatique confectionn\u00e9e en tissu tr\u00e8s l\u00e9ger. Elle pr\u00e9sente la m\u00eame broderie ornementale sur le devant et sur le dos. Compl\u00e8te d\u2019\u00e9tole de diacre. Caract\u00e9ristique nuance claire de la teinte violac\u00e9e, sp\u00e9cialement con\u00e7ue pour le moment liturgique de l'Avent.\",\"breadcrumb\":{\"@id\":\"https:\/\/www.gruppoliturgico.com\/fr\/produit\/dalmatique-11\/#breadcrumb\"},\"inLanguage\":\"fr-FR\",\"potentialAction\":[{\"@type\":\"ReadAction\",\"target\":[\"https:\/\/www.gruppoliturgico.com\/fr\/produit\/dalmatique-11\/\"]}]},{\"@type\":\"BreadcrumbList\",\"@id\":\"https:\/\/www.gruppoliturgico.com\/fr\/produit\/dalmatique-11\/#breadcrumb\",\"itemListElement\":[{\"@type\":\"ListItem\",\"position\":1,\"name\":\"Home\",\"item\":\"https:\/\/www.gruppoliturgico.com\/fr\/\"},{\"@type\":\"ListItem\",\"position\":2,\"name\":\"Boutique\",\"item\":\"https:\/\/www.gruppoliturgico.com\/fr\/boutique\/\"},{\"@type\":\"ListItem\",\"position\":3,\"name\":\"Dalmatique\"}]},{\"@type\":\"WebSite\",\"@id\":\"https:\/\/www.gruppoliturgico.com\/es\/#website\",\"url\":\"https:\/\/www.gruppoliturgico.com\/es\/\",\"name\":\"Laboratorio Gruppo Liturgico\",\"description\":\"Articoli Religiosi online\",\"publisher\":{\"@id\":\"https:\/\/www.gruppoliturgico.com\/es\/#organization\"},\"potentialAction\":[{\"@type\":\"SearchAction\",\"target\":{\"@type\":\"EntryPoint\",\"urlTemplate\":\"https:\/\/www.gruppoliturgico.com\/es\/?s={search_term_string}\"},\"query-input\":\"required name=search_term_string\"}],\"inLanguage\":\"fr-FR\"},{\"@type\":\"Organization\",\"@id\":\"https:\/\/www.gruppoliturgico.com\/es\/#organization\",\"name\":\"Laboratorio Gruppo Liturgico\",\"url\":\"https:\/\/www.gruppoliturgico.com\/es\/\",\"logo\":{\"@type\":\"ImageObject\",\"inLanguage\":\"fr-FR\",\"@id\":\"https:\/\/www.gruppoliturgico.com\/es\/#\/schema\/logo\/image\/\",\"url\":\"https:\/\/www.gruppoliturgico.com\/wp-content\/uploads\/2022\/02\/logo-laboratoriogruppoliturgico.png\",\"contentUrl\":\"https:\/\/www.gruppoliturgico.com\/wp-content\/uploads\/2022\/02\/logo-laboratoriogruppoliturgico.png\",\"width\":400,\"height\":114,\"caption\":\"Laboratorio Gruppo Liturgico\"},\"image\":{\"@id\":\"https:\/\/www.gruppoliturgico.com\/es\/#\/schema\/logo\/image\/\"}}]}<\/script>\n<!-- \/ Yoast SEO plugin. -->","yoast_head_json":{"title":"Dalmatique - dalmatiques et Laboratorio Gruppo Liturgico","description":"Dalmatique confectionn\u00e9e en tissu tr\u00e8s l\u00e9ger. Elle pr\u00e9sente la m\u00eame broderie ornementale sur le devant et sur le dos. Compl\u00e8te d\u2019\u00e9tole de diacre. Caract\u00e9ristique nuance claire de la teinte violac\u00e9e, sp\u00e9cialement con\u00e7ue pour le moment liturgique de l'Avent.","robots":{"index":"index","follow":"follow","max-snippet":"max-snippet:-1","max-image-preview":"max-image-preview:large","max-video-preview":"max-video-preview:-1"},"canonical":"https:\/\/www.gruppoliturgico.com\/fr\/produit\/dalmatique-11\/","og_locale":"fr_FR","og_type":"article","og_title":"Dalmatique - dalmatiques et Laboratorio Gruppo Liturgico","og_description":"Dalmatique confectionn\u00e9e en tissu tr\u00e8s l\u00e9ger. Elle pr\u00e9sente la m\u00eame broderie ornementale sur le devant et sur le dos. Compl\u00e8te d\u2019\u00e9tole de diacre. Caract\u00e9ristique nuance claire de la teinte violac\u00e9e, sp\u00e9cialement con\u00e7ue pour le moment liturgique de l'Avent.","og_url":"https:\/\/www.gruppoliturgico.com\/fr\/produit\/dalmatique-11\/","og_site_name":"Laboratorio Gruppo Liturgico","article_modified_time":"2022-09-19T12:36:31+00:00","og_image":[{"width":1050,"height":1500,"url":"https:\/\/www.gruppoliturgico.com\/wp-content\/uploads\/2022\/05\/3511.jpg","type":"image\/jpeg"}],"twitter_card":"summary_large_image","twitter_misc":{"Dur\u00e9e de lecture estim\u00e9e":"1 minute"},"schema":{"@context":"https:\/\/schema.org","@graph":[{"@type":"WebPage","@id":"https:\/\/www.gruppoliturgico.com\/fr\/produit\/dalmatique-11\/","url":"https:\/\/www.gruppoliturgico.com\/fr\/produit\/dalmatique-11\/","name":"Dalmatique - dalmatiques et Laboratorio Gruppo Liturgico","isPartOf":{"@id":"https:\/\/www.gruppoliturgico.com\/es\/#website"},"datePublished":"2022-05-20T03:13:18+00:00","dateModified":"2022-09-19T12:36:31+00:00","description":"Dalmatique confectionn\u00e9e en tissu tr\u00e8s l\u00e9ger. Elle pr\u00e9sente la m\u00eame broderie ornementale sur le devant et sur le dos. Compl\u00e8te d\u2019\u00e9tole de diacre. Caract\u00e9ristique nuance claire de la teinte violac\u00e9e, sp\u00e9cialement con\u00e7ue pour le moment liturgique de l'Avent.","breadcrumb":{"@id":"https:\/\/www.gruppoliturgico.com\/fr\/produit\/dalmatique-11\/#breadcrumb"},"inLanguage":"fr-FR","potentialAction":[{"@type":"ReadAction","target":["https:\/\/www.gruppoliturgico.com\/fr\/produit\/dalmatique-11\/"]}]},{"@type":"BreadcrumbList","@id":"https:\/\/www.gruppoliturgico.com\/fr\/produit\/dalmatique-11\/#breadcrumb","itemListElement":[{"@type":"ListItem","position":1,"name":"Home","item":"https:\/\/www.gruppoliturgico.com\/fr\/"},{"@type":"ListItem","position":2,"name":"Boutique","item":"https:\/\/www.gruppoliturgico.com\/fr\/boutique\/"},{"@type":"ListItem","position":3,"name":"Dalmatique"}]},{"@type":"WebSite","@id":"https:\/\/www.gruppoliturgico.com\/es\/#website","url":"https:\/\/www.gruppoliturgico.com\/es\/","name":"Laboratorio Gruppo Liturgico","description":"Articoli Religiosi online","publisher":{"@id":"https:\/\/www.gruppoliturgico.com\/es\/#organization"},"potentialAction":[{"@type":"SearchAction","target":{"@type":"EntryPoint","urlTemplate":"https:\/\/www.gruppoliturgico.com\/es\/?s={search_term_string}"},"query-input":"required name=search_term_string"}],"inLanguage":"fr-FR"},{"@type":"Organization","@id":"https:\/\/www.gruppoliturgico.com\/es\/#organization","name":"Laboratorio Gruppo Liturgico","url":"https:\/\/www.gruppoliturgico.com\/es\/","logo":{"@type":"ImageObject","inLanguage":"fr-FR","@id":"https:\/\/www.gruppoliturgico.com\/es\/#\/schema\/logo\/image\/","url":"https:\/\/www.gruppoliturgico.com\/wp-content\/uploads\/2022\/02\/logo-laboratoriogruppoliturgico.png","contentUrl":"https:\/\/www.gruppoliturgico.com\/wp-content\/uploads\/2022\/02\/logo-laboratoriogruppoliturgico.png","width":400,"height":114,"caption":"Laboratorio Gruppo Liturgico"},"image":{"@id":"https:\/\/www.gruppoliturgico.com\/es\/#\/schema\/logo\/image\/"}}]}},"_links":{"self":[{"href":"https:\/\/www.gruppoliturgico.com\/fr\/wp-json\/wp\/v2\/product\/70606"}],"collection":[{"href":"https:\/\/www.gruppoliturgico.com\/fr\/wp-json\/wp\/v2\/product"}],"about":[{"href":"https:\/\/www.gruppoliturgico.com\/fr\/wp-json\/wp\/v2\/types\/product"}],"wp:featuredmedia":[{"embeddable":true,"href":"https:\/\/www.gruppoliturgico.com\/fr\/wp-json\/wp\/v2\/media\/130643"}],"wp:attachment":[{"href":"https:\/\/www.gruppoliturgico.com\/fr\/wp-json\/wp\/v2\/media?parent=70606"}],"wp:term":[{"taxonomy":"product_cat","embeddable":true,"href":"https:\/\/www.gruppoliturgico.com\/fr\/wp-json\/wp\/v2\/product_cat?post=70606"},{"taxonomy":"product_tag","embeddable":true,"href":"https:\/\/www.gruppoliturgico.com\/fr\/wp-json\/wp\/v2\/product_tag?post=70606"}],"curies":[{"name":"wp","href":"https:\/\/api.w.org\/{rel}","templated":true}]}}

<html><body><p>Dalmatique confectionnée en tissu très léger.<br>
Elle présente la même broderie ornementale sur le devant et sur le dos.<br>
Complète d’étole de diacre.<br>
Caractéristique nuance claire de la teinte violacée, spécialement conçue pour le moment liturgique de l’Avent.</p>
</body></html>

<p>Dalmatique confectionnée en tissu très léger.<br />
Elle présente la même broderie ornementale sur le devant et sur le dos.<br />
Complète d’étole de diacre.<br />
Caractéristique nuance claire de la teinte violacée, spécialement conçue pour le moment liturgique de l&rsquo;Avent.</p>

<!-- This site is optimized with the Yoast SEO plugin v20.4 - https://yoast.com/wordpress/plugins/seo/ -->
<title>Dalmatique - dalmatiques et Laboratorio Gruppo Liturgico</title>
<meta name="description" content="Dalmatique confectionnée en tissu très léger. Elle présente la même broderie ornementale sur le devant et sur le dos. Complète d’étole de diacre. Caractéristique nuance claire de la teinte violacée, spécialement conçue pour le moment liturgique de l&#039;Avent." />
<meta name="robots" content="index, follow, max-snippet:-1, max-image-preview:large, max-video-preview:-1" />
<link rel="canonical" href="https://www.gruppoliturgico.com/fr/produit/dalmatique-11/" />
<meta property="og:locale" content="fr_FR" />
<meta property="og:type" content="article" />
<meta property="og:title" content="Dalmatique - dalmatiques et Laboratorio Gruppo Liturgico" />
<meta property="og:description" content="Dalmatique confectionnée en tissu très léger. Elle présente la même broderie ornementale sur le devant et sur le dos. Complète d’étole de diacre. Caractéristique nuance claire de la teinte violacée, spécialement conçue pour le moment liturgique de l&#039;Avent." />
<meta property="og:url" content="https://www.gruppoliturgico.com/fr/produit/dalmatique-11/" />
<meta property="og:site_name" content="Laboratorio Gruppo Liturgico" />
<meta property="article:modified_time" content="2022-09-19T12:36:31+00:00" />
<meta property="og:image" content="https://www.gruppoliturgico.com/wp-content/uploads/2022/05/3511.jpg" />
	<meta property="og:image:width" content="1050" />
	<meta property="og:image:height" content="1500" />
	<meta property="og:image:type" content="image/jpeg" />
<meta name="twitter:card" content="summary_large_image" />
<meta name="twitter:label1" content="Durée de lecture estimée" />
	<meta name="twitter:data1" content="1 minute" />
<script type="application/ld+json" class="yoast-schema-graph">{"@context":"https://schema.org","@graph":[{"@type":"WebPage","@id":"https://www.gruppoliturgico.com/fr/produit/dalmatique-11/","url":"https://www.gruppoliturgico.com/fr/produit/dalmatique-11/","name":"Dalmatique - dalmatiques et Laboratorio Gruppo Liturgico","isPartOf":{"@id":"https://www.gruppoliturgico.com/es/#website"},"datePublished":"2022-05-20T03:13:18+00:00","dateModified":"2022-09-19T12:36:31+00:00","description":"Dalmatique confectionnée en tissu très léger. Elle présente la même broderie ornementale sur le devant et sur le dos. Complète d’étole de diacre. Caractéristique nuance claire de la teinte violacée, spécialement conçue pour le moment liturgique de l'Avent.","breadcrumb":{"@id":"https://www.gruppoliturgico.com/fr/produit/dalmatique-11/#breadcrumb"},"inLanguage":"fr-FR","potentialAction":[{"@type":"ReadAction","target":["https://www.gruppoliturgico.com/fr/produit/dalmatique-11/"]}]},{"@type":"BreadcrumbList","@id":"https://www.gruppoliturgico.com/fr/produit/dalmatique-11/#breadcrumb","itemListElement":[{"@type":"ListItem","position":1,"name":"Home","item":"https://www.gruppoliturgico.com/fr/"},{"@type":"ListItem","position":2,"name":"Boutique","item":"https://www.gruppoliturgico.com/fr/boutique/"},{"@type":"ListItem","position":3,"name":"Dalmatique"}]},{"@type":"WebSite","@id":"https://www.gruppoliturgico.com/es/#website","url":"https://www.gruppoliturgico.com/es/","name":"Laboratorio Gruppo Liturgico","description":"Articoli Religiosi online","publisher":{"@id":"https://www.gruppoliturgico.com/es/#organization"},"potentialAction":[{"@type":"SearchAction","target":{"@type":"EntryPoint","urlTemplate":"https://www.gruppoliturgico.com/es/?s={search_term_string}"},"query-input":"required name=search_term_string"}],"inLanguage":"fr-FR"},{"@type":"Organization","@id":"https://www.gruppoliturgico.com/es/#organization","name":"Laboratorio Gruppo Liturgico","url":"https://www.gruppoliturgico.com/es/","logo":{"@type":"ImageObject","inLanguage":"fr-FR","@id":"https://www.gruppoliturgico.com/es/#/schema/logo/image/","url":"https://www.gruppoliturgico.com/wp-content/uploads/2022/02/logo-laboratoriogruppoliturgico.png","contentUrl":"https://www.gruppoliturgico.com/wp-content/uploads/2022/02/logo-laboratoriogruppoliturgico.png","width":400,"height":114,"caption":"Laboratorio Gruppo Liturgico"},"image":{"@id":"https://www.gruppoliturgico.com/es/#/schema/logo/image/"}}]}</script>
<!-- / Yoast SEO plugin. -->

Dalmatique confectionnée en tissu très léger. Elle présente la même broderie ornementale sur le devant et sur le dos. Complète d’étole de diacre. Caractéristique nuance claire de la teinte violacée, spécialement conçue pour le moment liturgique de l'Avent.
