{"id":70342,"date":"2022-05-20T04:59:38","date_gmt":"2022-05-20T02:59:42","guid":{"rendered":"https:\/\/www.gruppoliturgico.com\/prodotto\/baldaquin-4\/"},"modified":"2022-08-27T10:38:50","modified_gmt":"2022-08-27T08:38:50","slug":"baldaquin-4","status":"publish","type":"product","link":"https:\/\/www.gruppoliturgico.com\/fr\/produit\/baldaquin-4\/","title":{"rendered":"Baldaquin"},"content":{"rendered":"<html><body><p>Baldaquin richement brod\u00e9e sur les quatre c\u00f4t\u00e9s avec des symboles liturgiques diff\u00e9rents.<br>\nNous les fabriquons avec un tissu satin\u00e9 de haute qualit\u00e9 avec une finition r\u00e9sistante et imperm\u00e9able.<br>\nDe l\u2019int\u00e9rieur vers le \u00ab\u00a0ciel\u00a0\u00bb est brod\u00e9 le symbole de l\u2019Esprit Saint.<br>\nDisponible en trois dimensions diff\u00e9rentes.<br>\nLes hampes ne sont pas incluses dans le prix.<\/p>\n<\/body><\/html>","protected":false},"excerpt":{"rendered":"<p>Baldaquin richement brod\u00e9e sur les quatre c\u00f4t\u00e9s avec des symboles liturgiques diff\u00e9rents.<br \/>\nNous les fabriquons avec un tissu satin\u00e9 de haute qualit\u00e9 avec une finition r\u00e9sistante et imperm\u00e9able.<br \/>\nDe l\u2019int\u00e9rieur vers le \u00ab\u00a0ciel\u00a0\u00bb est brod\u00e9 le symbole de l\u2019Esprit Saint.<br \/>\nDisponible en trois dimensions diff\u00e9rentes.<br \/>\nLes hampes ne sont pas incluses dans le prix.<\/p>\n","protected":false},"featured_media":80662,"template":"","meta":[],"product_cat":[11756],"product_tag":[],"yoast_head":"<!-- This site is optimized with the Yoast SEO plugin v20.4 - https:\/\/yoast.com\/wordpress\/plugins\/seo\/ -->\n<title>Baldaquin - baldaquins-ombrellino de procession et Laboratorio Gruppo Liturgico<\/title>\n<meta name=\"description\" content=\"Baldaquin richement brod\u00e9e sur les quatre c\u00f4t\u00e9s avec des symboles liturgiques diff\u00e9rents. Nous les fabriquons avec un tissu satin\u00e9 de haute qualit\u00e9 avec une finition r\u00e9sistante et imperm\u00e9able. De l\u2019int\u00e9rieur vers le \u00ab\u00a0ciel\u00a0\u00bb est brod\u00e9 le symbole de l\u2019Esprit Saint. Disponible en trois dimensions diff\u00e9rentes. Les hampes ne sont pas incluses dans le prix.\" \/>\n<meta name=\"robots\" content=\"index, follow, max-snippet:-1, max-image-preview:large, max-video-preview:-1\" \/>\n<link rel=\"canonical\" href=\"https:\/\/www.gruppoliturgico.com\/fr\/produit\/baldaquin-4\/\" \/>\n<meta property=\"og:locale\" content=\"fr_FR\" \/>\n<meta property=\"og:type\" content=\"article\" \/>\n<meta property=\"og:title\" content=\"Baldaquin - baldaquins-ombrellino de procession et Laboratorio Gruppo Liturgico\" \/>\n<meta property=\"og:description\" content=\"Baldaquin richement brod\u00e9e sur les quatre c\u00f4t\u00e9s avec des symboles liturgiques diff\u00e9rents. Nous les fabriquons avec un tissu satin\u00e9 de haute qualit\u00e9 avec une finition r\u00e9sistante et imperm\u00e9able. De l\u2019int\u00e9rieur vers le \u00ab\u00a0ciel\u00a0\u00bb est brod\u00e9 le symbole de l\u2019Esprit Saint. Disponible en trois dimensions diff\u00e9rentes. Les hampes ne sont pas incluses dans le prix.\" \/>\n<meta property=\"og:url\" content=\"https:\/\/www.gruppoliturgico.com\/fr\/produit\/baldaquin-4\/\" \/>\n<meta property=\"og:site_name\" content=\"Laboratorio Gruppo Liturgico\" \/>\n<meta property=\"article:modified_time\" content=\"2022-08-27T08:38:50+00:00\" \/>\n<meta property=\"og:image\" content=\"https:\/\/www.gruppoliturgico.com\/wp-content\/uploads\/2022\/05\/3283201_0.jpg\" \/>\n\t<meta property=\"og:image:width\" content=\"1500\" \/>\n\t<meta property=\"og:image:height\" content=\"1410\" \/>\n\t<meta property=\"og:image:type\" content=\"image\/jpeg\" \/>\n<meta name=\"twitter:card\" content=\"summary_large_image\" \/>\n<meta name=\"twitter:label1\" content=\"Dur\u00e9e de lecture estim\u00e9e\" \/>\n\t<meta name=\"twitter:data1\" content=\"1 minute\" \/>\n<script type=\"application\/ld+json\" class=\"yoast-schema-graph\">{\"@context\":\"https:\/\/schema.org\",\"@graph\":[{\"@type\":\"WebPage\",\"@id\":\"https:\/\/www.gruppoliturgico.com\/fr\/produit\/baldaquin-4\/\",\"url\":\"https:\/\/www.gruppoliturgico.com\/fr\/produit\/baldaquin-4\/\",\"name\":\"Baldaquin - baldaquins-ombrellino de procession et Laboratorio Gruppo Liturgico\",\"isPartOf\":{\"@id\":\"https:\/\/www.gruppoliturgico.com\/es\/#website\"},\"datePublished\":\"2022-05-20T02:59:42+00:00\",\"dateModified\":\"2022-08-27T08:38:50+00:00\",\"description\":\"Baldaquin richement brod\u00e9e sur les quatre c\u00f4t\u00e9s avec des symboles liturgiques diff\u00e9rents. Nous les fabriquons avec un tissu satin\u00e9 de haute qualit\u00e9 avec une finition r\u00e9sistante et imperm\u00e9able. De l\u2019int\u00e9rieur vers le \u00ab\u00a0ciel\u00a0\u00bb est brod\u00e9 le symbole de l\u2019Esprit Saint. Disponible en trois dimensions diff\u00e9rentes. Les hampes ne sont pas incluses dans le prix.\",\"breadcrumb\":{\"@id\":\"https:\/\/www.gruppoliturgico.com\/fr\/produit\/baldaquin-4\/#breadcrumb\"},\"inLanguage\":\"fr-FR\",\"potentialAction\":[{\"@type\":\"ReadAction\",\"target\":[\"https:\/\/www.gruppoliturgico.com\/fr\/produit\/baldaquin-4\/\"]}]},{\"@type\":\"BreadcrumbList\",\"@id\":\"https:\/\/www.gruppoliturgico.com\/fr\/produit\/baldaquin-4\/#breadcrumb\",\"itemListElement\":[{\"@type\":\"ListItem\",\"position\":1,\"name\":\"Home\",\"item\":\"https:\/\/www.gruppoliturgico.com\/fr\/\"},{\"@type\":\"ListItem\",\"position\":2,\"name\":\"Boutique\",\"item\":\"https:\/\/www.gruppoliturgico.com\/fr\/boutique\/\"},{\"@type\":\"ListItem\",\"position\":3,\"name\":\"Baldaquin\"}]},{\"@type\":\"WebSite\",\"@id\":\"https:\/\/www.gruppoliturgico.com\/es\/#website\",\"url\":\"https:\/\/www.gruppoliturgico.com\/es\/\",\"name\":\"Laboratorio Gruppo Liturgico\",\"description\":\"Articoli Religiosi online\",\"publisher\":{\"@id\":\"https:\/\/www.gruppoliturgico.com\/es\/#organization\"},\"potentialAction\":[{\"@type\":\"SearchAction\",\"target\":{\"@type\":\"EntryPoint\",\"urlTemplate\":\"https:\/\/www.gruppoliturgico.com\/es\/?s={search_term_string}\"},\"query-input\":\"required name=search_term_string\"}],\"inLanguage\":\"fr-FR\"},{\"@type\":\"Organization\",\"@id\":\"https:\/\/www.gruppoliturgico.com\/es\/#organization\",\"name\":\"Laboratorio Gruppo Liturgico\",\"url\":\"https:\/\/www.gruppoliturgico.com\/es\/\",\"logo\":{\"@type\":\"ImageObject\",\"inLanguage\":\"fr-FR\",\"@id\":\"https:\/\/www.gruppoliturgico.com\/es\/#\/schema\/logo\/image\/\",\"url\":\"https:\/\/www.gruppoliturgico.com\/wp-content\/uploads\/2022\/02\/logo-laboratoriogruppoliturgico.png\",\"contentUrl\":\"https:\/\/www.gruppoliturgico.com\/wp-content\/uploads\/2022\/02\/logo-laboratoriogruppoliturgico.png\",\"width\":400,\"height\":114,\"caption\":\"Laboratorio Gruppo Liturgico\"},\"image\":{\"@id\":\"https:\/\/www.gruppoliturgico.com\/es\/#\/schema\/logo\/image\/\"}}]}<\/script>\n<!-- \/ Yoast SEO plugin. -->","yoast_head_json":{"title":"Baldaquin - baldaquins-ombrellino de procession et Laboratorio Gruppo Liturgico","description":"Baldaquin richement brod\u00e9e sur les quatre c\u00f4t\u00e9s avec des symboles liturgiques diff\u00e9rents. Nous les fabriquons avec un tissu satin\u00e9 de haute qualit\u00e9 avec une finition r\u00e9sistante et imperm\u00e9able. De l\u2019int\u00e9rieur vers le \u00ab\u00a0ciel\u00a0\u00bb est brod\u00e9 le symbole de l\u2019Esprit Saint. Disponible en trois dimensions diff\u00e9rentes. Les hampes ne sont pas incluses dans le prix.","robots":{"index":"index","follow":"follow","max-snippet":"max-snippet:-1","max-image-preview":"max-image-preview:large","max-video-preview":"max-video-preview:-1"},"canonical":"https:\/\/www.gruppoliturgico.com\/fr\/produit\/baldaquin-4\/","og_locale":"fr_FR","og_type":"article","og_title":"Baldaquin - baldaquins-ombrellino de procession et Laboratorio Gruppo Liturgico","og_description":"Baldaquin richement brod\u00e9e sur les quatre c\u00f4t\u00e9s avec des symboles liturgiques diff\u00e9rents. Nous les fabriquons avec un tissu satin\u00e9 de haute qualit\u00e9 avec une finition r\u00e9sistante et imperm\u00e9able. De l\u2019int\u00e9rieur vers le \u00ab\u00a0ciel\u00a0\u00bb est brod\u00e9 le symbole de l\u2019Esprit Saint. Disponible en trois dimensions diff\u00e9rentes. Les hampes ne sont pas incluses dans le prix.","og_url":"https:\/\/www.gruppoliturgico.com\/fr\/produit\/baldaquin-4\/","og_site_name":"Laboratorio Gruppo Liturgico","article_modified_time":"2022-08-27T08:38:50+00:00","og_image":[{"width":1500,"height":1410,"url":"https:\/\/www.gruppoliturgico.com\/wp-content\/uploads\/2022\/05\/3283201_0.jpg","type":"image\/jpeg"}],"twitter_card":"summary_large_image","twitter_misc":{"Dur\u00e9e de lecture estim\u00e9e":"1 minute"},"schema":{"@context":"https:\/\/schema.org","@graph":[{"@type":"WebPage","@id":"https:\/\/www.gruppoliturgico.com\/fr\/produit\/baldaquin-4\/","url":"https:\/\/www.gruppoliturgico.com\/fr\/produit\/baldaquin-4\/","name":"Baldaquin - baldaquins-ombrellino de procession et Laboratorio Gruppo Liturgico","isPartOf":{"@id":"https:\/\/www.gruppoliturgico.com\/es\/#website"},"datePublished":"2022-05-20T02:59:42+00:00","dateModified":"2022-08-27T08:38:50+00:00","description":"Baldaquin richement brod\u00e9e sur les quatre c\u00f4t\u00e9s avec des symboles liturgiques diff\u00e9rents. Nous les fabriquons avec un tissu satin\u00e9 de haute qualit\u00e9 avec une finition r\u00e9sistante et imperm\u00e9able. De l\u2019int\u00e9rieur vers le \u00ab\u00a0ciel\u00a0\u00bb est brod\u00e9 le symbole de l\u2019Esprit Saint. Disponible en trois dimensions diff\u00e9rentes. Les hampes ne sont pas incluses dans le prix.","breadcrumb":{"@id":"https:\/\/www.gruppoliturgico.com\/fr\/produit\/baldaquin-4\/#breadcrumb"},"inLanguage":"fr-FR","potentialAction":[{"@type":"ReadAction","target":["https:\/\/www.gruppoliturgico.com\/fr\/produit\/baldaquin-4\/"]}]},{"@type":"BreadcrumbList","@id":"https:\/\/www.gruppoliturgico.com\/fr\/produit\/baldaquin-4\/#breadcrumb","itemListElement":[{"@type":"ListItem","position":1,"name":"Home","item":"https:\/\/www.gruppoliturgico.com\/fr\/"},{"@type":"ListItem","position":2,"name":"Boutique","item":"https:\/\/www.gruppoliturgico.com\/fr\/boutique\/"},{"@type":"ListItem","position":3,"name":"Baldaquin"}]},{"@type":"WebSite","@id":"https:\/\/www.gruppoliturgico.com\/es\/#website","url":"https:\/\/www.gruppoliturgico.com\/es\/","name":"Laboratorio Gruppo Liturgico","description":"Articoli Religiosi online","publisher":{"@id":"https:\/\/www.gruppoliturgico.com\/es\/#organization"},"potentialAction":[{"@type":"SearchAction","target":{"@type":"EntryPoint","urlTemplate":"https:\/\/www.gruppoliturgico.com\/es\/?s={search_term_string}"},"query-input":"required name=search_term_string"}],"inLanguage":"fr-FR"},{"@type":"Organization","@id":"https:\/\/www.gruppoliturgico.com\/es\/#organization","name":"Laboratorio Gruppo Liturgico","url":"https:\/\/www.gruppoliturgico.com\/es\/","logo":{"@type":"ImageObject","inLanguage":"fr-FR","@id":"https:\/\/www.gruppoliturgico.com\/es\/#\/schema\/logo\/image\/","url":"https:\/\/www.gruppoliturgico.com\/wp-content\/uploads\/2022\/02\/logo-laboratoriogruppoliturgico.png","contentUrl":"https:\/\/www.gruppoliturgico.com\/wp-content\/uploads\/2022\/02\/logo-laboratoriogruppoliturgico.png","width":400,"height":114,"caption":"Laboratorio Gruppo Liturgico"},"image":{"@id":"https:\/\/www.gruppoliturgico.com\/es\/#\/schema\/logo\/image\/"}}]}},"_links":{"self":[{"href":"https:\/\/www.gruppoliturgico.com\/fr\/wp-json\/wp\/v2\/product\/70342"}],"collection":[{"href":"https:\/\/www.gruppoliturgico.com\/fr\/wp-json\/wp\/v2\/product"}],"about":[{"href":"https:\/\/www.gruppoliturgico.com\/fr\/wp-json\/wp\/v2\/types\/product"}],"wp:featuredmedia":[{"embeddable":true,"href":"https:\/\/www.gruppoliturgico.com\/fr\/wp-json\/wp\/v2\/media\/80662"}],"wp:attachment":[{"href":"https:\/\/www.gruppoliturgico.com\/fr\/wp-json\/wp\/v2\/media?parent=70342"}],"wp:term":[{"taxonomy":"product_cat","embeddable":true,"href":"https:\/\/www.gruppoliturgico.com\/fr\/wp-json\/wp\/v2\/product_cat?post=70342"},{"taxonomy":"product_tag","embeddable":true,"href":"https:\/\/www.gruppoliturgico.com\/fr\/wp-json\/wp\/v2\/product_tag?post=70342"}],"curies":[{"name":"wp","href":"https:\/\/api.w.org\/{rel}","templated":true}]}}

<html><body><p>Baldaquin richement brodée sur les quatre côtés avec des symboles liturgiques différents.<br>
Nous les fabriquons avec un tissu satiné de haute qualité avec une finition résistante et imperméable.<br>
De l’intérieur vers le « ciel » est brodé le symbole de l’Esprit Saint.<br>
Disponible en trois dimensions différentes.<br>
Les hampes ne sont pas incluses dans le prix.</p>
</body></html>

<p>Baldaquin richement brodée sur les quatre côtés avec des symboles liturgiques différents.<br />
Nous les fabriquons avec un tissu satiné de haute qualité avec une finition résistante et imperméable.<br />
De l’intérieur vers le « ciel » est brodé le symbole de l’Esprit Saint.<br />
Disponible en trois dimensions différentes.<br />
Les hampes ne sont pas incluses dans le prix.</p>

<!-- This site is optimized with the Yoast SEO plugin v20.4 - https://yoast.com/wordpress/plugins/seo/ -->
<title>Baldaquin - baldaquins-ombrellino de procession et Laboratorio Gruppo Liturgico</title>
<meta name="description" content="Baldaquin richement brodée sur les quatre côtés avec des symboles liturgiques différents. Nous les fabriquons avec un tissu satiné de haute qualité avec une finition résistante et imperméable. De l’intérieur vers le « ciel » est brodé le symbole de l’Esprit Saint. Disponible en trois dimensions différentes. Les hampes ne sont pas incluses dans le prix." />
<meta name="robots" content="index, follow, max-snippet:-1, max-image-preview:large, max-video-preview:-1" />
<link rel="canonical" href="https://www.gruppoliturgico.com/fr/produit/baldaquin-4/" />
<meta property="og:locale" content="fr_FR" />
<meta property="og:type" content="article" />
<meta property="og:title" content="Baldaquin - baldaquins-ombrellino de procession et Laboratorio Gruppo Liturgico" />
<meta property="og:description" content="Baldaquin richement brodée sur les quatre côtés avec des symboles liturgiques différents. Nous les fabriquons avec un tissu satiné de haute qualité avec une finition résistante et imperméable. De l’intérieur vers le « ciel » est brodé le symbole de l’Esprit Saint. Disponible en trois dimensions différentes. Les hampes ne sont pas incluses dans le prix." />
<meta property="og:url" content="https://www.gruppoliturgico.com/fr/produit/baldaquin-4/" />
<meta property="og:site_name" content="Laboratorio Gruppo Liturgico" />
<meta property="article:modified_time" content="2022-08-27T08:38:50+00:00" />
<meta property="og:image" content="https://www.gruppoliturgico.com/wp-content/uploads/2022/05/3283201_0.jpg" />
	<meta property="og:image:width" content="1500" />
	<meta property="og:image:height" content="1410" />
	<meta property="og:image:type" content="image/jpeg" />
<meta name="twitter:card" content="summary_large_image" />
<meta name="twitter:label1" content="Durée de lecture estimée" />
	<meta name="twitter:data1" content="1 minute" />
<script type="application/ld+json" class="yoast-schema-graph">{"@context":"https://schema.org","@graph":[{"@type":"WebPage","@id":"https://www.gruppoliturgico.com/fr/produit/baldaquin-4/","url":"https://www.gruppoliturgico.com/fr/produit/baldaquin-4/","name":"Baldaquin - baldaquins-ombrellino de procession et Laboratorio Gruppo Liturgico","isPartOf":{"@id":"https://www.gruppoliturgico.com/es/#website"},"datePublished":"2022-05-20T02:59:42+00:00","dateModified":"2022-08-27T08:38:50+00:00","description":"Baldaquin richement brodée sur les quatre côtés avec des symboles liturgiques différents. Nous les fabriquons avec un tissu satiné de haute qualité avec une finition résistante et imperméable. De l’intérieur vers le « ciel » est brodé le symbole de l’Esprit Saint. Disponible en trois dimensions différentes. Les hampes ne sont pas incluses dans le prix.","breadcrumb":{"@id":"https://www.gruppoliturgico.com/fr/produit/baldaquin-4/#breadcrumb"},"inLanguage":"fr-FR","potentialAction":[{"@type":"ReadAction","target":["https://www.gruppoliturgico.com/fr/produit/baldaquin-4/"]}]},{"@type":"BreadcrumbList","@id":"https://www.gruppoliturgico.com/fr/produit/baldaquin-4/#breadcrumb","itemListElement":[{"@type":"ListItem","position":1,"name":"Home","item":"https://www.gruppoliturgico.com/fr/"},{"@type":"ListItem","position":2,"name":"Boutique","item":"https://www.gruppoliturgico.com/fr/boutique/"},{"@type":"ListItem","position":3,"name":"Baldaquin"}]},{"@type":"WebSite","@id":"https://www.gruppoliturgico.com/es/#website","url":"https://www.gruppoliturgico.com/es/","name":"Laboratorio Gruppo Liturgico","description":"Articoli Religiosi online","publisher":{"@id":"https://www.gruppoliturgico.com/es/#organization"},"potentialAction":[{"@type":"SearchAction","target":{"@type":"EntryPoint","urlTemplate":"https://www.gruppoliturgico.com/es/?s={search_term_string}"},"query-input":"required name=search_term_string"}],"inLanguage":"fr-FR"},{"@type":"Organization","@id":"https://www.gruppoliturgico.com/es/#organization","name":"Laboratorio Gruppo Liturgico","url":"https://www.gruppoliturgico.com/es/","logo":{"@type":"ImageObject","inLanguage":"fr-FR","@id":"https://www.gruppoliturgico.com/es/#/schema/logo/image/","url":"https://www.gruppoliturgico.com/wp-content/uploads/2022/02/logo-laboratoriogruppoliturgico.png","contentUrl":"https://www.gruppoliturgico.com/wp-content/uploads/2022/02/logo-laboratoriogruppoliturgico.png","width":400,"height":114,"caption":"Laboratorio Gruppo Liturgico"},"image":{"@id":"https://www.gruppoliturgico.com/es/#/schema/logo/image/"}}]}</script>
<!-- / Yoast SEO plugin. -->

Baldaquin richement brodée sur les quatre côtés avec des symboles liturgiques différents. Nous les fabriquons avec un tissu satiné de haute qualité avec une finition résistante et imperméable. De l’intérieur vers le « ciel » est brodé le symbole de l’Esprit Saint. Disponible en trois dimensions différentes. Les hampes ne sont pas incluses dans le prix.
