{"id":70018,"date":"2022-05-20T04:44:00","date_gmt":"2022-05-20T02:44:39","guid":{"rendered":"https:\/\/www.gruppoliturgico.com\/prodotto\/dalmatique-9\/"},"modified":"2024-12-09T09:01:18","modified_gmt":"2024-12-09T08:01:18","slug":"dalmatique-9","status":"publish","type":"product","link":"https:\/\/www.gruppoliturgico.com\/fr\/produit\/dalmatique-9\/","title":{"rendered":"Dalmatique"},"content":{"rendered":"<html><body><p>dalmatique confectionn\u00e9e en tissu tr\u00e8s l\u00e9ger.<br>\nTr\u00e8s indiqu\u00e9e pour l\u2019usage quotidien, produite artisanalement en Italie, elle pr\u00e9sente la m\u00eame broderie ornementale sur le devant et sur le dos.<br>\nCompl\u00e8te d\u2019\u00e9tole de diacre.<br>\nDisponible dans les coloris Liturgiques, en rose et en violet pour l\u2019Avent..<\/p>\n<\/body><\/html>","protected":false},"excerpt":{"rendered":"<p>dalmatique confectionn\u00e9e en tissu tr\u00e8s l\u00e9ger.<br \/>\nTr\u00e8s indiqu\u00e9e pour l&rsquo;usage quotidien, produite artisanalement en Italie, elle pr\u00e9sente la m\u00eame broderie ornementale sur le devant et sur le dos.<br \/>\nCompl\u00e8te d&rsquo;\u00e9tole de diacre.<br \/>\nDisponible dans les coloris Liturgiques, en rose et en violet pour l\u2019Avent.<\/p>\n","protected":false},"featured_media":130671,"template":"","meta":[],"product_cat":[12324],"product_tag":[],"yoast_head":"<!-- This site is optimized with the Yoast SEO plugin v20.4 - https:\/\/yoast.com\/wordpress\/plugins\/seo\/ -->\n<title>Dalmatique - dalmatiques et Laboratorio Gruppo Liturgico<\/title>\n<meta name=\"description\" content=\"dalmatique confectionn\u00e9e en tissu tr\u00e8s l\u00e9ger. Tr\u00e8s indiqu\u00e9e pour l&#039;usage quotidien, produite artisanalement en Italie, elle pr\u00e9sente la m\u00eame broderie ornementale sur le devant et sur le dos. Compl\u00e8te d&#039;\u00e9tole de diacre. Disponible dans les coloris Liturgiques, en rose et en violet pour l\u2019Avent.\" \/>\n<meta name=\"robots\" content=\"index, follow, max-snippet:-1, max-image-preview:large, max-video-preview:-1\" \/>\n<link rel=\"canonical\" href=\"https:\/\/www.gruppoliturgico.com\/fr\/produit\/dalmatique-9\/\" \/>\n<meta property=\"og:locale\" content=\"fr_FR\" \/>\n<meta property=\"og:type\" content=\"article\" \/>\n<meta property=\"og:title\" content=\"Dalmatique - dalmatiques et Laboratorio Gruppo Liturgico\" \/>\n<meta property=\"og:description\" content=\"dalmatique confectionn\u00e9e en tissu tr\u00e8s l\u00e9ger. Tr\u00e8s indiqu\u00e9e pour l&#039;usage quotidien, produite artisanalement en Italie, elle pr\u00e9sente la m\u00eame broderie ornementale sur le devant et sur le dos. Compl\u00e8te d&#039;\u00e9tole de diacre. Disponible dans les coloris Liturgiques, en rose et en violet pour l\u2019Avent.\" \/>\n<meta property=\"og:url\" content=\"https:\/\/www.gruppoliturgico.com\/fr\/produit\/dalmatique-9\/\" \/>\n<meta property=\"og:site_name\" content=\"Laboratorio Gruppo Liturgico\" \/>\n<meta property=\"article:modified_time\" content=\"2024-12-09T08:01:18+00:00\" \/>\n<meta property=\"og:image\" content=\"https:\/\/www.gruppoliturgico.com\/wp-content\/uploads\/2022\/05\/3511rit_inPixio.jpg\" \/>\n\t<meta property=\"og:image:width\" content=\"1243\" \/>\n\t<meta property=\"og:image:height\" content=\"2000\" \/>\n\t<meta property=\"og:image:type\" content=\"image\/jpeg\" \/>\n<meta name=\"twitter:card\" content=\"summary_large_image\" \/>\n<script type=\"application\/ld+json\" class=\"yoast-schema-graph\">{\"@context\":\"https:\/\/schema.org\",\"@graph\":[{\"@type\":\"WebPage\",\"@id\":\"https:\/\/www.gruppoliturgico.com\/fr\/produit\/dalmatique-9\/\",\"url\":\"https:\/\/www.gruppoliturgico.com\/fr\/produit\/dalmatique-9\/\",\"name\":\"Dalmatique - dalmatiques et Laboratorio Gruppo Liturgico\",\"isPartOf\":{\"@id\":\"https:\/\/www.gruppoliturgico.com\/es\/#website\"},\"datePublished\":\"2022-05-20T02:44:39+00:00\",\"dateModified\":\"2024-12-09T08:01:18+00:00\",\"description\":\"dalmatique confectionn\u00e9e en tissu tr\u00e8s l\u00e9ger. Tr\u00e8s indiqu\u00e9e pour l'usage quotidien, produite artisanalement en Italie, elle pr\u00e9sente la m\u00eame broderie ornementale sur le devant et sur le dos. Compl\u00e8te d'\u00e9tole de diacre. Disponible dans les coloris Liturgiques, en rose et en violet pour l\u2019Avent.\",\"breadcrumb\":{\"@id\":\"https:\/\/www.gruppoliturgico.com\/fr\/produit\/dalmatique-9\/#breadcrumb\"},\"inLanguage\":\"fr-FR\",\"potentialAction\":[{\"@type\":\"ReadAction\",\"target\":[\"https:\/\/www.gruppoliturgico.com\/fr\/produit\/dalmatique-9\/\"]}]},{\"@type\":\"BreadcrumbList\",\"@id\":\"https:\/\/www.gruppoliturgico.com\/fr\/produit\/dalmatique-9\/#breadcrumb\",\"itemListElement\":[{\"@type\":\"ListItem\",\"position\":1,\"name\":\"Home\",\"item\":\"https:\/\/www.gruppoliturgico.com\/fr\/\"},{\"@type\":\"ListItem\",\"position\":2,\"name\":\"Boutique\",\"item\":\"https:\/\/www.gruppoliturgico.com\/fr\/boutique\/\"},{\"@type\":\"ListItem\",\"position\":3,\"name\":\"Dalmatique\"}]},{\"@type\":\"WebSite\",\"@id\":\"https:\/\/www.gruppoliturgico.com\/es\/#website\",\"url\":\"https:\/\/www.gruppoliturgico.com\/es\/\",\"name\":\"Laboratorio Gruppo Liturgico\",\"description\":\"Articoli Religiosi online\",\"publisher\":{\"@id\":\"https:\/\/www.gruppoliturgico.com\/es\/#organization\"},\"potentialAction\":[{\"@type\":\"SearchAction\",\"target\":{\"@type\":\"EntryPoint\",\"urlTemplate\":\"https:\/\/www.gruppoliturgico.com\/es\/?s={search_term_string}\"},\"query-input\":\"required name=search_term_string\"}],\"inLanguage\":\"fr-FR\"},{\"@type\":\"Organization\",\"@id\":\"https:\/\/www.gruppoliturgico.com\/es\/#organization\",\"name\":\"Laboratorio Gruppo Liturgico\",\"url\":\"https:\/\/www.gruppoliturgico.com\/es\/\",\"logo\":{\"@type\":\"ImageObject\",\"inLanguage\":\"fr-FR\",\"@id\":\"https:\/\/www.gruppoliturgico.com\/es\/#\/schema\/logo\/image\/\",\"url\":\"https:\/\/www.gruppoliturgico.com\/wp-content\/uploads\/2022\/02\/logo-laboratoriogruppoliturgico.png\",\"contentUrl\":\"https:\/\/www.gruppoliturgico.com\/wp-content\/uploads\/2022\/02\/logo-laboratoriogruppoliturgico.png\",\"width\":400,\"height\":114,\"caption\":\"Laboratorio Gruppo Liturgico\"},\"image\":{\"@id\":\"https:\/\/www.gruppoliturgico.com\/es\/#\/schema\/logo\/image\/\"}}]}<\/script>\n<!-- \/ Yoast SEO plugin. -->","yoast_head_json":{"title":"Dalmatique - dalmatiques et Laboratorio Gruppo Liturgico","description":"dalmatique confectionn\u00e9e en tissu tr\u00e8s l\u00e9ger. Tr\u00e8s indiqu\u00e9e pour l'usage quotidien, produite artisanalement en Italie, elle pr\u00e9sente la m\u00eame broderie ornementale sur le devant et sur le dos. Compl\u00e8te d'\u00e9tole de diacre. Disponible dans les coloris Liturgiques, en rose et en violet pour l\u2019Avent.","robots":{"index":"index","follow":"follow","max-snippet":"max-snippet:-1","max-image-preview":"max-image-preview:large","max-video-preview":"max-video-preview:-1"},"canonical":"https:\/\/www.gruppoliturgico.com\/fr\/produit\/dalmatique-9\/","og_locale":"fr_FR","og_type":"article","og_title":"Dalmatique - dalmatiques et Laboratorio Gruppo Liturgico","og_description":"dalmatique confectionn\u00e9e en tissu tr\u00e8s l\u00e9ger. Tr\u00e8s indiqu\u00e9e pour l'usage quotidien, produite artisanalement en Italie, elle pr\u00e9sente la m\u00eame broderie ornementale sur le devant et sur le dos. Compl\u00e8te d'\u00e9tole de diacre. Disponible dans les coloris Liturgiques, en rose et en violet pour l\u2019Avent.","og_url":"https:\/\/www.gruppoliturgico.com\/fr\/produit\/dalmatique-9\/","og_site_name":"Laboratorio Gruppo Liturgico","article_modified_time":"2024-12-09T08:01:18+00:00","og_image":[{"width":1243,"height":2000,"url":"https:\/\/www.gruppoliturgico.com\/wp-content\/uploads\/2022\/05\/3511rit_inPixio.jpg","type":"image\/jpeg"}],"twitter_card":"summary_large_image","schema":{"@context":"https:\/\/schema.org","@graph":[{"@type":"WebPage","@id":"https:\/\/www.gruppoliturgico.com\/fr\/produit\/dalmatique-9\/","url":"https:\/\/www.gruppoliturgico.com\/fr\/produit\/dalmatique-9\/","name":"Dalmatique - dalmatiques et Laboratorio Gruppo Liturgico","isPartOf":{"@id":"https:\/\/www.gruppoliturgico.com\/es\/#website"},"datePublished":"2022-05-20T02:44:39+00:00","dateModified":"2024-12-09T08:01:18+00:00","description":"dalmatique confectionn\u00e9e en tissu tr\u00e8s l\u00e9ger. Tr\u00e8s indiqu\u00e9e pour l'usage quotidien, produite artisanalement en Italie, elle pr\u00e9sente la m\u00eame broderie ornementale sur le devant et sur le dos. Compl\u00e8te d'\u00e9tole de diacre. Disponible dans les coloris Liturgiques, en rose et en violet pour l\u2019Avent.","breadcrumb":{"@id":"https:\/\/www.gruppoliturgico.com\/fr\/produit\/dalmatique-9\/#breadcrumb"},"inLanguage":"fr-FR","potentialAction":[{"@type":"ReadAction","target":["https:\/\/www.gruppoliturgico.com\/fr\/produit\/dalmatique-9\/"]}]},{"@type":"BreadcrumbList","@id":"https:\/\/www.gruppoliturgico.com\/fr\/produit\/dalmatique-9\/#breadcrumb","itemListElement":[{"@type":"ListItem","position":1,"name":"Home","item":"https:\/\/www.gruppoliturgico.com\/fr\/"},{"@type":"ListItem","position":2,"name":"Boutique","item":"https:\/\/www.gruppoliturgico.com\/fr\/boutique\/"},{"@type":"ListItem","position":3,"name":"Dalmatique"}]},{"@type":"WebSite","@id":"https:\/\/www.gruppoliturgico.com\/es\/#website","url":"https:\/\/www.gruppoliturgico.com\/es\/","name":"Laboratorio Gruppo Liturgico","description":"Articoli Religiosi online","publisher":{"@id":"https:\/\/www.gruppoliturgico.com\/es\/#organization"},"potentialAction":[{"@type":"SearchAction","target":{"@type":"EntryPoint","urlTemplate":"https:\/\/www.gruppoliturgico.com\/es\/?s={search_term_string}"},"query-input":"required name=search_term_string"}],"inLanguage":"fr-FR"},{"@type":"Organization","@id":"https:\/\/www.gruppoliturgico.com\/es\/#organization","name":"Laboratorio Gruppo Liturgico","url":"https:\/\/www.gruppoliturgico.com\/es\/","logo":{"@type":"ImageObject","inLanguage":"fr-FR","@id":"https:\/\/www.gruppoliturgico.com\/es\/#\/schema\/logo\/image\/","url":"https:\/\/www.gruppoliturgico.com\/wp-content\/uploads\/2022\/02\/logo-laboratoriogruppoliturgico.png","contentUrl":"https:\/\/www.gruppoliturgico.com\/wp-content\/uploads\/2022\/02\/logo-laboratoriogruppoliturgico.png","width":400,"height":114,"caption":"Laboratorio Gruppo Liturgico"},"image":{"@id":"https:\/\/www.gruppoliturgico.com\/es\/#\/schema\/logo\/image\/"}}]}},"_links":{"self":[{"href":"https:\/\/www.gruppoliturgico.com\/fr\/wp-json\/wp\/v2\/product\/70018"}],"collection":[{"href":"https:\/\/www.gruppoliturgico.com\/fr\/wp-json\/wp\/v2\/product"}],"about":[{"href":"https:\/\/www.gruppoliturgico.com\/fr\/wp-json\/wp\/v2\/types\/product"}],"wp:featuredmedia":[{"embeddable":true,"href":"https:\/\/www.gruppoliturgico.com\/fr\/wp-json\/wp\/v2\/media\/130671"}],"wp:attachment":[{"href":"https:\/\/www.gruppoliturgico.com\/fr\/wp-json\/wp\/v2\/media?parent=70018"}],"wp:term":[{"taxonomy":"product_cat","embeddable":true,"href":"https:\/\/www.gruppoliturgico.com\/fr\/wp-json\/wp\/v2\/product_cat?post=70018"},{"taxonomy":"product_tag","embeddable":true,"href":"https:\/\/www.gruppoliturgico.com\/fr\/wp-json\/wp\/v2\/product_tag?post=70018"}],"curies":[{"name":"wp","href":"https:\/\/api.w.org\/{rel}","templated":true}]}}

<html><body><p>dalmatique confectionnée en tissu très léger.<br>
Très indiquée pour l’usage quotidien, produite artisanalement en Italie, elle présente la même broderie ornementale sur le devant et sur le dos.<br>
Complète d’étole de diacre.<br>
Disponible dans les coloris Liturgiques, en rose et en violet pour l’Avent..</p>
</body></html>

<p>dalmatique confectionnée en tissu très léger.<br />
Très indiquée pour l&rsquo;usage quotidien, produite artisanalement en Italie, elle présente la même broderie ornementale sur le devant et sur le dos.<br />
Complète d&rsquo;étole de diacre.<br />
Disponible dans les coloris Liturgiques, en rose et en violet pour l’Avent.</p>

<!-- This site is optimized with the Yoast SEO plugin v20.4 - https://yoast.com/wordpress/plugins/seo/ -->
<title>Dalmatique - dalmatiques et Laboratorio Gruppo Liturgico</title>
<meta name="description" content="dalmatique confectionnée en tissu très léger. Très indiquée pour l&#039;usage quotidien, produite artisanalement en Italie, elle présente la même broderie ornementale sur le devant et sur le dos. Complète d&#039;étole de diacre. Disponible dans les coloris Liturgiques, en rose et en violet pour l’Avent." />
<meta name="robots" content="index, follow, max-snippet:-1, max-image-preview:large, max-video-preview:-1" />
<link rel="canonical" href="https://www.gruppoliturgico.com/fr/produit/dalmatique-9/" />
<meta property="og:locale" content="fr_FR" />
<meta property="og:type" content="article" />
<meta property="og:title" content="Dalmatique - dalmatiques et Laboratorio Gruppo Liturgico" />
<meta property="og:description" content="dalmatique confectionnée en tissu très léger. Très indiquée pour l&#039;usage quotidien, produite artisanalement en Italie, elle présente la même broderie ornementale sur le devant et sur le dos. Complète d&#039;étole de diacre. Disponible dans les coloris Liturgiques, en rose et en violet pour l’Avent." />
<meta property="og:url" content="https://www.gruppoliturgico.com/fr/produit/dalmatique-9/" />
<meta property="og:site_name" content="Laboratorio Gruppo Liturgico" />
<meta property="article:modified_time" content="2024-12-09T08:01:18+00:00" />
<meta property="og:image" content="https://www.gruppoliturgico.com/wp-content/uploads/2022/05/3511rit_inPixio.jpg" />
	<meta property="og:image:width" content="1243" />
	<meta property="og:image:height" content="2000" />
	<meta property="og:image:type" content="image/jpeg" />
<meta name="twitter:card" content="summary_large_image" />
<script type="application/ld+json" class="yoast-schema-graph">{"@context":"https://schema.org","@graph":[{"@type":"WebPage","@id":"https://www.gruppoliturgico.com/fr/produit/dalmatique-9/","url":"https://www.gruppoliturgico.com/fr/produit/dalmatique-9/","name":"Dalmatique - dalmatiques et Laboratorio Gruppo Liturgico","isPartOf":{"@id":"https://www.gruppoliturgico.com/es/#website"},"datePublished":"2022-05-20T02:44:39+00:00","dateModified":"2024-12-09T08:01:18+00:00","description":"dalmatique confectionnée en tissu très léger. Très indiquée pour l'usage quotidien, produite artisanalement en Italie, elle présente la même broderie ornementale sur le devant et sur le dos. Complète d'étole de diacre. Disponible dans les coloris Liturgiques, en rose et en violet pour l’Avent.","breadcrumb":{"@id":"https://www.gruppoliturgico.com/fr/produit/dalmatique-9/#breadcrumb"},"inLanguage":"fr-FR","potentialAction":[{"@type":"ReadAction","target":["https://www.gruppoliturgico.com/fr/produit/dalmatique-9/"]}]},{"@type":"BreadcrumbList","@id":"https://www.gruppoliturgico.com/fr/produit/dalmatique-9/#breadcrumb","itemListElement":[{"@type":"ListItem","position":1,"name":"Home","item":"https://www.gruppoliturgico.com/fr/"},{"@type":"ListItem","position":2,"name":"Boutique","item":"https://www.gruppoliturgico.com/fr/boutique/"},{"@type":"ListItem","position":3,"name":"Dalmatique"}]},{"@type":"WebSite","@id":"https://www.gruppoliturgico.com/es/#website","url":"https://www.gruppoliturgico.com/es/","name":"Laboratorio Gruppo Liturgico","description":"Articoli Religiosi online","publisher":{"@id":"https://www.gruppoliturgico.com/es/#organization"},"potentialAction":[{"@type":"SearchAction","target":{"@type":"EntryPoint","urlTemplate":"https://www.gruppoliturgico.com/es/?s={search_term_string}"},"query-input":"required name=search_term_string"}],"inLanguage":"fr-FR"},{"@type":"Organization","@id":"https://www.gruppoliturgico.com/es/#organization","name":"Laboratorio Gruppo Liturgico","url":"https://www.gruppoliturgico.com/es/","logo":{"@type":"ImageObject","inLanguage":"fr-FR","@id":"https://www.gruppoliturgico.com/es/#/schema/logo/image/","url":"https://www.gruppoliturgico.com/wp-content/uploads/2022/02/logo-laboratoriogruppoliturgico.png","contentUrl":"https://www.gruppoliturgico.com/wp-content/uploads/2022/02/logo-laboratoriogruppoliturgico.png","width":400,"height":114,"caption":"Laboratorio Gruppo Liturgico"},"image":{"@id":"https://www.gruppoliturgico.com/es/#/schema/logo/image/"}}]}</script>
<!-- / Yoast SEO plugin. -->

dalmatique confectionnée en tissu très léger. Très indiquée pour l'usage quotidien, produite artisanalement en Italie, elle présente la même broderie ornementale sur le devant et sur le dos. Complète d'étole de diacre. Disponible dans les coloris Liturgiques, en rose et en violet pour l’Avent.
