{"id":68115,"date":"2022-05-20T03:06:50","date_gmt":"2022-05-20T01:06:56","guid":{"rendered":"https:\/\/www.gruppoliturgico.com\/prodotto\/ombrellino-de-procession\/"},"modified":"2022-05-20T10:55:31","modified_gmt":"2022-05-20T08:55:31","slug":"ombrellino-de-procession","status":"publish","type":"product","link":"https:\/\/www.gruppoliturgico.com\/fr\/produit\/ombrellino-de-procession\/","title":{"rendered":"ombrellino de procession"},"content":{"rendered":"<html><body><p>Ombrellino de procession confectionn\u00e9 avec un pr\u00e9cieux tissu lampasso, il est enti\u00e8rement orn\u00e9 d\u2019une frange dor\u00e9e haute et pr\u00e9cieuse et compl\u00e9t\u00e9 d\u2019une passementerie de grande valeur.<br>\nCh\u00e2ssis en bois artisanal.<br>\nDiam\u00e8tre cm 100. <\/p>\n<\/body><\/html>","protected":false},"excerpt":{"rendered":"<p>Ombrellino de procession confectionn\u00e9 avec un pr\u00e9cieux tissu lampasso, il est enti\u00e8rement orn\u00e9 d&rsquo;une frange dor\u00e9e haute et pr\u00e9cieuse et compl\u00e9t\u00e9 d&rsquo;une passementerie de grande valeur.<br \/>\nCh\u00e2ssis en bois artisanal.<br \/>\nDiam\u00e8tre cm 100. <\/p>\n","protected":false},"featured_media":130703,"template":"","meta":[],"product_cat":[11756],"product_tag":[],"yoast_head":"<!-- This site is optimized with the Yoast SEO plugin v20.4 - https:\/\/yoast.com\/wordpress\/plugins\/seo\/ -->\n<title>ombrellino de procession - baldaquins-ombrellino de procession et Laboratorio Gruppo Liturgico<\/title>\n<meta name=\"description\" content=\"Ombrellino de procession confectionn\u00e9 avec un pr\u00e9cieux tissu lampasso, il est enti\u00e8rement orn\u00e9 d&#039;une frange dor\u00e9e haute et pr\u00e9cieuse et compl\u00e9t\u00e9 d&#039;une passementerie de grande valeur.  Ch\u00e2ssis en bois artisanal.  Diam\u00e8tre cm 100.\" \/>\n<meta name=\"robots\" content=\"index, follow, max-snippet:-1, max-image-preview:large, max-video-preview:-1\" \/>\n<link rel=\"canonical\" href=\"https:\/\/www.gruppoliturgico.com\/fr\/produit\/ombrellino-de-procession\/\" \/>\n<meta property=\"og:locale\" content=\"fr_FR\" \/>\n<meta property=\"og:type\" content=\"article\" \/>\n<meta property=\"og:title\" content=\"ombrellino de procession - baldaquins-ombrellino de procession et Laboratorio Gruppo Liturgico\" \/>\n<meta property=\"og:description\" content=\"Ombrellino de procession confectionn\u00e9 avec un pr\u00e9cieux tissu lampasso, il est enti\u00e8rement orn\u00e9 d&#039;une frange dor\u00e9e haute et pr\u00e9cieuse et compl\u00e9t\u00e9 d&#039;une passementerie de grande valeur.  Ch\u00e2ssis en bois artisanal.  Diam\u00e8tre cm 100.\" \/>\n<meta property=\"og:url\" content=\"https:\/\/www.gruppoliturgico.com\/fr\/produit\/ombrellino-de-procession\/\" \/>\n<meta property=\"og:site_name\" content=\"Laboratorio Gruppo Liturgico\" \/>\n<meta property=\"article:modified_time\" content=\"2022-05-20T08:55:31+00:00\" \/>\n<meta property=\"og:image\" content=\"https:\/\/www.gruppoliturgico.com\/wp-content\/uploads\/2022\/05\/ombrello_inPixio.jpg\" \/>\n\t<meta property=\"og:image:width\" content=\"1304\" \/>\n\t<meta property=\"og:image:height\" content=\"2000\" \/>\n\t<meta property=\"og:image:type\" content=\"image\/jpeg\" \/>\n<meta name=\"twitter:card\" content=\"summary_large_image\" \/>\n<script type=\"application\/ld+json\" class=\"yoast-schema-graph\">{\"@context\":\"https:\/\/schema.org\",\"@graph\":[{\"@type\":\"WebPage\",\"@id\":\"https:\/\/www.gruppoliturgico.com\/fr\/produit\/ombrellino-de-procession\/\",\"url\":\"https:\/\/www.gruppoliturgico.com\/fr\/produit\/ombrellino-de-procession\/\",\"name\":\"ombrellino de procession - baldaquins-ombrellino de procession et Laboratorio Gruppo Liturgico\",\"isPartOf\":{\"@id\":\"https:\/\/www.gruppoliturgico.com\/es\/#website\"},\"datePublished\":\"2022-05-20T01:06:56+00:00\",\"dateModified\":\"2022-05-20T08:55:31+00:00\",\"description\":\"Ombrellino de procession confectionn\u00e9 avec un pr\u00e9cieux tissu lampasso, il est enti\u00e8rement orn\u00e9 d'une frange dor\u00e9e haute et pr\u00e9cieuse et compl\u00e9t\u00e9 d'une passementerie de grande valeur. Ch\u00e2ssis en bois artisanal. Diam\u00e8tre cm 100.\",\"breadcrumb\":{\"@id\":\"https:\/\/www.gruppoliturgico.com\/fr\/produit\/ombrellino-de-procession\/#breadcrumb\"},\"inLanguage\":\"fr-FR\",\"potentialAction\":[{\"@type\":\"ReadAction\",\"target\":[\"https:\/\/www.gruppoliturgico.com\/fr\/produit\/ombrellino-de-procession\/\"]}]},{\"@type\":\"BreadcrumbList\",\"@id\":\"https:\/\/www.gruppoliturgico.com\/fr\/produit\/ombrellino-de-procession\/#breadcrumb\",\"itemListElement\":[{\"@type\":\"ListItem\",\"position\":1,\"name\":\"Home\",\"item\":\"https:\/\/www.gruppoliturgico.com\/fr\/\"},{\"@type\":\"ListItem\",\"position\":2,\"name\":\"Boutique\",\"item\":\"https:\/\/www.gruppoliturgico.com\/fr\/boutique\/\"},{\"@type\":\"ListItem\",\"position\":3,\"name\":\"ombrellino de procession\"}]},{\"@type\":\"WebSite\",\"@id\":\"https:\/\/www.gruppoliturgico.com\/es\/#website\",\"url\":\"https:\/\/www.gruppoliturgico.com\/es\/\",\"name\":\"Laboratorio Gruppo Liturgico\",\"description\":\"Articoli Religiosi online\",\"publisher\":{\"@id\":\"https:\/\/www.gruppoliturgico.com\/es\/#organization\"},\"potentialAction\":[{\"@type\":\"SearchAction\",\"target\":{\"@type\":\"EntryPoint\",\"urlTemplate\":\"https:\/\/www.gruppoliturgico.com\/es\/?s={search_term_string}\"},\"query-input\":\"required name=search_term_string\"}],\"inLanguage\":\"fr-FR\"},{\"@type\":\"Organization\",\"@id\":\"https:\/\/www.gruppoliturgico.com\/es\/#organization\",\"name\":\"Laboratorio Gruppo Liturgico\",\"url\":\"https:\/\/www.gruppoliturgico.com\/es\/\",\"logo\":{\"@type\":\"ImageObject\",\"inLanguage\":\"fr-FR\",\"@id\":\"https:\/\/www.gruppoliturgico.com\/es\/#\/schema\/logo\/image\/\",\"url\":\"https:\/\/www.gruppoliturgico.com\/wp-content\/uploads\/2022\/02\/logo-laboratoriogruppoliturgico.png\",\"contentUrl\":\"https:\/\/www.gruppoliturgico.com\/wp-content\/uploads\/2022\/02\/logo-laboratoriogruppoliturgico.png\",\"width\":400,\"height\":114,\"caption\":\"Laboratorio Gruppo Liturgico\"},\"image\":{\"@id\":\"https:\/\/www.gruppoliturgico.com\/es\/#\/schema\/logo\/image\/\"}}]}<\/script>\n<!-- \/ Yoast SEO plugin. -->","yoast_head_json":{"title":"ombrellino de procession - baldaquins-ombrellino de procession et Laboratorio Gruppo Liturgico","description":"Ombrellino de procession confectionn\u00e9 avec un pr\u00e9cieux tissu lampasso, il est enti\u00e8rement orn\u00e9 d'une frange dor\u00e9e haute et pr\u00e9cieuse et compl\u00e9t\u00e9 d'une passementerie de grande valeur.  Ch\u00e2ssis en bois artisanal.  Diam\u00e8tre cm 100.","robots":{"index":"index","follow":"follow","max-snippet":"max-snippet:-1","max-image-preview":"max-image-preview:large","max-video-preview":"max-video-preview:-1"},"canonical":"https:\/\/www.gruppoliturgico.com\/fr\/produit\/ombrellino-de-procession\/","og_locale":"fr_FR","og_type":"article","og_title":"ombrellino de procession - baldaquins-ombrellino de procession et Laboratorio Gruppo Liturgico","og_description":"Ombrellino de procession confectionn\u00e9 avec un pr\u00e9cieux tissu lampasso, il est enti\u00e8rement orn\u00e9 d'une frange dor\u00e9e haute et pr\u00e9cieuse et compl\u00e9t\u00e9 d'une passementerie de grande valeur.  Ch\u00e2ssis en bois artisanal.  Diam\u00e8tre cm 100.","og_url":"https:\/\/www.gruppoliturgico.com\/fr\/produit\/ombrellino-de-procession\/","og_site_name":"Laboratorio Gruppo Liturgico","article_modified_time":"2022-05-20T08:55:31+00:00","og_image":[{"width":1304,"height":2000,"url":"https:\/\/www.gruppoliturgico.com\/wp-content\/uploads\/2022\/05\/ombrello_inPixio.jpg","type":"image\/jpeg"}],"twitter_card":"summary_large_image","schema":{"@context":"https:\/\/schema.org","@graph":[{"@type":"WebPage","@id":"https:\/\/www.gruppoliturgico.com\/fr\/produit\/ombrellino-de-procession\/","url":"https:\/\/www.gruppoliturgico.com\/fr\/produit\/ombrellino-de-procession\/","name":"ombrellino de procession - baldaquins-ombrellino de procession et Laboratorio Gruppo Liturgico","isPartOf":{"@id":"https:\/\/www.gruppoliturgico.com\/es\/#website"},"datePublished":"2022-05-20T01:06:56+00:00","dateModified":"2022-05-20T08:55:31+00:00","description":"Ombrellino de procession confectionn\u00e9 avec un pr\u00e9cieux tissu lampasso, il est enti\u00e8rement orn\u00e9 d'une frange dor\u00e9e haute et pr\u00e9cieuse et compl\u00e9t\u00e9 d'une passementerie de grande valeur. Ch\u00e2ssis en bois artisanal. Diam\u00e8tre cm 100.","breadcrumb":{"@id":"https:\/\/www.gruppoliturgico.com\/fr\/produit\/ombrellino-de-procession\/#breadcrumb"},"inLanguage":"fr-FR","potentialAction":[{"@type":"ReadAction","target":["https:\/\/www.gruppoliturgico.com\/fr\/produit\/ombrellino-de-procession\/"]}]},{"@type":"BreadcrumbList","@id":"https:\/\/www.gruppoliturgico.com\/fr\/produit\/ombrellino-de-procession\/#breadcrumb","itemListElement":[{"@type":"ListItem","position":1,"name":"Home","item":"https:\/\/www.gruppoliturgico.com\/fr\/"},{"@type":"ListItem","position":2,"name":"Boutique","item":"https:\/\/www.gruppoliturgico.com\/fr\/boutique\/"},{"@type":"ListItem","position":3,"name":"ombrellino de procession"}]},{"@type":"WebSite","@id":"https:\/\/www.gruppoliturgico.com\/es\/#website","url":"https:\/\/www.gruppoliturgico.com\/es\/","name":"Laboratorio Gruppo Liturgico","description":"Articoli Religiosi online","publisher":{"@id":"https:\/\/www.gruppoliturgico.com\/es\/#organization"},"potentialAction":[{"@type":"SearchAction","target":{"@type":"EntryPoint","urlTemplate":"https:\/\/www.gruppoliturgico.com\/es\/?s={search_term_string}"},"query-input":"required name=search_term_string"}],"inLanguage":"fr-FR"},{"@type":"Organization","@id":"https:\/\/www.gruppoliturgico.com\/es\/#organization","name":"Laboratorio Gruppo Liturgico","url":"https:\/\/www.gruppoliturgico.com\/es\/","logo":{"@type":"ImageObject","inLanguage":"fr-FR","@id":"https:\/\/www.gruppoliturgico.com\/es\/#\/schema\/logo\/image\/","url":"https:\/\/www.gruppoliturgico.com\/wp-content\/uploads\/2022\/02\/logo-laboratoriogruppoliturgico.png","contentUrl":"https:\/\/www.gruppoliturgico.com\/wp-content\/uploads\/2022\/02\/logo-laboratoriogruppoliturgico.png","width":400,"height":114,"caption":"Laboratorio Gruppo Liturgico"},"image":{"@id":"https:\/\/www.gruppoliturgico.com\/es\/#\/schema\/logo\/image\/"}}]}},"_links":{"self":[{"href":"https:\/\/www.gruppoliturgico.com\/fr\/wp-json\/wp\/v2\/product\/68115"}],"collection":[{"href":"https:\/\/www.gruppoliturgico.com\/fr\/wp-json\/wp\/v2\/product"}],"about":[{"href":"https:\/\/www.gruppoliturgico.com\/fr\/wp-json\/wp\/v2\/types\/product"}],"wp:featuredmedia":[{"embeddable":true,"href":"https:\/\/www.gruppoliturgico.com\/fr\/wp-json\/wp\/v2\/media\/130703"}],"wp:attachment":[{"href":"https:\/\/www.gruppoliturgico.com\/fr\/wp-json\/wp\/v2\/media?parent=68115"}],"wp:term":[{"taxonomy":"product_cat","embeddable":true,"href":"https:\/\/www.gruppoliturgico.com\/fr\/wp-json\/wp\/v2\/product_cat?post=68115"},{"taxonomy":"product_tag","embeddable":true,"href":"https:\/\/www.gruppoliturgico.com\/fr\/wp-json\/wp\/v2\/product_tag?post=68115"}],"curies":[{"name":"wp","href":"https:\/\/api.w.org\/{rel}","templated":true}]}}

<html><body><p>Ombrellino de procession confectionné avec un précieux tissu lampasso, il est entièrement orné d’une frange dorée haute et précieuse et complété d’une passementerie de grande valeur.<br>
Châssis en bois artisanal.<br>
Diamètre cm 100. </p>
</body></html>

<p>Ombrellino de procession confectionné avec un précieux tissu lampasso, il est entièrement orné d&rsquo;une frange dorée haute et précieuse et complété d&rsquo;une passementerie de grande valeur.<br />
Châssis en bois artisanal.<br />
Diamètre cm 100. </p>

<!-- This site is optimized with the Yoast SEO plugin v20.4 - https://yoast.com/wordpress/plugins/seo/ -->
<title>ombrellino de procession - baldaquins-ombrellino de procession et Laboratorio Gruppo Liturgico</title>
<meta name="description" content="Ombrellino de procession confectionné avec un précieux tissu lampasso, il est entièrement orné d&#039;une frange dorée haute et précieuse et complété d&#039;une passementerie de grande valeur.  Châssis en bois artisanal.  Diamètre cm 100." />
<meta name="robots" content="index, follow, max-snippet:-1, max-image-preview:large, max-video-preview:-1" />
<link rel="canonical" href="https://www.gruppoliturgico.com/fr/produit/ombrellino-de-procession/" />
<meta property="og:locale" content="fr_FR" />
<meta property="og:type" content="article" />
<meta property="og:title" content="ombrellino de procession - baldaquins-ombrellino de procession et Laboratorio Gruppo Liturgico" />
<meta property="og:description" content="Ombrellino de procession confectionné avec un précieux tissu lampasso, il est entièrement orné d&#039;une frange dorée haute et précieuse et complété d&#039;une passementerie de grande valeur.  Châssis en bois artisanal.  Diamètre cm 100." />
<meta property="og:url" content="https://www.gruppoliturgico.com/fr/produit/ombrellino-de-procession/" />
<meta property="og:site_name" content="Laboratorio Gruppo Liturgico" />
<meta property="article:modified_time" content="2022-05-20T08:55:31+00:00" />
<meta property="og:image" content="https://www.gruppoliturgico.com/wp-content/uploads/2022/05/ombrello_inPixio.jpg" />
	<meta property="og:image:width" content="1304" />
	<meta property="og:image:height" content="2000" />
	<meta property="og:image:type" content="image/jpeg" />
<meta name="twitter:card" content="summary_large_image" />
<script type="application/ld+json" class="yoast-schema-graph">{"@context":"https://schema.org","@graph":[{"@type":"WebPage","@id":"https://www.gruppoliturgico.com/fr/produit/ombrellino-de-procession/","url":"https://www.gruppoliturgico.com/fr/produit/ombrellino-de-procession/","name":"ombrellino de procession - baldaquins-ombrellino de procession et Laboratorio Gruppo Liturgico","isPartOf":{"@id":"https://www.gruppoliturgico.com/es/#website"},"datePublished":"2022-05-20T01:06:56+00:00","dateModified":"2022-05-20T08:55:31+00:00","description":"Ombrellino de procession confectionné avec un précieux tissu lampasso, il est entièrement orné d'une frange dorée haute et précieuse et complété d'une passementerie de grande valeur. Châssis en bois artisanal. Diamètre cm 100.","breadcrumb":{"@id":"https://www.gruppoliturgico.com/fr/produit/ombrellino-de-procession/#breadcrumb"},"inLanguage":"fr-FR","potentialAction":[{"@type":"ReadAction","target":["https://www.gruppoliturgico.com/fr/produit/ombrellino-de-procession/"]}]},{"@type":"BreadcrumbList","@id":"https://www.gruppoliturgico.com/fr/produit/ombrellino-de-procession/#breadcrumb","itemListElement":[{"@type":"ListItem","position":1,"name":"Home","item":"https://www.gruppoliturgico.com/fr/"},{"@type":"ListItem","position":2,"name":"Boutique","item":"https://www.gruppoliturgico.com/fr/boutique/"},{"@type":"ListItem","position":3,"name":"ombrellino de procession"}]},{"@type":"WebSite","@id":"https://www.gruppoliturgico.com/es/#website","url":"https://www.gruppoliturgico.com/es/","name":"Laboratorio Gruppo Liturgico","description":"Articoli Religiosi online","publisher":{"@id":"https://www.gruppoliturgico.com/es/#organization"},"potentialAction":[{"@type":"SearchAction","target":{"@type":"EntryPoint","urlTemplate":"https://www.gruppoliturgico.com/es/?s={search_term_string}"},"query-input":"required name=search_term_string"}],"inLanguage":"fr-FR"},{"@type":"Organization","@id":"https://www.gruppoliturgico.com/es/#organization","name":"Laboratorio Gruppo Liturgico","url":"https://www.gruppoliturgico.com/es/","logo":{"@type":"ImageObject","inLanguage":"fr-FR","@id":"https://www.gruppoliturgico.com/es/#/schema/logo/image/","url":"https://www.gruppoliturgico.com/wp-content/uploads/2022/02/logo-laboratoriogruppoliturgico.png","contentUrl":"https://www.gruppoliturgico.com/wp-content/uploads/2022/02/logo-laboratoriogruppoliturgico.png","width":400,"height":114,"caption":"Laboratorio Gruppo Liturgico"},"image":{"@id":"https://www.gruppoliturgico.com/es/#/schema/logo/image/"}}]}</script>
<!-- / Yoast SEO plugin. -->

Ombrellino de procession confectionné avec un précieux tissu lampasso, il est entièrement orné d'une frange dorée haute et précieuse et complété d'une passementerie de grande valeur.  Châssis en bois artisanal.  Diamètre cm 100.

Ombrellino de procession confectionné avec un précieux tissu lampasso, il est entièrement orné d'une frange dorée haute et précieuse et complété d'une passementerie de grande valeur. Châssis en bois artisanal. Diamètre cm 100.
