{"id":68019,"date":"2022-05-20T03:01:56","date_gmt":"2022-05-20T01:02:00","guid":{"rendered":"https:\/\/www.gruppoliturgico.com\/prodotto\/bas-relief-la-crucifixion\/"},"modified":"2022-11-12T09:32:19","modified_gmt":"2022-11-12T08:32:19","slug":"bas-relief-la-crucifixion","status":"publish","type":"product","link":"https:\/\/www.gruppoliturgico.com\/fr\/produit\/bas-relief-la-crucifixion\/","title":{"rendered":"bas relief  \u00ab\u00a0la crucifixion\u00a0\u00bb"},"content":{"rendered":"<html><body><p>Artistique r\u00e9alisation en dolomie, r\u00e9alis\u00e9 par les religieuses de l\u2019Ordre de Bethl\u00e9em en copie d\u2019un ouvrage original m\u00e9di\u00e9val.<br>\nFinement d\u00e9cor\u00e9e \u00e0 la main avec des parties en or.<br>\nDimensions cm 20 x 16.<\/p>\n<\/body><\/html>","protected":false},"excerpt":{"rendered":"<p>Artistique r\u00e9alisation en dolomie, r\u00e9alis\u00e9 par les religieuses de l\u2019Ordre de Bethl\u00e9em en copie d&rsquo;un ouvrage original m\u00e9di\u00e9val.<br \/>\nFinement d\u00e9cor\u00e9e \u00e0 la main avec des parties en or.<br \/>\nDimensions cm 20 x 16.<\/p>\n","protected":false},"featured_media":78350,"template":"","meta":[],"product_cat":[11988],"product_tag":[],"yoast_head":"<!-- This site is optimized with the Yoast SEO plugin v20.4 - https:\/\/yoast.com\/wordpress\/plugins\/seo\/ -->\n<title>bas relief &quot;la crucifixion&quot; - cr\u00e9ations artistiques Soeurs de Bethl\u00e9em et Laboratorio Gruppo Liturgico<\/title>\n<meta name=\"description\" content=\"Artistique r\u00e9alisation en dolomie, r\u00e9alis\u00e9 par les religieuses de l\u2019Ordre de Bethl\u00e9em en copie d&#039;un ouvrage original m\u00e9di\u00e9val. Finement d\u00e9cor\u00e9e \u00e0 la main avec des parties en or. Dimensions cm 20 x 16.\" \/>\n<meta name=\"robots\" content=\"index, follow, max-snippet:-1, max-image-preview:large, max-video-preview:-1\" \/>\n<link rel=\"canonical\" href=\"https:\/\/www.gruppoliturgico.com\/fr\/produit\/bas-relief-la-crucifixion\/\" \/>\n<meta property=\"og:locale\" content=\"fr_FR\" \/>\n<meta property=\"og:type\" content=\"article\" \/>\n<meta property=\"og:title\" content=\"bas relief &quot;la crucifixion&quot; - cr\u00e9ations artistiques Soeurs de Bethl\u00e9em et Laboratorio Gruppo Liturgico\" \/>\n<meta property=\"og:description\" content=\"Artistique r\u00e9alisation en dolomie, r\u00e9alis\u00e9 par les religieuses de l\u2019Ordre de Bethl\u00e9em en copie d&#039;un ouvrage original m\u00e9di\u00e9val. Finement d\u00e9cor\u00e9e \u00e0 la main avec des parties en or. Dimensions cm 20 x 16.\" \/>\n<meta property=\"og:url\" content=\"https:\/\/www.gruppoliturgico.com\/fr\/produit\/bas-relief-la-crucifixion\/\" \/>\n<meta property=\"og:site_name\" content=\"Laboratorio Gruppo Liturgico\" \/>\n<meta property=\"article:modified_time\" content=\"2022-11-12T08:32:19+00:00\" \/>\n<meta property=\"og:image\" content=\"https:\/\/www.gruppoliturgico.com\/wp-content\/uploads\/2022\/05\/2620maggio20201720073.jpg\" \/>\n\t<meta property=\"og:image:width\" content=\"1162\" \/>\n\t<meta property=\"og:image:height\" content=\"1500\" \/>\n\t<meta property=\"og:image:type\" content=\"image\/jpeg\" \/>\n<meta name=\"twitter:card\" content=\"summary_large_image\" \/>\n<script type=\"application\/ld+json\" class=\"yoast-schema-graph\">{\"@context\":\"https:\/\/schema.org\",\"@graph\":[{\"@type\":\"WebPage\",\"@id\":\"https:\/\/www.gruppoliturgico.com\/fr\/produit\/bas-relief-la-crucifixion\/\",\"url\":\"https:\/\/www.gruppoliturgico.com\/fr\/produit\/bas-relief-la-crucifixion\/\",\"name\":\"bas relief \\\"la crucifixion\\\" - cr\u00e9ations artistiques Soeurs de Bethl\u00e9em et Laboratorio Gruppo Liturgico\",\"isPartOf\":{\"@id\":\"https:\/\/www.gruppoliturgico.com\/es\/#website\"},\"datePublished\":\"2022-05-20T01:02:00+00:00\",\"dateModified\":\"2022-11-12T08:32:19+00:00\",\"description\":\"Artistique r\u00e9alisation en dolomie, r\u00e9alis\u00e9 par les religieuses de l\u2019Ordre de Bethl\u00e9em en copie d'un ouvrage original m\u00e9di\u00e9val. Finement d\u00e9cor\u00e9e \u00e0 la main avec des parties en or. Dimensions cm 20 x 16.\",\"breadcrumb\":{\"@id\":\"https:\/\/www.gruppoliturgico.com\/fr\/produit\/bas-relief-la-crucifixion\/#breadcrumb\"},\"inLanguage\":\"fr-FR\",\"potentialAction\":[{\"@type\":\"ReadAction\",\"target\":[\"https:\/\/www.gruppoliturgico.com\/fr\/produit\/bas-relief-la-crucifixion\/\"]}]},{\"@type\":\"BreadcrumbList\",\"@id\":\"https:\/\/www.gruppoliturgico.com\/fr\/produit\/bas-relief-la-crucifixion\/#breadcrumb\",\"itemListElement\":[{\"@type\":\"ListItem\",\"position\":1,\"name\":\"Home\",\"item\":\"https:\/\/www.gruppoliturgico.com\/fr\/\"},{\"@type\":\"ListItem\",\"position\":2,\"name\":\"Boutique\",\"item\":\"https:\/\/www.gruppoliturgico.com\/fr\/boutique\/\"},{\"@type\":\"ListItem\",\"position\":3,\"name\":\"bas relief \u00ab\u00a0la crucifixion\u00a0\u00bb\"}]},{\"@type\":\"WebSite\",\"@id\":\"https:\/\/www.gruppoliturgico.com\/es\/#website\",\"url\":\"https:\/\/www.gruppoliturgico.com\/es\/\",\"name\":\"Laboratorio Gruppo Liturgico\",\"description\":\"Articoli Religiosi online\",\"publisher\":{\"@id\":\"https:\/\/www.gruppoliturgico.com\/es\/#organization\"},\"potentialAction\":[{\"@type\":\"SearchAction\",\"target\":{\"@type\":\"EntryPoint\",\"urlTemplate\":\"https:\/\/www.gruppoliturgico.com\/es\/?s={search_term_string}\"},\"query-input\":\"required name=search_term_string\"}],\"inLanguage\":\"fr-FR\"},{\"@type\":\"Organization\",\"@id\":\"https:\/\/www.gruppoliturgico.com\/es\/#organization\",\"name\":\"Laboratorio Gruppo Liturgico\",\"url\":\"https:\/\/www.gruppoliturgico.com\/es\/\",\"logo\":{\"@type\":\"ImageObject\",\"inLanguage\":\"fr-FR\",\"@id\":\"https:\/\/www.gruppoliturgico.com\/es\/#\/schema\/logo\/image\/\",\"url\":\"https:\/\/www.gruppoliturgico.com\/wp-content\/uploads\/2022\/02\/logo-laboratoriogruppoliturgico.png\",\"contentUrl\":\"https:\/\/www.gruppoliturgico.com\/wp-content\/uploads\/2022\/02\/logo-laboratoriogruppoliturgico.png\",\"width\":400,\"height\":114,\"caption\":\"Laboratorio Gruppo Liturgico\"},\"image\":{\"@id\":\"https:\/\/www.gruppoliturgico.com\/es\/#\/schema\/logo\/image\/\"}}]}<\/script>\n<!-- \/ Yoast SEO plugin. -->","yoast_head_json":{"title":"bas relief \"la crucifixion\" - cr\u00e9ations artistiques Soeurs de Bethl\u00e9em et Laboratorio Gruppo Liturgico","description":"Artistique r\u00e9alisation en dolomie, r\u00e9alis\u00e9 par les religieuses de l\u2019Ordre de Bethl\u00e9em en copie d'un ouvrage original m\u00e9di\u00e9val. Finement d\u00e9cor\u00e9e \u00e0 la main avec des parties en or. Dimensions cm 20 x 16.","robots":{"index":"index","follow":"follow","max-snippet":"max-snippet:-1","max-image-preview":"max-image-preview:large","max-video-preview":"max-video-preview:-1"},"canonical":"https:\/\/www.gruppoliturgico.com\/fr\/produit\/bas-relief-la-crucifixion\/","og_locale":"fr_FR","og_type":"article","og_title":"bas relief \"la crucifixion\" - cr\u00e9ations artistiques Soeurs de Bethl\u00e9em et Laboratorio Gruppo Liturgico","og_description":"Artistique r\u00e9alisation en dolomie, r\u00e9alis\u00e9 par les religieuses de l\u2019Ordre de Bethl\u00e9em en copie d'un ouvrage original m\u00e9di\u00e9val. Finement d\u00e9cor\u00e9e \u00e0 la main avec des parties en or. Dimensions cm 20 x 16.","og_url":"https:\/\/www.gruppoliturgico.com\/fr\/produit\/bas-relief-la-crucifixion\/","og_site_name":"Laboratorio Gruppo Liturgico","article_modified_time":"2022-11-12T08:32:19+00:00","og_image":[{"width":1162,"height":1500,"url":"https:\/\/www.gruppoliturgico.com\/wp-content\/uploads\/2022\/05\/2620maggio20201720073.jpg","type":"image\/jpeg"}],"twitter_card":"summary_large_image","schema":{"@context":"https:\/\/schema.org","@graph":[{"@type":"WebPage","@id":"https:\/\/www.gruppoliturgico.com\/fr\/produit\/bas-relief-la-crucifixion\/","url":"https:\/\/www.gruppoliturgico.com\/fr\/produit\/bas-relief-la-crucifixion\/","name":"bas relief \"la crucifixion\" - cr\u00e9ations artistiques Soeurs de Bethl\u00e9em et Laboratorio Gruppo Liturgico","isPartOf":{"@id":"https:\/\/www.gruppoliturgico.com\/es\/#website"},"datePublished":"2022-05-20T01:02:00+00:00","dateModified":"2022-11-12T08:32:19+00:00","description":"Artistique r\u00e9alisation en dolomie, r\u00e9alis\u00e9 par les religieuses de l\u2019Ordre de Bethl\u00e9em en copie d'un ouvrage original m\u00e9di\u00e9val. Finement d\u00e9cor\u00e9e \u00e0 la main avec des parties en or. Dimensions cm 20 x 16.","breadcrumb":{"@id":"https:\/\/www.gruppoliturgico.com\/fr\/produit\/bas-relief-la-crucifixion\/#breadcrumb"},"inLanguage":"fr-FR","potentialAction":[{"@type":"ReadAction","target":["https:\/\/www.gruppoliturgico.com\/fr\/produit\/bas-relief-la-crucifixion\/"]}]},{"@type":"BreadcrumbList","@id":"https:\/\/www.gruppoliturgico.com\/fr\/produit\/bas-relief-la-crucifixion\/#breadcrumb","itemListElement":[{"@type":"ListItem","position":1,"name":"Home","item":"https:\/\/www.gruppoliturgico.com\/fr\/"},{"@type":"ListItem","position":2,"name":"Boutique","item":"https:\/\/www.gruppoliturgico.com\/fr\/boutique\/"},{"@type":"ListItem","position":3,"name":"bas relief \u00ab\u00a0la crucifixion\u00a0\u00bb"}]},{"@type":"WebSite","@id":"https:\/\/www.gruppoliturgico.com\/es\/#website","url":"https:\/\/www.gruppoliturgico.com\/es\/","name":"Laboratorio Gruppo Liturgico","description":"Articoli Religiosi online","publisher":{"@id":"https:\/\/www.gruppoliturgico.com\/es\/#organization"},"potentialAction":[{"@type":"SearchAction","target":{"@type":"EntryPoint","urlTemplate":"https:\/\/www.gruppoliturgico.com\/es\/?s={search_term_string}"},"query-input":"required name=search_term_string"}],"inLanguage":"fr-FR"},{"@type":"Organization","@id":"https:\/\/www.gruppoliturgico.com\/es\/#organization","name":"Laboratorio Gruppo Liturgico","url":"https:\/\/www.gruppoliturgico.com\/es\/","logo":{"@type":"ImageObject","inLanguage":"fr-FR","@id":"https:\/\/www.gruppoliturgico.com\/es\/#\/schema\/logo\/image\/","url":"https:\/\/www.gruppoliturgico.com\/wp-content\/uploads\/2022\/02\/logo-laboratoriogruppoliturgico.png","contentUrl":"https:\/\/www.gruppoliturgico.com\/wp-content\/uploads\/2022\/02\/logo-laboratoriogruppoliturgico.png","width":400,"height":114,"caption":"Laboratorio Gruppo Liturgico"},"image":{"@id":"https:\/\/www.gruppoliturgico.com\/es\/#\/schema\/logo\/image\/"}}]}},"_links":{"self":[{"href":"https:\/\/www.gruppoliturgico.com\/fr\/wp-json\/wp\/v2\/product\/68019"}],"collection":[{"href":"https:\/\/www.gruppoliturgico.com\/fr\/wp-json\/wp\/v2\/product"}],"about":[{"href":"https:\/\/www.gruppoliturgico.com\/fr\/wp-json\/wp\/v2\/types\/product"}],"wp:featuredmedia":[{"embeddable":true,"href":"https:\/\/www.gruppoliturgico.com\/fr\/wp-json\/wp\/v2\/media\/78350"}],"wp:attachment":[{"href":"https:\/\/www.gruppoliturgico.com\/fr\/wp-json\/wp\/v2\/media?parent=68019"}],"wp:term":[{"taxonomy":"product_cat","embeddable":true,"href":"https:\/\/www.gruppoliturgico.com\/fr\/wp-json\/wp\/v2\/product_cat?post=68019"},{"taxonomy":"product_tag","embeddable":true,"href":"https:\/\/www.gruppoliturgico.com\/fr\/wp-json\/wp\/v2\/product_tag?post=68019"}],"curies":[{"name":"wp","href":"https:\/\/api.w.org\/{rel}","templated":true}]}}

<html><body><p>Artistique réalisation en dolomie, réalisé par les religieuses de l’Ordre de Bethléem en copie d’un ouvrage original médiéval.<br>
Finement décorée à la main avec des parties en or.<br>
Dimensions cm 20 x 16.</p>
</body></html>

<p>Artistique réalisation en dolomie, réalisé par les religieuses de l’Ordre de Bethléem en copie d&rsquo;un ouvrage original médiéval.<br />
Finement décorée à la main avec des parties en or.<br />
Dimensions cm 20 x 16.</p>

<!-- This site is optimized with the Yoast SEO plugin v20.4 - https://yoast.com/wordpress/plugins/seo/ -->
<title>bas relief &quot;la crucifixion&quot; - créations artistiques Soeurs de Bethléem et Laboratorio Gruppo Liturgico</title>
<meta name="description" content="Artistique réalisation en dolomie, réalisé par les religieuses de l’Ordre de Bethléem en copie d&#039;un ouvrage original médiéval. Finement décorée à la main avec des parties en or. Dimensions cm 20 x 16." />
<meta name="robots" content="index, follow, max-snippet:-1, max-image-preview:large, max-video-preview:-1" />
<link rel="canonical" href="https://www.gruppoliturgico.com/fr/produit/bas-relief-la-crucifixion/" />
<meta property="og:locale" content="fr_FR" />
<meta property="og:type" content="article" />
<meta property="og:title" content="bas relief &quot;la crucifixion&quot; - créations artistiques Soeurs de Bethléem et Laboratorio Gruppo Liturgico" />
<meta property="og:description" content="Artistique réalisation en dolomie, réalisé par les religieuses de l’Ordre de Bethléem en copie d&#039;un ouvrage original médiéval. Finement décorée à la main avec des parties en or. Dimensions cm 20 x 16." />
<meta property="og:url" content="https://www.gruppoliturgico.com/fr/produit/bas-relief-la-crucifixion/" />
<meta property="og:site_name" content="Laboratorio Gruppo Liturgico" />
<meta property="article:modified_time" content="2022-11-12T08:32:19+00:00" />
<meta property="og:image" content="https://www.gruppoliturgico.com/wp-content/uploads/2022/05/2620maggio20201720073.jpg" />
	<meta property="og:image:width" content="1162" />
	<meta property="og:image:height" content="1500" />
	<meta property="og:image:type" content="image/jpeg" />
<meta name="twitter:card" content="summary_large_image" />
<script type="application/ld+json" class="yoast-schema-graph">{"@context":"https://schema.org","@graph":[{"@type":"WebPage","@id":"https://www.gruppoliturgico.com/fr/produit/bas-relief-la-crucifixion/","url":"https://www.gruppoliturgico.com/fr/produit/bas-relief-la-crucifixion/","name":"bas relief \"la crucifixion\" - créations artistiques Soeurs de Bethléem et Laboratorio Gruppo Liturgico","isPartOf":{"@id":"https://www.gruppoliturgico.com/es/#website"},"datePublished":"2022-05-20T01:02:00+00:00","dateModified":"2022-11-12T08:32:19+00:00","description":"Artistique réalisation en dolomie, réalisé par les religieuses de l’Ordre de Bethléem en copie d'un ouvrage original médiéval. Finement décorée à la main avec des parties en or. Dimensions cm 20 x 16.","breadcrumb":{"@id":"https://www.gruppoliturgico.com/fr/produit/bas-relief-la-crucifixion/#breadcrumb"},"inLanguage":"fr-FR","potentialAction":[{"@type":"ReadAction","target":["https://www.gruppoliturgico.com/fr/produit/bas-relief-la-crucifixion/"]}]},{"@type":"BreadcrumbList","@id":"https://www.gruppoliturgico.com/fr/produit/bas-relief-la-crucifixion/#breadcrumb","itemListElement":[{"@type":"ListItem","position":1,"name":"Home","item":"https://www.gruppoliturgico.com/fr/"},{"@type":"ListItem","position":2,"name":"Boutique","item":"https://www.gruppoliturgico.com/fr/boutique/"},{"@type":"ListItem","position":3,"name":"bas relief « la crucifixion »"}]},{"@type":"WebSite","@id":"https://www.gruppoliturgico.com/es/#website","url":"https://www.gruppoliturgico.com/es/","name":"Laboratorio Gruppo Liturgico","description":"Articoli Religiosi online","publisher":{"@id":"https://www.gruppoliturgico.com/es/#organization"},"potentialAction":[{"@type":"SearchAction","target":{"@type":"EntryPoint","urlTemplate":"https://www.gruppoliturgico.com/es/?s={search_term_string}"},"query-input":"required name=search_term_string"}],"inLanguage":"fr-FR"},{"@type":"Organization","@id":"https://www.gruppoliturgico.com/es/#organization","name":"Laboratorio Gruppo Liturgico","url":"https://www.gruppoliturgico.com/es/","logo":{"@type":"ImageObject","inLanguage":"fr-FR","@id":"https://www.gruppoliturgico.com/es/#/schema/logo/image/","url":"https://www.gruppoliturgico.com/wp-content/uploads/2022/02/logo-laboratoriogruppoliturgico.png","contentUrl":"https://www.gruppoliturgico.com/wp-content/uploads/2022/02/logo-laboratoriogruppoliturgico.png","width":400,"height":114,"caption":"Laboratorio Gruppo Liturgico"},"image":{"@id":"https://www.gruppoliturgico.com/es/#/schema/logo/image/"}}]}</script>
<!-- / Yoast SEO plugin. -->

bas relief "la crucifixion" - créations artistiques Soeurs de Bethléem et Laboratorio Gruppo Liturgico

Artistique réalisation en dolomie, réalisé par les religieuses de l’Ordre de Bethléem en copie d'un ouvrage original médiéval. Finement décorée à la main avec des parties en or. Dimensions cm 20 x 16.
