{"id":67999,"date":"2022-05-20T03:00:49","date_gmt":"2022-05-20T01:00:54","guid":{"rendered":"https:\/\/www.gruppoliturgico.com\/prodotto\/aube-broderie-main-2\/"},"modified":"2022-09-13T16:18:05","modified_gmt":"2022-09-13T14:18:05","slug":"aube-broderie-main-2","status":"publish","type":"product","link":"https:\/\/www.gruppoliturgico.com\/fr\/produit\/aube-broderie-main-2\/","title":{"rendered":"aube broderie main"},"content":{"rendered":"<html><body><p>Aube confectionn\u00e9e en tissu tr\u00e8s l\u00e9ger laine et tergal.<br>\nIl pr\u00e9sente une double broderie ajour\u00e9e \u00e0 \u00ab\u00a0gigliuccio\u00a0\u00bb faite \u00e0 la main pr\u00e9sente dans les bordures et les manches.<br>\nL\u2019aube est disponible avec un col montant pour le porter sans amict ou avec encolure carr\u00e9e.<\/p>\n<\/body><\/html>","protected":false},"excerpt":{"rendered":"<p>Aube confectionn\u00e9e en tissu tr\u00e8s l\u00e9ger laine et tergal.<br \/>\nIl pr\u00e9sente une double broderie ajour\u00e9e \u00e0 \u00ab\u00a0gigliuccio\u00a0\u00bb faite \u00e0 la main pr\u00e9sente dans les bordures et les manches.<br \/>\nL&rsquo;aube est disponible avec un col montant pour le porter sans amict ou avec encolure carr\u00e9e.<\/p>\n","protected":false},"featured_media":129961,"template":"","meta":[],"product_cat":[12224],"product_tag":[],"yoast_head":"<!-- This site is optimized with the Yoast SEO plugin v20.4 - https:\/\/yoast.com\/wordpress\/plugins\/seo\/ -->\n<title>aube broderie main - Aubes et Laboratorio Gruppo Liturgico<\/title>\n<meta name=\"description\" content=\"Aube confectionn\u00e9e en tissu tr\u00e8s l\u00e9ger laine et tergal. Il pr\u00e9sente une double broderie ajour\u00e9e \u00e0 &quot;gigliuccio&quot; faite \u00e0 la main pr\u00e9sente dans les bordures et les manches.  L&#039;aube est disponible avec un col montant pour le porter sans amict ou avec encolure carr\u00e9e.\" \/>\n<meta name=\"robots\" content=\"index, follow, max-snippet:-1, max-image-preview:large, max-video-preview:-1\" \/>\n<link rel=\"canonical\" href=\"https:\/\/www.gruppoliturgico.com\/fr\/produit\/aube-broderie-main-2\/\" \/>\n<meta property=\"og:locale\" content=\"fr_FR\" \/>\n<meta property=\"og:type\" content=\"article\" \/>\n<meta property=\"og:title\" content=\"aube broderie main - Aubes et Laboratorio Gruppo Liturgico\" \/>\n<meta property=\"og:description\" content=\"Aube confectionn\u00e9e en tissu tr\u00e8s l\u00e9ger laine et tergal. Il pr\u00e9sente une double broderie ajour\u00e9e \u00e0 &quot;gigliuccio&quot; faite \u00e0 la main pr\u00e9sente dans les bordures et les manches.  L&#039;aube est disponible avec un col montant pour le porter sans amict ou avec encolure carr\u00e9e.\" \/>\n<meta property=\"og:url\" content=\"https:\/\/www.gruppoliturgico.com\/fr\/produit\/aube-broderie-main-2\/\" \/>\n<meta property=\"og:site_name\" content=\"Laboratorio Gruppo Liturgico\" \/>\n<meta property=\"article:modified_time\" content=\"2022-09-13T14:18:05+00:00\" \/>\n<meta property=\"og:image\" content=\"https:\/\/www.gruppoliturgico.com\/wp-content\/uploads\/2022\/05\/2165.jpg\" \/>\n\t<meta property=\"og:image:width\" content=\"867\" \/>\n\t<meta property=\"og:image:height\" content=\"1500\" \/>\n\t<meta property=\"og:image:type\" content=\"image\/jpeg\" \/>\n<meta name=\"twitter:card\" content=\"summary_large_image\" \/>\n<script type=\"application\/ld+json\" class=\"yoast-schema-graph\">{\"@context\":\"https:\/\/schema.org\",\"@graph\":[{\"@type\":\"WebPage\",\"@id\":\"https:\/\/www.gruppoliturgico.com\/fr\/produit\/aube-broderie-main-2\/\",\"url\":\"https:\/\/www.gruppoliturgico.com\/fr\/produit\/aube-broderie-main-2\/\",\"name\":\"aube broderie main - Aubes et Laboratorio Gruppo Liturgico\",\"isPartOf\":{\"@id\":\"https:\/\/www.gruppoliturgico.com\/es\/#website\"},\"datePublished\":\"2022-05-20T01:00:54+00:00\",\"dateModified\":\"2022-09-13T14:18:05+00:00\",\"description\":\"Aube confectionn\u00e9e en tissu tr\u00e8s l\u00e9ger laine et tergal. Il pr\u00e9sente une double broderie ajour\u00e9e \u00e0 \\\"gigliuccio\\\" faite \u00e0 la main pr\u00e9sente dans les bordures et les manches. L'aube est disponible avec un col montant pour le porter sans amict ou avec encolure carr\u00e9e.\",\"breadcrumb\":{\"@id\":\"https:\/\/www.gruppoliturgico.com\/fr\/produit\/aube-broderie-main-2\/#breadcrumb\"},\"inLanguage\":\"fr-FR\",\"potentialAction\":[{\"@type\":\"ReadAction\",\"target\":[\"https:\/\/www.gruppoliturgico.com\/fr\/produit\/aube-broderie-main-2\/\"]}]},{\"@type\":\"BreadcrumbList\",\"@id\":\"https:\/\/www.gruppoliturgico.com\/fr\/produit\/aube-broderie-main-2\/#breadcrumb\",\"itemListElement\":[{\"@type\":\"ListItem\",\"position\":1,\"name\":\"Home\",\"item\":\"https:\/\/www.gruppoliturgico.com\/fr\/\"},{\"@type\":\"ListItem\",\"position\":2,\"name\":\"Boutique\",\"item\":\"https:\/\/www.gruppoliturgico.com\/fr\/boutique\/\"},{\"@type\":\"ListItem\",\"position\":3,\"name\":\"aube broderie main\"}]},{\"@type\":\"WebSite\",\"@id\":\"https:\/\/www.gruppoliturgico.com\/es\/#website\",\"url\":\"https:\/\/www.gruppoliturgico.com\/es\/\",\"name\":\"Laboratorio Gruppo Liturgico\",\"description\":\"Articoli Religiosi online\",\"publisher\":{\"@id\":\"https:\/\/www.gruppoliturgico.com\/es\/#organization\"},\"potentialAction\":[{\"@type\":\"SearchAction\",\"target\":{\"@type\":\"EntryPoint\",\"urlTemplate\":\"https:\/\/www.gruppoliturgico.com\/es\/?s={search_term_string}\"},\"query-input\":\"required name=search_term_string\"}],\"inLanguage\":\"fr-FR\"},{\"@type\":\"Organization\",\"@id\":\"https:\/\/www.gruppoliturgico.com\/es\/#organization\",\"name\":\"Laboratorio Gruppo Liturgico\",\"url\":\"https:\/\/www.gruppoliturgico.com\/es\/\",\"logo\":{\"@type\":\"ImageObject\",\"inLanguage\":\"fr-FR\",\"@id\":\"https:\/\/www.gruppoliturgico.com\/es\/#\/schema\/logo\/image\/\",\"url\":\"https:\/\/www.gruppoliturgico.com\/wp-content\/uploads\/2022\/02\/logo-laboratoriogruppoliturgico.png\",\"contentUrl\":\"https:\/\/www.gruppoliturgico.com\/wp-content\/uploads\/2022\/02\/logo-laboratoriogruppoliturgico.png\",\"width\":400,\"height\":114,\"caption\":\"Laboratorio Gruppo Liturgico\"},\"image\":{\"@id\":\"https:\/\/www.gruppoliturgico.com\/es\/#\/schema\/logo\/image\/\"}}]}<\/script>\n<!-- \/ Yoast SEO plugin. -->","yoast_head_json":{"title":"aube broderie main - Aubes et Laboratorio Gruppo Liturgico","description":"Aube confectionn\u00e9e en tissu tr\u00e8s l\u00e9ger laine et tergal. Il pr\u00e9sente une double broderie ajour\u00e9e \u00e0 \"gigliuccio\" faite \u00e0 la main pr\u00e9sente dans les bordures et les manches.  L'aube est disponible avec un col montant pour le porter sans amict ou avec encolure carr\u00e9e.","robots":{"index":"index","follow":"follow","max-snippet":"max-snippet:-1","max-image-preview":"max-image-preview:large","max-video-preview":"max-video-preview:-1"},"canonical":"https:\/\/www.gruppoliturgico.com\/fr\/produit\/aube-broderie-main-2\/","og_locale":"fr_FR","og_type":"article","og_title":"aube broderie main - Aubes et Laboratorio Gruppo Liturgico","og_description":"Aube confectionn\u00e9e en tissu tr\u00e8s l\u00e9ger laine et tergal. Il pr\u00e9sente une double broderie ajour\u00e9e \u00e0 \"gigliuccio\" faite \u00e0 la main pr\u00e9sente dans les bordures et les manches.  L'aube est disponible avec un col montant pour le porter sans amict ou avec encolure carr\u00e9e.","og_url":"https:\/\/www.gruppoliturgico.com\/fr\/produit\/aube-broderie-main-2\/","og_site_name":"Laboratorio Gruppo Liturgico","article_modified_time":"2022-09-13T14:18:05+00:00","og_image":[{"width":867,"height":1500,"url":"https:\/\/www.gruppoliturgico.com\/wp-content\/uploads\/2022\/05\/2165.jpg","type":"image\/jpeg"}],"twitter_card":"summary_large_image","schema":{"@context":"https:\/\/schema.org","@graph":[{"@type":"WebPage","@id":"https:\/\/www.gruppoliturgico.com\/fr\/produit\/aube-broderie-main-2\/","url":"https:\/\/www.gruppoliturgico.com\/fr\/produit\/aube-broderie-main-2\/","name":"aube broderie main - Aubes et Laboratorio Gruppo Liturgico","isPartOf":{"@id":"https:\/\/www.gruppoliturgico.com\/es\/#website"},"datePublished":"2022-05-20T01:00:54+00:00","dateModified":"2022-09-13T14:18:05+00:00","description":"Aube confectionn\u00e9e en tissu tr\u00e8s l\u00e9ger laine et tergal. Il pr\u00e9sente une double broderie ajour\u00e9e \u00e0 \"gigliuccio\" faite \u00e0 la main pr\u00e9sente dans les bordures et les manches. L'aube est disponible avec un col montant pour le porter sans amict ou avec encolure carr\u00e9e.","breadcrumb":{"@id":"https:\/\/www.gruppoliturgico.com\/fr\/produit\/aube-broderie-main-2\/#breadcrumb"},"inLanguage":"fr-FR","potentialAction":[{"@type":"ReadAction","target":["https:\/\/www.gruppoliturgico.com\/fr\/produit\/aube-broderie-main-2\/"]}]},{"@type":"BreadcrumbList","@id":"https:\/\/www.gruppoliturgico.com\/fr\/produit\/aube-broderie-main-2\/#breadcrumb","itemListElement":[{"@type":"ListItem","position":1,"name":"Home","item":"https:\/\/www.gruppoliturgico.com\/fr\/"},{"@type":"ListItem","position":2,"name":"Boutique","item":"https:\/\/www.gruppoliturgico.com\/fr\/boutique\/"},{"@type":"ListItem","position":3,"name":"aube broderie main"}]},{"@type":"WebSite","@id":"https:\/\/www.gruppoliturgico.com\/es\/#website","url":"https:\/\/www.gruppoliturgico.com\/es\/","name":"Laboratorio Gruppo Liturgico","description":"Articoli Religiosi online","publisher":{"@id":"https:\/\/www.gruppoliturgico.com\/es\/#organization"},"potentialAction":[{"@type":"SearchAction","target":{"@type":"EntryPoint","urlTemplate":"https:\/\/www.gruppoliturgico.com\/es\/?s={search_term_string}"},"query-input":"required name=search_term_string"}],"inLanguage":"fr-FR"},{"@type":"Organization","@id":"https:\/\/www.gruppoliturgico.com\/es\/#organization","name":"Laboratorio Gruppo Liturgico","url":"https:\/\/www.gruppoliturgico.com\/es\/","logo":{"@type":"ImageObject","inLanguage":"fr-FR","@id":"https:\/\/www.gruppoliturgico.com\/es\/#\/schema\/logo\/image\/","url":"https:\/\/www.gruppoliturgico.com\/wp-content\/uploads\/2022\/02\/logo-laboratoriogruppoliturgico.png","contentUrl":"https:\/\/www.gruppoliturgico.com\/wp-content\/uploads\/2022\/02\/logo-laboratoriogruppoliturgico.png","width":400,"height":114,"caption":"Laboratorio Gruppo Liturgico"},"image":{"@id":"https:\/\/www.gruppoliturgico.com\/es\/#\/schema\/logo\/image\/"}}]}},"_links":{"self":[{"href":"https:\/\/www.gruppoliturgico.com\/fr\/wp-json\/wp\/v2\/product\/67999"}],"collection":[{"href":"https:\/\/www.gruppoliturgico.com\/fr\/wp-json\/wp\/v2\/product"}],"about":[{"href":"https:\/\/www.gruppoliturgico.com\/fr\/wp-json\/wp\/v2\/types\/product"}],"wp:featuredmedia":[{"embeddable":true,"href":"https:\/\/www.gruppoliturgico.com\/fr\/wp-json\/wp\/v2\/media\/129961"}],"wp:attachment":[{"href":"https:\/\/www.gruppoliturgico.com\/fr\/wp-json\/wp\/v2\/media?parent=67999"}],"wp:term":[{"taxonomy":"product_cat","embeddable":true,"href":"https:\/\/www.gruppoliturgico.com\/fr\/wp-json\/wp\/v2\/product_cat?post=67999"},{"taxonomy":"product_tag","embeddable":true,"href":"https:\/\/www.gruppoliturgico.com\/fr\/wp-json\/wp\/v2\/product_tag?post=67999"}],"curies":[{"name":"wp","href":"https:\/\/api.w.org\/{rel}","templated":true}]}}

<html><body><p>Aube confectionnée en tissu très léger laine et tergal.<br>
Il présente une double broderie ajourée à « gigliuccio » faite à la main présente dans les bordures et les manches.<br>
L’aube est disponible avec un col montant pour le porter sans amict ou avec encolure carrée.</p>
</body></html>

<p>Aube confectionnée en tissu très léger laine et tergal.<br />
Il présente une double broderie ajourée à « gigliuccio » faite à la main présente dans les bordures et les manches.<br />
L&rsquo;aube est disponible avec un col montant pour le porter sans amict ou avec encolure carrée.</p>

<!-- This site is optimized with the Yoast SEO plugin v20.4 - https://yoast.com/wordpress/plugins/seo/ -->
<title>aube broderie main - Aubes et Laboratorio Gruppo Liturgico</title>
<meta name="description" content="Aube confectionnée en tissu très léger laine et tergal. Il présente une double broderie ajourée à &quot;gigliuccio&quot; faite à la main présente dans les bordures et les manches.  L&#039;aube est disponible avec un col montant pour le porter sans amict ou avec encolure carrée." />
<meta name="robots" content="index, follow, max-snippet:-1, max-image-preview:large, max-video-preview:-1" />
<link rel="canonical" href="https://www.gruppoliturgico.com/fr/produit/aube-broderie-main-2/" />
<meta property="og:locale" content="fr_FR" />
<meta property="og:type" content="article" />
<meta property="og:title" content="aube broderie main - Aubes et Laboratorio Gruppo Liturgico" />
<meta property="og:description" content="Aube confectionnée en tissu très léger laine et tergal. Il présente une double broderie ajourée à &quot;gigliuccio&quot; faite à la main présente dans les bordures et les manches.  L&#039;aube est disponible avec un col montant pour le porter sans amict ou avec encolure carrée." />
<meta property="og:url" content="https://www.gruppoliturgico.com/fr/produit/aube-broderie-main-2/" />
<meta property="og:site_name" content="Laboratorio Gruppo Liturgico" />
<meta property="article:modified_time" content="2022-09-13T14:18:05+00:00" />
<meta property="og:image" content="https://www.gruppoliturgico.com/wp-content/uploads/2022/05/2165.jpg" />
	<meta property="og:image:width" content="867" />
	<meta property="og:image:height" content="1500" />
	<meta property="og:image:type" content="image/jpeg" />
<meta name="twitter:card" content="summary_large_image" />
<script type="application/ld+json" class="yoast-schema-graph">{"@context":"https://schema.org","@graph":[{"@type":"WebPage","@id":"https://www.gruppoliturgico.com/fr/produit/aube-broderie-main-2/","url":"https://www.gruppoliturgico.com/fr/produit/aube-broderie-main-2/","name":"aube broderie main - Aubes et Laboratorio Gruppo Liturgico","isPartOf":{"@id":"https://www.gruppoliturgico.com/es/#website"},"datePublished":"2022-05-20T01:00:54+00:00","dateModified":"2022-09-13T14:18:05+00:00","description":"Aube confectionnée en tissu très léger laine et tergal. Il présente une double broderie ajourée à \"gigliuccio\" faite à la main présente dans les bordures et les manches. L'aube est disponible avec un col montant pour le porter sans amict ou avec encolure carrée.","breadcrumb":{"@id":"https://www.gruppoliturgico.com/fr/produit/aube-broderie-main-2/#breadcrumb"},"inLanguage":"fr-FR","potentialAction":[{"@type":"ReadAction","target":["https://www.gruppoliturgico.com/fr/produit/aube-broderie-main-2/"]}]},{"@type":"BreadcrumbList","@id":"https://www.gruppoliturgico.com/fr/produit/aube-broderie-main-2/#breadcrumb","itemListElement":[{"@type":"ListItem","position":1,"name":"Home","item":"https://www.gruppoliturgico.com/fr/"},{"@type":"ListItem","position":2,"name":"Boutique","item":"https://www.gruppoliturgico.com/fr/boutique/"},{"@type":"ListItem","position":3,"name":"aube broderie main"}]},{"@type":"WebSite","@id":"https://www.gruppoliturgico.com/es/#website","url":"https://www.gruppoliturgico.com/es/","name":"Laboratorio Gruppo Liturgico","description":"Articoli Religiosi online","publisher":{"@id":"https://www.gruppoliturgico.com/es/#organization"},"potentialAction":[{"@type":"SearchAction","target":{"@type":"EntryPoint","urlTemplate":"https://www.gruppoliturgico.com/es/?s={search_term_string}"},"query-input":"required name=search_term_string"}],"inLanguage":"fr-FR"},{"@type":"Organization","@id":"https://www.gruppoliturgico.com/es/#organization","name":"Laboratorio Gruppo Liturgico","url":"https://www.gruppoliturgico.com/es/","logo":{"@type":"ImageObject","inLanguage":"fr-FR","@id":"https://www.gruppoliturgico.com/es/#/schema/logo/image/","url":"https://www.gruppoliturgico.com/wp-content/uploads/2022/02/logo-laboratoriogruppoliturgico.png","contentUrl":"https://www.gruppoliturgico.com/wp-content/uploads/2022/02/logo-laboratoriogruppoliturgico.png","width":400,"height":114,"caption":"Laboratorio Gruppo Liturgico"},"image":{"@id":"https://www.gruppoliturgico.com/es/#/schema/logo/image/"}}]}</script>
<!-- / Yoast SEO plugin. -->

Aube confectionnée en tissu très léger laine et tergal. Il présente une double broderie ajourée à "gigliuccio" faite à la main présente dans les bordures et les manches.  L'aube est disponible avec un col montant pour le porter sans amict ou avec encolure carrée.

Aube confectionnée en tissu très léger laine et tergal. Il présente une double broderie ajourée à "gigliuccio" faite à la main présente dans les bordures et les manches. L'aube est disponible avec un col montant pour le porter sans amict ou avec encolure carrée.
