{"id":66987,"date":"2022-05-20T02:13:39","date_gmt":"2022-05-20T00:13:46","guid":{"rendered":"https:\/\/www.gruppoliturgico.com\/prodotto\/calice-san-giulio\/"},"modified":"2022-05-20T10:01:39","modified_gmt":"2022-05-20T08:01:39","slug":"calice-san-giulio","status":"publish","type":"product","link":"https:\/\/www.gruppoliturgico.com\/fr\/produit\/calice-san-giulio\/","title":{"rendered":"calice \u00ab\u00a0San Giulio\u00a0\u00bb"},"content":{"rendered":"<html><body><p>Calice compl\u00e8tement en argent.<br>\nMerveilleux ouvrage qui, m\u00eame si en style baroque, se caract\u00e9rise par ses lignes douces et essentielles.<br>\nPierres dures ornementales.<br>\nIl est fourni complet d\u2019un \u00e9crin rigide rembourr\u00e9 et rev\u00eatu en velours.<\/p>\n<p>Hauteur cm 29. <\/p>\n<\/body><\/html>","protected":false},"excerpt":{"rendered":"<p>Calice compl\u00e8tement en argent.<br \/>\nMerveilleux ouvrage qui, m\u00eame si en style baroque, se caract\u00e9rise par ses lignes douces et essentielles.<br \/>\nPierres dures ornementales.<br \/>\nIl est fourni complet d&rsquo;un \u00e9crin rigide rembourr\u00e9 et rev\u00eatu en velours.<\/p>\n<p>Hauteur cm 29. <\/p>\n","protected":false},"featured_media":123753,"template":"","meta":[],"product_cat":[12020],"product_tag":[],"yoast_head":"<!-- This site is optimized with the Yoast SEO plugin v20.4 - https:\/\/yoast.com\/wordpress\/plugins\/seo\/ -->\n<title>calice &quot;San Giulio&quot; - en argent massif et Laboratorio Gruppo Liturgico<\/title>\n<meta name=\"description\" content=\"Calice compl\u00e8tement en argent.  Merveilleux ouvrage qui, m\u00eame si en style baroque, se caract\u00e9rise par ses lignes douces et essentielles.  Pierres dures ornementales.  Il est fourni complet d&#039;un \u00e9crin rigide rembourr\u00e9 et rev\u00eatu en velours.  Hauteur cm 29.\" \/>\n<meta name=\"robots\" content=\"index, follow, max-snippet:-1, max-image-preview:large, max-video-preview:-1\" \/>\n<link rel=\"canonical\" href=\"https:\/\/www.gruppoliturgico.com\/fr\/produit\/calice-san-giulio\/\" \/>\n<meta property=\"og:locale\" content=\"fr_FR\" \/>\n<meta property=\"og:type\" content=\"article\" \/>\n<meta property=\"og:title\" content=\"calice &quot;San Giulio&quot; - en argent massif et Laboratorio Gruppo Liturgico\" \/>\n<meta property=\"og:description\" content=\"Calice compl\u00e8tement en argent.  Merveilleux ouvrage qui, m\u00eame si en style baroque, se caract\u00e9rise par ses lignes douces et essentielles.  Pierres dures ornementales.  Il est fourni complet d&#039;un \u00e9crin rigide rembourr\u00e9 et rev\u00eatu en velours.  Hauteur cm 29.\" \/>\n<meta property=\"og:url\" content=\"https:\/\/www.gruppoliturgico.com\/fr\/produit\/calice-san-giulio\/\" \/>\n<meta property=\"og:site_name\" content=\"Laboratorio Gruppo Liturgico\" \/>\n<meta property=\"article:modified_time\" content=\"2022-05-20T08:01:39+00:00\" \/>\n<meta property=\"og:image\" content=\"https:\/\/www.gruppoliturgico.com\/wp-content\/uploads\/2022\/05\/1985.uff_.jpg\" \/>\n\t<meta property=\"og:image:width\" content=\"750\" \/>\n\t<meta property=\"og:image:height\" content=\"1500\" \/>\n\t<meta property=\"og:image:type\" content=\"image\/jpeg\" \/>\n<meta name=\"twitter:card\" content=\"summary_large_image\" \/>\n<script type=\"application\/ld+json\" class=\"yoast-schema-graph\">{\"@context\":\"https:\/\/schema.org\",\"@graph\":[{\"@type\":\"WebPage\",\"@id\":\"https:\/\/www.gruppoliturgico.com\/fr\/produit\/calice-san-giulio\/\",\"url\":\"https:\/\/www.gruppoliturgico.com\/fr\/produit\/calice-san-giulio\/\",\"name\":\"calice \\\"San Giulio\\\" - en argent massif et Laboratorio Gruppo Liturgico\",\"isPartOf\":{\"@id\":\"https:\/\/www.gruppoliturgico.com\/es\/#website\"},\"datePublished\":\"2022-05-20T00:13:46+00:00\",\"dateModified\":\"2022-05-20T08:01:39+00:00\",\"description\":\"Calice compl\u00e8tement en argent. Merveilleux ouvrage qui, m\u00eame si en style baroque, se caract\u00e9rise par ses lignes douces et essentielles. Pierres dures ornementales. Il est fourni complet d'un \u00e9crin rigide rembourr\u00e9 et rev\u00eatu en velours. Hauteur cm 29.\",\"breadcrumb\":{\"@id\":\"https:\/\/www.gruppoliturgico.com\/fr\/produit\/calice-san-giulio\/#breadcrumb\"},\"inLanguage\":\"fr-FR\",\"potentialAction\":[{\"@type\":\"ReadAction\",\"target\":[\"https:\/\/www.gruppoliturgico.com\/fr\/produit\/calice-san-giulio\/\"]}]},{\"@type\":\"BreadcrumbList\",\"@id\":\"https:\/\/www.gruppoliturgico.com\/fr\/produit\/calice-san-giulio\/#breadcrumb\",\"itemListElement\":[{\"@type\":\"ListItem\",\"position\":1,\"name\":\"Home\",\"item\":\"https:\/\/www.gruppoliturgico.com\/fr\/\"},{\"@type\":\"ListItem\",\"position\":2,\"name\":\"Boutique\",\"item\":\"https:\/\/www.gruppoliturgico.com\/fr\/boutique\/\"},{\"@type\":\"ListItem\",\"position\":3,\"name\":\"calice \u00ab\u00a0San Giulio\u00a0\u00bb\"}]},{\"@type\":\"WebSite\",\"@id\":\"https:\/\/www.gruppoliturgico.com\/es\/#website\",\"url\":\"https:\/\/www.gruppoliturgico.com\/es\/\",\"name\":\"Laboratorio Gruppo Liturgico\",\"description\":\"Articoli Religiosi online\",\"publisher\":{\"@id\":\"https:\/\/www.gruppoliturgico.com\/es\/#organization\"},\"potentialAction\":[{\"@type\":\"SearchAction\",\"target\":{\"@type\":\"EntryPoint\",\"urlTemplate\":\"https:\/\/www.gruppoliturgico.com\/es\/?s={search_term_string}\"},\"query-input\":\"required name=search_term_string\"}],\"inLanguage\":\"fr-FR\"},{\"@type\":\"Organization\",\"@id\":\"https:\/\/www.gruppoliturgico.com\/es\/#organization\",\"name\":\"Laboratorio Gruppo Liturgico\",\"url\":\"https:\/\/www.gruppoliturgico.com\/es\/\",\"logo\":{\"@type\":\"ImageObject\",\"inLanguage\":\"fr-FR\",\"@id\":\"https:\/\/www.gruppoliturgico.com\/es\/#\/schema\/logo\/image\/\",\"url\":\"https:\/\/www.gruppoliturgico.com\/wp-content\/uploads\/2022\/02\/logo-laboratoriogruppoliturgico.png\",\"contentUrl\":\"https:\/\/www.gruppoliturgico.com\/wp-content\/uploads\/2022\/02\/logo-laboratoriogruppoliturgico.png\",\"width\":400,\"height\":114,\"caption\":\"Laboratorio Gruppo Liturgico\"},\"image\":{\"@id\":\"https:\/\/www.gruppoliturgico.com\/es\/#\/schema\/logo\/image\/\"}}]}<\/script>\n<!-- \/ Yoast SEO plugin. -->","yoast_head_json":{"title":"calice \"San Giulio\" - en argent massif et Laboratorio Gruppo Liturgico","description":"Calice compl\u00e8tement en argent.  Merveilleux ouvrage qui, m\u00eame si en style baroque, se caract\u00e9rise par ses lignes douces et essentielles.  Pierres dures ornementales.  Il est fourni complet d'un \u00e9crin rigide rembourr\u00e9 et rev\u00eatu en velours.  Hauteur cm 29.","robots":{"index":"index","follow":"follow","max-snippet":"max-snippet:-1","max-image-preview":"max-image-preview:large","max-video-preview":"max-video-preview:-1"},"canonical":"https:\/\/www.gruppoliturgico.com\/fr\/produit\/calice-san-giulio\/","og_locale":"fr_FR","og_type":"article","og_title":"calice \"San Giulio\" - en argent massif et Laboratorio Gruppo Liturgico","og_description":"Calice compl\u00e8tement en argent.  Merveilleux ouvrage qui, m\u00eame si en style baroque, se caract\u00e9rise par ses lignes douces et essentielles.  Pierres dures ornementales.  Il est fourni complet d'un \u00e9crin rigide rembourr\u00e9 et rev\u00eatu en velours.  Hauteur cm 29.","og_url":"https:\/\/www.gruppoliturgico.com\/fr\/produit\/calice-san-giulio\/","og_site_name":"Laboratorio Gruppo Liturgico","article_modified_time":"2022-05-20T08:01:39+00:00","og_image":[{"width":750,"height":1500,"url":"https:\/\/www.gruppoliturgico.com\/wp-content\/uploads\/2022\/05\/1985.uff_.jpg","type":"image\/jpeg"}],"twitter_card":"summary_large_image","schema":{"@context":"https:\/\/schema.org","@graph":[{"@type":"WebPage","@id":"https:\/\/www.gruppoliturgico.com\/fr\/produit\/calice-san-giulio\/","url":"https:\/\/www.gruppoliturgico.com\/fr\/produit\/calice-san-giulio\/","name":"calice \"San Giulio\" - en argent massif et Laboratorio Gruppo Liturgico","isPartOf":{"@id":"https:\/\/www.gruppoliturgico.com\/es\/#website"},"datePublished":"2022-05-20T00:13:46+00:00","dateModified":"2022-05-20T08:01:39+00:00","description":"Calice compl\u00e8tement en argent. Merveilleux ouvrage qui, m\u00eame si en style baroque, se caract\u00e9rise par ses lignes douces et essentielles. Pierres dures ornementales. Il est fourni complet d'un \u00e9crin rigide rembourr\u00e9 et rev\u00eatu en velours. Hauteur cm 29.","breadcrumb":{"@id":"https:\/\/www.gruppoliturgico.com\/fr\/produit\/calice-san-giulio\/#breadcrumb"},"inLanguage":"fr-FR","potentialAction":[{"@type":"ReadAction","target":["https:\/\/www.gruppoliturgico.com\/fr\/produit\/calice-san-giulio\/"]}]},{"@type":"BreadcrumbList","@id":"https:\/\/www.gruppoliturgico.com\/fr\/produit\/calice-san-giulio\/#breadcrumb","itemListElement":[{"@type":"ListItem","position":1,"name":"Home","item":"https:\/\/www.gruppoliturgico.com\/fr\/"},{"@type":"ListItem","position":2,"name":"Boutique","item":"https:\/\/www.gruppoliturgico.com\/fr\/boutique\/"},{"@type":"ListItem","position":3,"name":"calice \u00ab\u00a0San Giulio\u00a0\u00bb"}]},{"@type":"WebSite","@id":"https:\/\/www.gruppoliturgico.com\/es\/#website","url":"https:\/\/www.gruppoliturgico.com\/es\/","name":"Laboratorio Gruppo Liturgico","description":"Articoli Religiosi online","publisher":{"@id":"https:\/\/www.gruppoliturgico.com\/es\/#organization"},"potentialAction":[{"@type":"SearchAction","target":{"@type":"EntryPoint","urlTemplate":"https:\/\/www.gruppoliturgico.com\/es\/?s={search_term_string}"},"query-input":"required name=search_term_string"}],"inLanguage":"fr-FR"},{"@type":"Organization","@id":"https:\/\/www.gruppoliturgico.com\/es\/#organization","name":"Laboratorio Gruppo Liturgico","url":"https:\/\/www.gruppoliturgico.com\/es\/","logo":{"@type":"ImageObject","inLanguage":"fr-FR","@id":"https:\/\/www.gruppoliturgico.com\/es\/#\/schema\/logo\/image\/","url":"https:\/\/www.gruppoliturgico.com\/wp-content\/uploads\/2022\/02\/logo-laboratoriogruppoliturgico.png","contentUrl":"https:\/\/www.gruppoliturgico.com\/wp-content\/uploads\/2022\/02\/logo-laboratoriogruppoliturgico.png","width":400,"height":114,"caption":"Laboratorio Gruppo Liturgico"},"image":{"@id":"https:\/\/www.gruppoliturgico.com\/es\/#\/schema\/logo\/image\/"}}]}},"_links":{"self":[{"href":"https:\/\/www.gruppoliturgico.com\/fr\/wp-json\/wp\/v2\/product\/66987"}],"collection":[{"href":"https:\/\/www.gruppoliturgico.com\/fr\/wp-json\/wp\/v2\/product"}],"about":[{"href":"https:\/\/www.gruppoliturgico.com\/fr\/wp-json\/wp\/v2\/types\/product"}],"wp:featuredmedia":[{"embeddable":true,"href":"https:\/\/www.gruppoliturgico.com\/fr\/wp-json\/wp\/v2\/media\/123753"}],"wp:attachment":[{"href":"https:\/\/www.gruppoliturgico.com\/fr\/wp-json\/wp\/v2\/media?parent=66987"}],"wp:term":[{"taxonomy":"product_cat","embeddable":true,"href":"https:\/\/www.gruppoliturgico.com\/fr\/wp-json\/wp\/v2\/product_cat?post=66987"},{"taxonomy":"product_tag","embeddable":true,"href":"https:\/\/www.gruppoliturgico.com\/fr\/wp-json\/wp\/v2\/product_tag?post=66987"}],"curies":[{"name":"wp","href":"https:\/\/api.w.org\/{rel}","templated":true}]}}

<html><body><p>Calice complètement en argent.<br>
Merveilleux ouvrage qui, même si en style baroque, se caractérise par ses lignes douces et essentielles.<br>
Pierres dures ornementales.<br>
Il est fourni complet d’un écrin rigide rembourré et revêtu en velours.</p>
<p>Hauteur cm 29. </p>
</body></html>

<p>Calice complètement en argent.<br />
Merveilleux ouvrage qui, même si en style baroque, se caractérise par ses lignes douces et essentielles.<br />
Pierres dures ornementales.<br />
Il est fourni complet d&rsquo;un écrin rigide rembourré et revêtu en velours.</p>
<p>Hauteur cm 29. </p>

<!-- This site is optimized with the Yoast SEO plugin v20.4 - https://yoast.com/wordpress/plugins/seo/ -->
<title>calice &quot;San Giulio&quot; - en argent massif et Laboratorio Gruppo Liturgico</title>
<meta name="description" content="Calice complètement en argent.  Merveilleux ouvrage qui, même si en style baroque, se caractérise par ses lignes douces et essentielles.  Pierres dures ornementales.  Il est fourni complet d&#039;un écrin rigide rembourré et revêtu en velours.  Hauteur cm 29." />
<meta name="robots" content="index, follow, max-snippet:-1, max-image-preview:large, max-video-preview:-1" />
<link rel="canonical" href="https://www.gruppoliturgico.com/fr/produit/calice-san-giulio/" />
<meta property="og:locale" content="fr_FR" />
<meta property="og:type" content="article" />
<meta property="og:title" content="calice &quot;San Giulio&quot; - en argent massif et Laboratorio Gruppo Liturgico" />
<meta property="og:description" content="Calice complètement en argent.  Merveilleux ouvrage qui, même si en style baroque, se caractérise par ses lignes douces et essentielles.  Pierres dures ornementales.  Il est fourni complet d&#039;un écrin rigide rembourré et revêtu en velours.  Hauteur cm 29." />
<meta property="og:url" content="https://www.gruppoliturgico.com/fr/produit/calice-san-giulio/" />
<meta property="og:site_name" content="Laboratorio Gruppo Liturgico" />
<meta property="article:modified_time" content="2022-05-20T08:01:39+00:00" />
<meta property="og:image" content="https://www.gruppoliturgico.com/wp-content/uploads/2022/05/1985.uff_.jpg" />
	<meta property="og:image:width" content="750" />
	<meta property="og:image:height" content="1500" />
	<meta property="og:image:type" content="image/jpeg" />
<meta name="twitter:card" content="summary_large_image" />
<script type="application/ld+json" class="yoast-schema-graph">{"@context":"https://schema.org","@graph":[{"@type":"WebPage","@id":"https://www.gruppoliturgico.com/fr/produit/calice-san-giulio/","url":"https://www.gruppoliturgico.com/fr/produit/calice-san-giulio/","name":"calice \"San Giulio\" - en argent massif et Laboratorio Gruppo Liturgico","isPartOf":{"@id":"https://www.gruppoliturgico.com/es/#website"},"datePublished":"2022-05-20T00:13:46+00:00","dateModified":"2022-05-20T08:01:39+00:00","description":"Calice complètement en argent. Merveilleux ouvrage qui, même si en style baroque, se caractérise par ses lignes douces et essentielles. Pierres dures ornementales. Il est fourni complet d'un écrin rigide rembourré et revêtu en velours. Hauteur cm 29.","breadcrumb":{"@id":"https://www.gruppoliturgico.com/fr/produit/calice-san-giulio/#breadcrumb"},"inLanguage":"fr-FR","potentialAction":[{"@type":"ReadAction","target":["https://www.gruppoliturgico.com/fr/produit/calice-san-giulio/"]}]},{"@type":"BreadcrumbList","@id":"https://www.gruppoliturgico.com/fr/produit/calice-san-giulio/#breadcrumb","itemListElement":[{"@type":"ListItem","position":1,"name":"Home","item":"https://www.gruppoliturgico.com/fr/"},{"@type":"ListItem","position":2,"name":"Boutique","item":"https://www.gruppoliturgico.com/fr/boutique/"},{"@type":"ListItem","position":3,"name":"calice « San Giulio »"}]},{"@type":"WebSite","@id":"https://www.gruppoliturgico.com/es/#website","url":"https://www.gruppoliturgico.com/es/","name":"Laboratorio Gruppo Liturgico","description":"Articoli Religiosi online","publisher":{"@id":"https://www.gruppoliturgico.com/es/#organization"},"potentialAction":[{"@type":"SearchAction","target":{"@type":"EntryPoint","urlTemplate":"https://www.gruppoliturgico.com/es/?s={search_term_string}"},"query-input":"required name=search_term_string"}],"inLanguage":"fr-FR"},{"@type":"Organization","@id":"https://www.gruppoliturgico.com/es/#organization","name":"Laboratorio Gruppo Liturgico","url":"https://www.gruppoliturgico.com/es/","logo":{"@type":"ImageObject","inLanguage":"fr-FR","@id":"https://www.gruppoliturgico.com/es/#/schema/logo/image/","url":"https://www.gruppoliturgico.com/wp-content/uploads/2022/02/logo-laboratoriogruppoliturgico.png","contentUrl":"https://www.gruppoliturgico.com/wp-content/uploads/2022/02/logo-laboratoriogruppoliturgico.png","width":400,"height":114,"caption":"Laboratorio Gruppo Liturgico"},"image":{"@id":"https://www.gruppoliturgico.com/es/#/schema/logo/image/"}}]}</script>
<!-- / Yoast SEO plugin. -->

Calice complètement en argent.  Merveilleux ouvrage qui, même si en style baroque, se caractérise par ses lignes douces et essentielles.  Pierres dures ornementales.  Il est fourni complet d'un écrin rigide rembourré et revêtu en velours.  Hauteur cm 29.

Calice complètement en argent. Merveilleux ouvrage qui, même si en style baroque, se caractérise par ses lignes douces et essentielles. Pierres dures ornementales. Il est fourni complet d'un écrin rigide rembourré et revêtu en velours. Hauteur cm 29.
