{"id":66275,"date":"2022-05-20T01:37:26","date_gmt":"2022-05-19T23:37:31","guid":{"rendered":"https:\/\/www.gruppoliturgico.com\/prodotto\/chandelier-pascal-11\/"},"modified":"2022-10-21T16:09:36","modified_gmt":"2022-10-21T14:09:36","slug":"chandelier-pascal-11","status":"publish","type":"product","link":"https:\/\/www.gruppoliturgico.com\/fr\/produit\/chandelier-pascal-11\/","title":{"rendered":"Chandelier pascal"},"content":{"rendered":"<html><body><p>Chandelier pascal en bois massif avec d\u00e9coration imitation marbre.<br>\nFrises ornementales dor\u00e9 \u00e0 la feuille d\u2019or.<br>\nLe d\u00e9grad\u00e9 chromatique de la peinture peut \u00eatre r\u00e9alis\u00e9 avec des couleurs sur demande.<br>\nIndiqu\u00e9 pour un cierge pascal de diam\u00e8tre de cm 8.<br>\nLe prix ne comprend pas le cierge.<br>\nHauteur cm 36 <\/p>\n<\/body><\/html>","protected":false},"excerpt":{"rendered":"<p>Chandelier pascal en bois massif avec d\u00e9coration imitation marbre.<br \/>\nFrises ornementales dor\u00e9 \u00e0 la feuille d\u2019or.<br \/>\nLe d\u00e9grad\u00e9 chromatique de la peinture peut \u00eatre r\u00e9alis\u00e9 avec des couleurs sur demande.<br \/>\nIndiqu\u00e9 pour un cierge pascal de diam\u00e8tre de cm 8.<br \/>\nLe prix ne comprend pas le cierge.<br \/>\nHauteur cm 36 <\/p>\n","protected":false},"featured_media":131484,"template":"","meta":[],"product_cat":[12164,11736],"product_tag":[],"yoast_head":"<!-- This site is optimized with the Yoast SEO plugin v20.4 - https:\/\/yoast.com\/wordpress\/plugins\/seo\/ -->\n<title>Chandelier pascal - Art 1865, chandeliers pascal et Laboratorio Gruppo Liturgico<\/title>\n<meta name=\"description\" content=\"Chandelier pascal en bois massif avec d\u00e9coration imitation marbre.  Frises ornementales dor\u00e9 \u00e0 la feuille d\u2019or. Le d\u00e9grad\u00e9 chromatique de la peinture peut \u00eatre r\u00e9alis\u00e9 avec des couleurs sur demande. Indiqu\u00e9 pour un cierge pascal de diam\u00e8tre de cm 8.  Le prix ne comprend pas le cierge. Hauteur cm 36\" \/>\n<meta name=\"robots\" content=\"index, follow, max-snippet:-1, max-image-preview:large, max-video-preview:-1\" \/>\n<link rel=\"canonical\" href=\"https:\/\/www.gruppoliturgico.com\/fr\/produit\/chandelier-pascal-11\/\" \/>\n<meta property=\"og:locale\" content=\"fr_FR\" \/>\n<meta property=\"og:type\" content=\"article\" \/>\n<meta property=\"og:title\" content=\"Chandelier pascal - Art 1865, chandeliers pascal et Laboratorio Gruppo Liturgico\" \/>\n<meta property=\"og:description\" content=\"Chandelier pascal en bois massif avec d\u00e9coration imitation marbre.  Frises ornementales dor\u00e9 \u00e0 la feuille d\u2019or. Le d\u00e9grad\u00e9 chromatique de la peinture peut \u00eatre r\u00e9alis\u00e9 avec des couleurs sur demande. Indiqu\u00e9 pour un cierge pascal de diam\u00e8tre de cm 8.  Le prix ne comprend pas le cierge. Hauteur cm 36\" \/>\n<meta property=\"og:url\" content=\"https:\/\/www.gruppoliturgico.com\/fr\/produit\/chandelier-pascal-11\/\" \/>\n<meta property=\"og:site_name\" content=\"Laboratorio Gruppo Liturgico\" \/>\n<meta property=\"article:modified_time\" content=\"2022-10-21T14:09:36+00:00\" \/>\n<meta property=\"og:image\" content=\"https:\/\/www.gruppoliturgico.com\/wp-content\/uploads\/2022\/05\/1870_InPixio.jpg\" \/>\n\t<meta property=\"og:image:width\" content=\"773\" \/>\n\t<meta property=\"og:image:height\" content=\"2000\" \/>\n\t<meta property=\"og:image:type\" content=\"image\/jpeg\" \/>\n<meta name=\"twitter:card\" content=\"summary_large_image\" \/>\n<script type=\"application\/ld+json\" class=\"yoast-schema-graph\">{\"@context\":\"https:\/\/schema.org\",\"@graph\":[{\"@type\":\"WebPage\",\"@id\":\"https:\/\/www.gruppoliturgico.com\/fr\/produit\/chandelier-pascal-11\/\",\"url\":\"https:\/\/www.gruppoliturgico.com\/fr\/produit\/chandelier-pascal-11\/\",\"name\":\"Chandelier pascal - Art 1865, chandeliers pascal et Laboratorio Gruppo Liturgico\",\"isPartOf\":{\"@id\":\"https:\/\/www.gruppoliturgico.com\/es\/#website\"},\"datePublished\":\"2022-05-19T23:37:31+00:00\",\"dateModified\":\"2022-10-21T14:09:36+00:00\",\"description\":\"Chandelier pascal en bois massif avec d\u00e9coration imitation marbre. Frises ornementales dor\u00e9 \u00e0 la feuille d\u2019or. Le d\u00e9grad\u00e9 chromatique de la peinture peut \u00eatre r\u00e9alis\u00e9 avec des couleurs sur demande. Indiqu\u00e9 pour un cierge pascal de diam\u00e8tre de cm 8. Le prix ne comprend pas le cierge. Hauteur cm 36\",\"breadcrumb\":{\"@id\":\"https:\/\/www.gruppoliturgico.com\/fr\/produit\/chandelier-pascal-11\/#breadcrumb\"},\"inLanguage\":\"fr-FR\",\"potentialAction\":[{\"@type\":\"ReadAction\",\"target\":[\"https:\/\/www.gruppoliturgico.com\/fr\/produit\/chandelier-pascal-11\/\"]}]},{\"@type\":\"BreadcrumbList\",\"@id\":\"https:\/\/www.gruppoliturgico.com\/fr\/produit\/chandelier-pascal-11\/#breadcrumb\",\"itemListElement\":[{\"@type\":\"ListItem\",\"position\":1,\"name\":\"Home\",\"item\":\"https:\/\/www.gruppoliturgico.com\/fr\/\"},{\"@type\":\"ListItem\",\"position\":2,\"name\":\"Boutique\",\"item\":\"https:\/\/www.gruppoliturgico.com\/fr\/boutique\/\"},{\"@type\":\"ListItem\",\"position\":3,\"name\":\"Chandelier pascal\"}]},{\"@type\":\"WebSite\",\"@id\":\"https:\/\/www.gruppoliturgico.com\/es\/#website\",\"url\":\"https:\/\/www.gruppoliturgico.com\/es\/\",\"name\":\"Laboratorio Gruppo Liturgico\",\"description\":\"Articoli Religiosi online\",\"publisher\":{\"@id\":\"https:\/\/www.gruppoliturgico.com\/es\/#organization\"},\"potentialAction\":[{\"@type\":\"SearchAction\",\"target\":{\"@type\":\"EntryPoint\",\"urlTemplate\":\"https:\/\/www.gruppoliturgico.com\/es\/?s={search_term_string}\"},\"query-input\":\"required name=search_term_string\"}],\"inLanguage\":\"fr-FR\"},{\"@type\":\"Organization\",\"@id\":\"https:\/\/www.gruppoliturgico.com\/es\/#organization\",\"name\":\"Laboratorio Gruppo Liturgico\",\"url\":\"https:\/\/www.gruppoliturgico.com\/es\/\",\"logo\":{\"@type\":\"ImageObject\",\"inLanguage\":\"fr-FR\",\"@id\":\"https:\/\/www.gruppoliturgico.com\/es\/#\/schema\/logo\/image\/\",\"url\":\"https:\/\/www.gruppoliturgico.com\/wp-content\/uploads\/2022\/02\/logo-laboratoriogruppoliturgico.png\",\"contentUrl\":\"https:\/\/www.gruppoliturgico.com\/wp-content\/uploads\/2022\/02\/logo-laboratoriogruppoliturgico.png\",\"width\":400,\"height\":114,\"caption\":\"Laboratorio Gruppo Liturgico\"},\"image\":{\"@id\":\"https:\/\/www.gruppoliturgico.com\/es\/#\/schema\/logo\/image\/\"}}]}<\/script>\n<!-- \/ Yoast SEO plugin. -->","yoast_head_json":{"title":"Chandelier pascal - Art 1865, chandeliers pascal et Laboratorio Gruppo Liturgico","description":"Chandelier pascal en bois massif avec d\u00e9coration imitation marbre.  Frises ornementales dor\u00e9 \u00e0 la feuille d\u2019or. Le d\u00e9grad\u00e9 chromatique de la peinture peut \u00eatre r\u00e9alis\u00e9 avec des couleurs sur demande. Indiqu\u00e9 pour un cierge pascal de diam\u00e8tre de cm 8.  Le prix ne comprend pas le cierge. Hauteur cm 36","robots":{"index":"index","follow":"follow","max-snippet":"max-snippet:-1","max-image-preview":"max-image-preview:large","max-video-preview":"max-video-preview:-1"},"canonical":"https:\/\/www.gruppoliturgico.com\/fr\/produit\/chandelier-pascal-11\/","og_locale":"fr_FR","og_type":"article","og_title":"Chandelier pascal - Art 1865, chandeliers pascal et Laboratorio Gruppo Liturgico","og_description":"Chandelier pascal en bois massif avec d\u00e9coration imitation marbre.  Frises ornementales dor\u00e9 \u00e0 la feuille d\u2019or. Le d\u00e9grad\u00e9 chromatique de la peinture peut \u00eatre r\u00e9alis\u00e9 avec des couleurs sur demande. Indiqu\u00e9 pour un cierge pascal de diam\u00e8tre de cm 8.  Le prix ne comprend pas le cierge. Hauteur cm 36","og_url":"https:\/\/www.gruppoliturgico.com\/fr\/produit\/chandelier-pascal-11\/","og_site_name":"Laboratorio Gruppo Liturgico","article_modified_time":"2022-10-21T14:09:36+00:00","og_image":[{"width":773,"height":2000,"url":"https:\/\/www.gruppoliturgico.com\/wp-content\/uploads\/2022\/05\/1870_InPixio.jpg","type":"image\/jpeg"}],"twitter_card":"summary_large_image","schema":{"@context":"https:\/\/schema.org","@graph":[{"@type":"WebPage","@id":"https:\/\/www.gruppoliturgico.com\/fr\/produit\/chandelier-pascal-11\/","url":"https:\/\/www.gruppoliturgico.com\/fr\/produit\/chandelier-pascal-11\/","name":"Chandelier pascal - Art 1865, chandeliers pascal et Laboratorio Gruppo Liturgico","isPartOf":{"@id":"https:\/\/www.gruppoliturgico.com\/es\/#website"},"datePublished":"2022-05-19T23:37:31+00:00","dateModified":"2022-10-21T14:09:36+00:00","description":"Chandelier pascal en bois massif avec d\u00e9coration imitation marbre. Frises ornementales dor\u00e9 \u00e0 la feuille d\u2019or. Le d\u00e9grad\u00e9 chromatique de la peinture peut \u00eatre r\u00e9alis\u00e9 avec des couleurs sur demande. Indiqu\u00e9 pour un cierge pascal de diam\u00e8tre de cm 8. Le prix ne comprend pas le cierge. Hauteur cm 36","breadcrumb":{"@id":"https:\/\/www.gruppoliturgico.com\/fr\/produit\/chandelier-pascal-11\/#breadcrumb"},"inLanguage":"fr-FR","potentialAction":[{"@type":"ReadAction","target":["https:\/\/www.gruppoliturgico.com\/fr\/produit\/chandelier-pascal-11\/"]}]},{"@type":"BreadcrumbList","@id":"https:\/\/www.gruppoliturgico.com\/fr\/produit\/chandelier-pascal-11\/#breadcrumb","itemListElement":[{"@type":"ListItem","position":1,"name":"Home","item":"https:\/\/www.gruppoliturgico.com\/fr\/"},{"@type":"ListItem","position":2,"name":"Boutique","item":"https:\/\/www.gruppoliturgico.com\/fr\/boutique\/"},{"@type":"ListItem","position":3,"name":"Chandelier pascal"}]},{"@type":"WebSite","@id":"https:\/\/www.gruppoliturgico.com\/es\/#website","url":"https:\/\/www.gruppoliturgico.com\/es\/","name":"Laboratorio Gruppo Liturgico","description":"Articoli Religiosi online","publisher":{"@id":"https:\/\/www.gruppoliturgico.com\/es\/#organization"},"potentialAction":[{"@type":"SearchAction","target":{"@type":"EntryPoint","urlTemplate":"https:\/\/www.gruppoliturgico.com\/es\/?s={search_term_string}"},"query-input":"required name=search_term_string"}],"inLanguage":"fr-FR"},{"@type":"Organization","@id":"https:\/\/www.gruppoliturgico.com\/es\/#organization","name":"Laboratorio Gruppo Liturgico","url":"https:\/\/www.gruppoliturgico.com\/es\/","logo":{"@type":"ImageObject","inLanguage":"fr-FR","@id":"https:\/\/www.gruppoliturgico.com\/es\/#\/schema\/logo\/image\/","url":"https:\/\/www.gruppoliturgico.com\/wp-content\/uploads\/2022\/02\/logo-laboratoriogruppoliturgico.png","contentUrl":"https:\/\/www.gruppoliturgico.com\/wp-content\/uploads\/2022\/02\/logo-laboratoriogruppoliturgico.png","width":400,"height":114,"caption":"Laboratorio Gruppo Liturgico"},"image":{"@id":"https:\/\/www.gruppoliturgico.com\/es\/#\/schema\/logo\/image\/"}}]}},"_links":{"self":[{"href":"https:\/\/www.gruppoliturgico.com\/fr\/wp-json\/wp\/v2\/product\/66275"}],"collection":[{"href":"https:\/\/www.gruppoliturgico.com\/fr\/wp-json\/wp\/v2\/product"}],"about":[{"href":"https:\/\/www.gruppoliturgico.com\/fr\/wp-json\/wp\/v2\/types\/product"}],"wp:featuredmedia":[{"embeddable":true,"href":"https:\/\/www.gruppoliturgico.com\/fr\/wp-json\/wp\/v2\/media\/131484"}],"wp:attachment":[{"href":"https:\/\/www.gruppoliturgico.com\/fr\/wp-json\/wp\/v2\/media?parent=66275"}],"wp:term":[{"taxonomy":"product_cat","embeddable":true,"href":"https:\/\/www.gruppoliturgico.com\/fr\/wp-json\/wp\/v2\/product_cat?post=66275"},{"taxonomy":"product_tag","embeddable":true,"href":"https:\/\/www.gruppoliturgico.com\/fr\/wp-json\/wp\/v2\/product_tag?post=66275"}],"curies":[{"name":"wp","href":"https:\/\/api.w.org\/{rel}","templated":true}]}}

<html><body><p>Chandelier pascal en bois massif avec décoration imitation marbre.<br>
Frises ornementales doré à la feuille d’or.<br>
Le dégradé chromatique de la peinture peut être réalisé avec des couleurs sur demande.<br>
Indiqué pour un cierge pascal de diamètre de cm 8.<br>
Le prix ne comprend pas le cierge.<br>
Hauteur cm 36 </p>
</body></html>

<p>Chandelier pascal en bois massif avec décoration imitation marbre.<br />
Frises ornementales doré à la feuille d’or.<br />
Le dégradé chromatique de la peinture peut être réalisé avec des couleurs sur demande.<br />
Indiqué pour un cierge pascal de diamètre de cm 8.<br />
Le prix ne comprend pas le cierge.<br />
Hauteur cm 36 </p>

<!-- This site is optimized with the Yoast SEO plugin v20.4 - https://yoast.com/wordpress/plugins/seo/ -->
<title>Chandelier pascal - Art 1865, chandeliers pascal et Laboratorio Gruppo Liturgico</title>
<meta name="description" content="Chandelier pascal en bois massif avec décoration imitation marbre.  Frises ornementales doré à la feuille d’or. Le dégradé chromatique de la peinture peut être réalisé avec des couleurs sur demande. Indiqué pour un cierge pascal de diamètre de cm 8.  Le prix ne comprend pas le cierge. Hauteur cm 36" />
<meta name="robots" content="index, follow, max-snippet:-1, max-image-preview:large, max-video-preview:-1" />
<link rel="canonical" href="https://www.gruppoliturgico.com/fr/produit/chandelier-pascal-11/" />
<meta property="og:locale" content="fr_FR" />
<meta property="og:type" content="article" />
<meta property="og:title" content="Chandelier pascal - Art 1865, chandeliers pascal et Laboratorio Gruppo Liturgico" />
<meta property="og:description" content="Chandelier pascal en bois massif avec décoration imitation marbre.  Frises ornementales doré à la feuille d’or. Le dégradé chromatique de la peinture peut être réalisé avec des couleurs sur demande. Indiqué pour un cierge pascal de diamètre de cm 8.  Le prix ne comprend pas le cierge. Hauteur cm 36" />
<meta property="og:url" content="https://www.gruppoliturgico.com/fr/produit/chandelier-pascal-11/" />
<meta property="og:site_name" content="Laboratorio Gruppo Liturgico" />
<meta property="article:modified_time" content="2022-10-21T14:09:36+00:00" />
<meta property="og:image" content="https://www.gruppoliturgico.com/wp-content/uploads/2022/05/1870_InPixio.jpg" />
	<meta property="og:image:width" content="773" />
	<meta property="og:image:height" content="2000" />
	<meta property="og:image:type" content="image/jpeg" />
<meta name="twitter:card" content="summary_large_image" />
<script type="application/ld+json" class="yoast-schema-graph">{"@context":"https://schema.org","@graph":[{"@type":"WebPage","@id":"https://www.gruppoliturgico.com/fr/produit/chandelier-pascal-11/","url":"https://www.gruppoliturgico.com/fr/produit/chandelier-pascal-11/","name":"Chandelier pascal - Art 1865, chandeliers pascal et Laboratorio Gruppo Liturgico","isPartOf":{"@id":"https://www.gruppoliturgico.com/es/#website"},"datePublished":"2022-05-19T23:37:31+00:00","dateModified":"2022-10-21T14:09:36+00:00","description":"Chandelier pascal en bois massif avec décoration imitation marbre. Frises ornementales doré à la feuille d’or. Le dégradé chromatique de la peinture peut être réalisé avec des couleurs sur demande. Indiqué pour un cierge pascal de diamètre de cm 8. Le prix ne comprend pas le cierge. Hauteur cm 36","breadcrumb":{"@id":"https://www.gruppoliturgico.com/fr/produit/chandelier-pascal-11/#breadcrumb"},"inLanguage":"fr-FR","potentialAction":[{"@type":"ReadAction","target":["https://www.gruppoliturgico.com/fr/produit/chandelier-pascal-11/"]}]},{"@type":"BreadcrumbList","@id":"https://www.gruppoliturgico.com/fr/produit/chandelier-pascal-11/#breadcrumb","itemListElement":[{"@type":"ListItem","position":1,"name":"Home","item":"https://www.gruppoliturgico.com/fr/"},{"@type":"ListItem","position":2,"name":"Boutique","item":"https://www.gruppoliturgico.com/fr/boutique/"},{"@type":"ListItem","position":3,"name":"Chandelier pascal"}]},{"@type":"WebSite","@id":"https://www.gruppoliturgico.com/es/#website","url":"https://www.gruppoliturgico.com/es/","name":"Laboratorio Gruppo Liturgico","description":"Articoli Religiosi online","publisher":{"@id":"https://www.gruppoliturgico.com/es/#organization"},"potentialAction":[{"@type":"SearchAction","target":{"@type":"EntryPoint","urlTemplate":"https://www.gruppoliturgico.com/es/?s={search_term_string}"},"query-input":"required name=search_term_string"}],"inLanguage":"fr-FR"},{"@type":"Organization","@id":"https://www.gruppoliturgico.com/es/#organization","name":"Laboratorio Gruppo Liturgico","url":"https://www.gruppoliturgico.com/es/","logo":{"@type":"ImageObject","inLanguage":"fr-FR","@id":"https://www.gruppoliturgico.com/es/#/schema/logo/image/","url":"https://www.gruppoliturgico.com/wp-content/uploads/2022/02/logo-laboratoriogruppoliturgico.png","contentUrl":"https://www.gruppoliturgico.com/wp-content/uploads/2022/02/logo-laboratoriogruppoliturgico.png","width":400,"height":114,"caption":"Laboratorio Gruppo Liturgico"},"image":{"@id":"https://www.gruppoliturgico.com/es/#/schema/logo/image/"}}]}</script>
<!-- / Yoast SEO plugin. -->

Chandelier pascal en bois massif avec décoration imitation marbre.  Frises ornementales doré à la feuille d’or. Le dégradé chromatique de la peinture peut être réalisé avec des couleurs sur demande. Indiqué pour un cierge pascal de diamètre de cm 8.  Le prix ne comprend pas le cierge. Hauteur cm 36

Chandelier pascal en bois massif avec décoration imitation marbre. Frises ornementales doré à la feuille d’or. Le dégradé chromatique de la peinture peut être réalisé avec des couleurs sur demande. Indiqué pour un cierge pascal de diamètre de cm 8. Le prix ne comprend pas le cierge. Hauteur cm 36
