{"id":65683,"date":"2022-05-20T01:08:20","date_gmt":"2022-05-19T23:08:27","guid":{"rendered":"https:\/\/www.gruppoliturgico.com\/prodotto\/s-te-virge-et-st-joseph-cm-125\/"},"modified":"2022-11-07T10:53:28","modified_gmt":"2022-11-07T09:53:28","slug":"s-te-virge-et-st-joseph-cm-125","status":"publish","type":"product","link":"https:\/\/www.gruppoliturgico.com\/fr\/produit\/s-te-virge-et-st-joseph-cm-125\/","title":{"rendered":"S.te Virge et St.Joseph cm 125"},"content":{"rendered":"<html><body><p>La S.te Virge et St.Joseph en fibre de verre et resine d\u00e9cor\u00e9.<br>\nLes d\u00e9corations sont faites \u00e0 la main avec des couleurs ind\u00e9l\u00e9biles \u00e9galement adapt\u00e9es au placement en ext\u00e9rieur.<br>\nDimensions<br>\nSt.Joseph cm 125<br>\nLa Vierge agenouill\u00e9e cm 90<\/p>\n<\/body><\/html>","protected":false},"excerpt":{"rendered":"<p>La S.te Virge et St.Joseph en fibre de verre et resine d\u00e9cor\u00e9.<br \/>\nLes d\u00e9corations sont faites \u00e0 la main avec des couleurs ind\u00e9l\u00e9biles \u00e9galement adapt\u00e9es au placement en ext\u00e9rieur.<br \/>\nDimensions<br \/>\nSt.Joseph cm 125<br \/>\nLa Vierge agenouill\u00e9e cm 90<\/p>\n","protected":false},"featured_media":76022,"template":"","meta":[],"product_cat":[12352],"product_tag":[],"yoast_head":"<!-- This site is optimized with the Yoast SEO plugin v20.4 - https:\/\/yoast.com\/wordpress\/plugins\/seo\/ -->\n<title>S.te Virge et St.Joseph cm 125 - ensemble de No\u00ebl cm 125 et Laboratorio Gruppo Liturgico<\/title>\n<meta name=\"description\" content=\"La S.te Virge et St.Joseph en fibre de verre et resine d\u00e9cor\u00e9. Les d\u00e9corations sont faites \u00e0 la main avec des couleurs ind\u00e9l\u00e9biles \u00e9galement adapt\u00e9es au placement en ext\u00e9rieur. Dimensions St.Joseph cm 125 La Vierge agenouill\u00e9e cm 90\" \/>\n<meta name=\"robots\" content=\"index, follow, max-snippet:-1, max-image-preview:large, max-video-preview:-1\" \/>\n<link rel=\"canonical\" href=\"https:\/\/www.gruppoliturgico.com\/fr\/produit\/s-te-virge-et-st-joseph-cm-125\/\" \/>\n<meta property=\"og:locale\" content=\"fr_FR\" \/>\n<meta property=\"og:type\" content=\"article\" \/>\n<meta property=\"og:title\" content=\"S.te Virge et St.Joseph cm 125 - ensemble de No\u00ebl cm 125 et Laboratorio Gruppo Liturgico\" \/>\n<meta property=\"og:description\" content=\"La S.te Virge et St.Joseph en fibre de verre et resine d\u00e9cor\u00e9. Les d\u00e9corations sont faites \u00e0 la main avec des couleurs ind\u00e9l\u00e9biles \u00e9galement adapt\u00e9es au placement en ext\u00e9rieur. Dimensions St.Joseph cm 125 La Vierge agenouill\u00e9e cm 90\" \/>\n<meta property=\"og:url\" content=\"https:\/\/www.gruppoliturgico.com\/fr\/produit\/s-te-virge-et-st-joseph-cm-125\/\" \/>\n<meta property=\"og:site_name\" content=\"Laboratorio Gruppo Liturgico\" \/>\n<meta property=\"article:modified_time\" content=\"2022-11-07T09:53:28+00:00\" \/>\n<meta property=\"og:image\" content=\"https:\/\/www.gruppoliturgico.com\/wp-content\/uploads\/2022\/05\/1751.jpg\" \/>\n\t<meta property=\"og:image:width\" content=\"1143\" \/>\n\t<meta property=\"og:image:height\" content=\"1500\" \/>\n\t<meta property=\"og:image:type\" content=\"image\/jpeg\" \/>\n<meta name=\"twitter:card\" content=\"summary_large_image\" \/>\n<script type=\"application\/ld+json\" class=\"yoast-schema-graph\">{\"@context\":\"https:\/\/schema.org\",\"@graph\":[{\"@type\":\"WebPage\",\"@id\":\"https:\/\/www.gruppoliturgico.com\/fr\/produit\/s-te-virge-et-st-joseph-cm-125\/\",\"url\":\"https:\/\/www.gruppoliturgico.com\/fr\/produit\/s-te-virge-et-st-joseph-cm-125\/\",\"name\":\"S.te Virge et St.Joseph cm 125 - ensemble de No\u00ebl cm 125 et Laboratorio Gruppo Liturgico\",\"isPartOf\":{\"@id\":\"https:\/\/www.gruppoliturgico.com\/es\/#website\"},\"datePublished\":\"2022-05-19T23:08:27+00:00\",\"dateModified\":\"2022-11-07T09:53:28+00:00\",\"description\":\"La S.te Virge et St.Joseph en fibre de verre et resine d\u00e9cor\u00e9. Les d\u00e9corations sont faites \u00e0 la main avec des couleurs ind\u00e9l\u00e9biles \u00e9galement adapt\u00e9es au placement en ext\u00e9rieur. Dimensions St.Joseph cm 125 La Vierge agenouill\u00e9e cm 90\",\"breadcrumb\":{\"@id\":\"https:\/\/www.gruppoliturgico.com\/fr\/produit\/s-te-virge-et-st-joseph-cm-125\/#breadcrumb\"},\"inLanguage\":\"fr-FR\",\"potentialAction\":[{\"@type\":\"ReadAction\",\"target\":[\"https:\/\/www.gruppoliturgico.com\/fr\/produit\/s-te-virge-et-st-joseph-cm-125\/\"]}]},{\"@type\":\"BreadcrumbList\",\"@id\":\"https:\/\/www.gruppoliturgico.com\/fr\/produit\/s-te-virge-et-st-joseph-cm-125\/#breadcrumb\",\"itemListElement\":[{\"@type\":\"ListItem\",\"position\":1,\"name\":\"Home\",\"item\":\"https:\/\/www.gruppoliturgico.com\/fr\/\"},{\"@type\":\"ListItem\",\"position\":2,\"name\":\"Boutique\",\"item\":\"https:\/\/www.gruppoliturgico.com\/fr\/boutique\/\"},{\"@type\":\"ListItem\",\"position\":3,\"name\":\"S.te Virge et St.Joseph cm 125\"}]},{\"@type\":\"WebSite\",\"@id\":\"https:\/\/www.gruppoliturgico.com\/es\/#website\",\"url\":\"https:\/\/www.gruppoliturgico.com\/es\/\",\"name\":\"Laboratorio Gruppo Liturgico\",\"description\":\"Articoli Religiosi online\",\"publisher\":{\"@id\":\"https:\/\/www.gruppoliturgico.com\/es\/#organization\"},\"potentialAction\":[{\"@type\":\"SearchAction\",\"target\":{\"@type\":\"EntryPoint\",\"urlTemplate\":\"https:\/\/www.gruppoliturgico.com\/es\/?s={search_term_string}\"},\"query-input\":\"required name=search_term_string\"}],\"inLanguage\":\"fr-FR\"},{\"@type\":\"Organization\",\"@id\":\"https:\/\/www.gruppoliturgico.com\/es\/#organization\",\"name\":\"Laboratorio Gruppo Liturgico\",\"url\":\"https:\/\/www.gruppoliturgico.com\/es\/\",\"logo\":{\"@type\":\"ImageObject\",\"inLanguage\":\"fr-FR\",\"@id\":\"https:\/\/www.gruppoliturgico.com\/es\/#\/schema\/logo\/image\/\",\"url\":\"https:\/\/www.gruppoliturgico.com\/wp-content\/uploads\/2022\/02\/logo-laboratoriogruppoliturgico.png\",\"contentUrl\":\"https:\/\/www.gruppoliturgico.com\/wp-content\/uploads\/2022\/02\/logo-laboratoriogruppoliturgico.png\",\"width\":400,\"height\":114,\"caption\":\"Laboratorio Gruppo Liturgico\"},\"image\":{\"@id\":\"https:\/\/www.gruppoliturgico.com\/es\/#\/schema\/logo\/image\/\"}}]}<\/script>\n<!-- \/ Yoast SEO plugin. -->","yoast_head_json":{"title":"S.te Virge et St.Joseph cm 125 - ensemble de No\u00ebl cm 125 et Laboratorio Gruppo Liturgico","description":"La S.te Virge et St.Joseph en fibre de verre et resine d\u00e9cor\u00e9. Les d\u00e9corations sont faites \u00e0 la main avec des couleurs ind\u00e9l\u00e9biles \u00e9galement adapt\u00e9es au placement en ext\u00e9rieur. Dimensions St.Joseph cm 125 La Vierge agenouill\u00e9e cm 90","robots":{"index":"index","follow":"follow","max-snippet":"max-snippet:-1","max-image-preview":"max-image-preview:large","max-video-preview":"max-video-preview:-1"},"canonical":"https:\/\/www.gruppoliturgico.com\/fr\/produit\/s-te-virge-et-st-joseph-cm-125\/","og_locale":"fr_FR","og_type":"article","og_title":"S.te Virge et St.Joseph cm 125 - ensemble de No\u00ebl cm 125 et Laboratorio Gruppo Liturgico","og_description":"La S.te Virge et St.Joseph en fibre de verre et resine d\u00e9cor\u00e9. Les d\u00e9corations sont faites \u00e0 la main avec des couleurs ind\u00e9l\u00e9biles \u00e9galement adapt\u00e9es au placement en ext\u00e9rieur. Dimensions St.Joseph cm 125 La Vierge agenouill\u00e9e cm 90","og_url":"https:\/\/www.gruppoliturgico.com\/fr\/produit\/s-te-virge-et-st-joseph-cm-125\/","og_site_name":"Laboratorio Gruppo Liturgico","article_modified_time":"2022-11-07T09:53:28+00:00","og_image":[{"width":1143,"height":1500,"url":"https:\/\/www.gruppoliturgico.com\/wp-content\/uploads\/2022\/05\/1751.jpg","type":"image\/jpeg"}],"twitter_card":"summary_large_image","schema":{"@context":"https:\/\/schema.org","@graph":[{"@type":"WebPage","@id":"https:\/\/www.gruppoliturgico.com\/fr\/produit\/s-te-virge-et-st-joseph-cm-125\/","url":"https:\/\/www.gruppoliturgico.com\/fr\/produit\/s-te-virge-et-st-joseph-cm-125\/","name":"S.te Virge et St.Joseph cm 125 - ensemble de No\u00ebl cm 125 et Laboratorio Gruppo Liturgico","isPartOf":{"@id":"https:\/\/www.gruppoliturgico.com\/es\/#website"},"datePublished":"2022-05-19T23:08:27+00:00","dateModified":"2022-11-07T09:53:28+00:00","description":"La S.te Virge et St.Joseph en fibre de verre et resine d\u00e9cor\u00e9. Les d\u00e9corations sont faites \u00e0 la main avec des couleurs ind\u00e9l\u00e9biles \u00e9galement adapt\u00e9es au placement en ext\u00e9rieur. Dimensions St.Joseph cm 125 La Vierge agenouill\u00e9e cm 90","breadcrumb":{"@id":"https:\/\/www.gruppoliturgico.com\/fr\/produit\/s-te-virge-et-st-joseph-cm-125\/#breadcrumb"},"inLanguage":"fr-FR","potentialAction":[{"@type":"ReadAction","target":["https:\/\/www.gruppoliturgico.com\/fr\/produit\/s-te-virge-et-st-joseph-cm-125\/"]}]},{"@type":"BreadcrumbList","@id":"https:\/\/www.gruppoliturgico.com\/fr\/produit\/s-te-virge-et-st-joseph-cm-125\/#breadcrumb","itemListElement":[{"@type":"ListItem","position":1,"name":"Home","item":"https:\/\/www.gruppoliturgico.com\/fr\/"},{"@type":"ListItem","position":2,"name":"Boutique","item":"https:\/\/www.gruppoliturgico.com\/fr\/boutique\/"},{"@type":"ListItem","position":3,"name":"S.te Virge et St.Joseph cm 125"}]},{"@type":"WebSite","@id":"https:\/\/www.gruppoliturgico.com\/es\/#website","url":"https:\/\/www.gruppoliturgico.com\/es\/","name":"Laboratorio Gruppo Liturgico","description":"Articoli Religiosi online","publisher":{"@id":"https:\/\/www.gruppoliturgico.com\/es\/#organization"},"potentialAction":[{"@type":"SearchAction","target":{"@type":"EntryPoint","urlTemplate":"https:\/\/www.gruppoliturgico.com\/es\/?s={search_term_string}"},"query-input":"required name=search_term_string"}],"inLanguage":"fr-FR"},{"@type":"Organization","@id":"https:\/\/www.gruppoliturgico.com\/es\/#organization","name":"Laboratorio Gruppo Liturgico","url":"https:\/\/www.gruppoliturgico.com\/es\/","logo":{"@type":"ImageObject","inLanguage":"fr-FR","@id":"https:\/\/www.gruppoliturgico.com\/es\/#\/schema\/logo\/image\/","url":"https:\/\/www.gruppoliturgico.com\/wp-content\/uploads\/2022\/02\/logo-laboratoriogruppoliturgico.png","contentUrl":"https:\/\/www.gruppoliturgico.com\/wp-content\/uploads\/2022\/02\/logo-laboratoriogruppoliturgico.png","width":400,"height":114,"caption":"Laboratorio Gruppo Liturgico"},"image":{"@id":"https:\/\/www.gruppoliturgico.com\/es\/#\/schema\/logo\/image\/"}}]}},"_links":{"self":[{"href":"https:\/\/www.gruppoliturgico.com\/fr\/wp-json\/wp\/v2\/product\/65683"}],"collection":[{"href":"https:\/\/www.gruppoliturgico.com\/fr\/wp-json\/wp\/v2\/product"}],"about":[{"href":"https:\/\/www.gruppoliturgico.com\/fr\/wp-json\/wp\/v2\/types\/product"}],"wp:featuredmedia":[{"embeddable":true,"href":"https:\/\/www.gruppoliturgico.com\/fr\/wp-json\/wp\/v2\/media\/76022"}],"wp:attachment":[{"href":"https:\/\/www.gruppoliturgico.com\/fr\/wp-json\/wp\/v2\/media?parent=65683"}],"wp:term":[{"taxonomy":"product_cat","embeddable":true,"href":"https:\/\/www.gruppoliturgico.com\/fr\/wp-json\/wp\/v2\/product_cat?post=65683"},{"taxonomy":"product_tag","embeddable":true,"href":"https:\/\/www.gruppoliturgico.com\/fr\/wp-json\/wp\/v2\/product_tag?post=65683"}],"curies":[{"name":"wp","href":"https:\/\/api.w.org\/{rel}","templated":true}]}}

<html><body><p>La S.te Virge et St.Joseph en fibre de verre et resine décoré.<br>
Les décorations sont faites à la main avec des couleurs indélébiles également adaptées au placement en extérieur.<br>
Dimensions<br>
St.Joseph cm 125<br>
La Vierge agenouillée cm 90</p>
</body></html>

<p>La S.te Virge et St.Joseph en fibre de verre et resine décoré.<br />
Les décorations sont faites à la main avec des couleurs indélébiles également adaptées au placement en extérieur.<br />
Dimensions<br />
St.Joseph cm 125<br />
La Vierge agenouillée cm 90</p>

<!-- This site is optimized with the Yoast SEO plugin v20.4 - https://yoast.com/wordpress/plugins/seo/ -->
<title>S.te Virge et St.Joseph cm 125 - ensemble de Noël cm 125 et Laboratorio Gruppo Liturgico</title>
<meta name="description" content="La S.te Virge et St.Joseph en fibre de verre et resine décoré. Les décorations sont faites à la main avec des couleurs indélébiles également adaptées au placement en extérieur. Dimensions St.Joseph cm 125 La Vierge agenouillée cm 90" />
<meta name="robots" content="index, follow, max-snippet:-1, max-image-preview:large, max-video-preview:-1" />
<link rel="canonical" href="https://www.gruppoliturgico.com/fr/produit/s-te-virge-et-st-joseph-cm-125/" />
<meta property="og:locale" content="fr_FR" />
<meta property="og:type" content="article" />
<meta property="og:title" content="S.te Virge et St.Joseph cm 125 - ensemble de Noël cm 125 et Laboratorio Gruppo Liturgico" />
<meta property="og:description" content="La S.te Virge et St.Joseph en fibre de verre et resine décoré. Les décorations sont faites à la main avec des couleurs indélébiles également adaptées au placement en extérieur. Dimensions St.Joseph cm 125 La Vierge agenouillée cm 90" />
<meta property="og:url" content="https://www.gruppoliturgico.com/fr/produit/s-te-virge-et-st-joseph-cm-125/" />
<meta property="og:site_name" content="Laboratorio Gruppo Liturgico" />
<meta property="article:modified_time" content="2022-11-07T09:53:28+00:00" />
<meta property="og:image" content="https://www.gruppoliturgico.com/wp-content/uploads/2022/05/1751.jpg" />
	<meta property="og:image:width" content="1143" />
	<meta property="og:image:height" content="1500" />
	<meta property="og:image:type" content="image/jpeg" />
<meta name="twitter:card" content="summary_large_image" />
<script type="application/ld+json" class="yoast-schema-graph">{"@context":"https://schema.org","@graph":[{"@type":"WebPage","@id":"https://www.gruppoliturgico.com/fr/produit/s-te-virge-et-st-joseph-cm-125/","url":"https://www.gruppoliturgico.com/fr/produit/s-te-virge-et-st-joseph-cm-125/","name":"S.te Virge et St.Joseph cm 125 - ensemble de Noël cm 125 et Laboratorio Gruppo Liturgico","isPartOf":{"@id":"https://www.gruppoliturgico.com/es/#website"},"datePublished":"2022-05-19T23:08:27+00:00","dateModified":"2022-11-07T09:53:28+00:00","description":"La S.te Virge et St.Joseph en fibre de verre et resine décoré. Les décorations sont faites à la main avec des couleurs indélébiles également adaptées au placement en extérieur. Dimensions St.Joseph cm 125 La Vierge agenouillée cm 90","breadcrumb":{"@id":"https://www.gruppoliturgico.com/fr/produit/s-te-virge-et-st-joseph-cm-125/#breadcrumb"},"inLanguage":"fr-FR","potentialAction":[{"@type":"ReadAction","target":["https://www.gruppoliturgico.com/fr/produit/s-te-virge-et-st-joseph-cm-125/"]}]},{"@type":"BreadcrumbList","@id":"https://www.gruppoliturgico.com/fr/produit/s-te-virge-et-st-joseph-cm-125/#breadcrumb","itemListElement":[{"@type":"ListItem","position":1,"name":"Home","item":"https://www.gruppoliturgico.com/fr/"},{"@type":"ListItem","position":2,"name":"Boutique","item":"https://www.gruppoliturgico.com/fr/boutique/"},{"@type":"ListItem","position":3,"name":"S.te Virge et St.Joseph cm 125"}]},{"@type":"WebSite","@id":"https://www.gruppoliturgico.com/es/#website","url":"https://www.gruppoliturgico.com/es/","name":"Laboratorio Gruppo Liturgico","description":"Articoli Religiosi online","publisher":{"@id":"https://www.gruppoliturgico.com/es/#organization"},"potentialAction":[{"@type":"SearchAction","target":{"@type":"EntryPoint","urlTemplate":"https://www.gruppoliturgico.com/es/?s={search_term_string}"},"query-input":"required name=search_term_string"}],"inLanguage":"fr-FR"},{"@type":"Organization","@id":"https://www.gruppoliturgico.com/es/#organization","name":"Laboratorio Gruppo Liturgico","url":"https://www.gruppoliturgico.com/es/","logo":{"@type":"ImageObject","inLanguage":"fr-FR","@id":"https://www.gruppoliturgico.com/es/#/schema/logo/image/","url":"https://www.gruppoliturgico.com/wp-content/uploads/2022/02/logo-laboratoriogruppoliturgico.png","contentUrl":"https://www.gruppoliturgico.com/wp-content/uploads/2022/02/logo-laboratoriogruppoliturgico.png","width":400,"height":114,"caption":"Laboratorio Gruppo Liturgico"},"image":{"@id":"https://www.gruppoliturgico.com/es/#/schema/logo/image/"}}]}</script>
<!-- / Yoast SEO plugin. -->

S.te Virge et St.Joseph cm 125 - ensemble de Noël cm 125 et Laboratorio Gruppo Liturgico

La S.te Virge et St.Joseph en fibre de verre et resine décoré. Les décorations sont faites à la main avec des couleurs indélébiles également adaptées au placement en extérieur. Dimensions St.Joseph cm 125 La Vierge agenouillée cm 90
