{"id":65679,"date":"2022-05-20T01:08:04","date_gmt":"2022-05-19T23:08:13","guid":{"rendered":"https:\/\/www.gruppoliturgico.com\/prodotto\/ensemble-de-noel-3\/"},"modified":"2022-11-07T10:44:52","modified_gmt":"2022-11-07T09:44:52","slug":"ensemble-de-noel-3","status":"publish","type":"product","link":"https:\/\/www.gruppoliturgico.com\/fr\/produit\/ensemble-de-noel-3\/","title":{"rendered":"Ensemble de No\u00ebl"},"content":{"rendered":"<html><body><p>Ensemble de No\u00ebl en fibre de verre et resine d\u00e9cor\u00e9.<br>\nLes d\u00e9corations sont faites \u00e0 la main avec des couleurs ind\u00e9l\u00e9biles \u00e9galement adapt\u00e9es au placement en ext\u00e9rieur.<br>\nEnsembe compos\u00e9 des statues de San Joseph, de la Vierge agenouill\u00e9e et L\u2019Enfant J\u00e9sus, particuli\u00e8rement riche en d\u00e9tails en or, pos\u00e9 dans un berceau en bois construit \u00e0 la main.<br>\nDimensions<br>\nSt.Joseph cm 125<br>\nLa Vierge agenouill\u00e9e  cm 90<br>\nL\u2019Enfant J\u00e9sus cm 60.<\/p>\n<\/body><\/html>","protected":false},"excerpt":{"rendered":"<p>Ensemble de No\u00ebl en fibre de verre et resine d\u00e9cor\u00e9.<br \/>\nLes d\u00e9corations sont faites \u00e0 la main avec des couleurs ind\u00e9l\u00e9biles \u00e9galement adapt\u00e9es au placement en ext\u00e9rieur.<br \/>\nEnsembe compos\u00e9 des statues de San Joseph, de la Vierge agenouill\u00e9e et L&rsquo;Enfant J\u00e9sus, particuli\u00e8rement riche en d\u00e9tails en or, pos\u00e9 dans un berceau en bois construit \u00e0 la main.<br \/>\nDimensions<br \/>\nSt.Joseph cm 125<br \/>\nLa Vierge agenouill\u00e9e  cm 90<br \/>\nL&rsquo;Enfant J\u00e9sus cm 60.<\/p>\n","protected":false},"featured_media":135149,"template":"","meta":[],"product_cat":[12352],"product_tag":[],"yoast_head":"<!-- This site is optimized with the Yoast SEO plugin v20.4 - https:\/\/yoast.com\/wordpress\/plugins\/seo\/ -->\n<title>Ensemble de No\u00ebl - ensemble de No\u00ebl cm 125 et Laboratorio Gruppo Liturgico<\/title>\n<meta name=\"description\" content=\"Ensemble de No\u00ebl en fibre de verre et resine d\u00e9cor\u00e9. Les d\u00e9corations sont faites \u00e0 la main avec des couleurs ind\u00e9l\u00e9biles \u00e9galement adapt\u00e9es au placement en ext\u00e9rieur. Ensembe compos\u00e9 des statues de San Joseph, de la Vierge agenouill\u00e9e et L&#039;Enfant J\u00e9sus, particuli\u00e8rement riche en d\u00e9tails en or, pos\u00e9 dans un berceau en bois construit \u00e0 la main. Dimensions St.Joseph cm 125 La Vierge agenouill\u00e9e cm 90 L&#039;Enfant J\u00e9sus cm 60.\" \/>\n<meta name=\"robots\" content=\"index, follow, max-snippet:-1, max-image-preview:large, max-video-preview:-1\" \/>\n<link rel=\"canonical\" href=\"https:\/\/www.gruppoliturgico.com\/fr\/produit\/ensemble-de-noel-3\/\" \/>\n<meta property=\"og:locale\" content=\"fr_FR\" \/>\n<meta property=\"og:type\" content=\"article\" \/>\n<meta property=\"og:title\" content=\"Ensemble de No\u00ebl - ensemble de No\u00ebl cm 125 et Laboratorio Gruppo Liturgico\" \/>\n<meta property=\"og:description\" content=\"Ensemble de No\u00ebl en fibre de verre et resine d\u00e9cor\u00e9. Les d\u00e9corations sont faites \u00e0 la main avec des couleurs ind\u00e9l\u00e9biles \u00e9galement adapt\u00e9es au placement en ext\u00e9rieur. Ensembe compos\u00e9 des statues de San Joseph, de la Vierge agenouill\u00e9e et L&#039;Enfant J\u00e9sus, particuli\u00e8rement riche en d\u00e9tails en or, pos\u00e9 dans un berceau en bois construit \u00e0 la main. Dimensions St.Joseph cm 125 La Vierge agenouill\u00e9e cm 90 L&#039;Enfant J\u00e9sus cm 60.\" \/>\n<meta property=\"og:url\" content=\"https:\/\/www.gruppoliturgico.com\/fr\/produit\/ensemble-de-noel-3\/\" \/>\n<meta property=\"og:site_name\" content=\"Laboratorio Gruppo Liturgico\" \/>\n<meta property=\"article:modified_time\" content=\"2022-11-07T09:44:52+00:00\" \/>\n<meta property=\"og:image\" content=\"https:\/\/www.gruppoliturgico.com\/wp-content\/uploads\/2022\/05\/1751-a-nv.jpg\" \/>\n\t<meta property=\"og:image:width\" content=\"1464\" \/>\n\t<meta property=\"og:image:height\" content=\"2000\" \/>\n\t<meta property=\"og:image:type\" content=\"image\/jpeg\" \/>\n<meta name=\"twitter:card\" content=\"summary_large_image\" \/>\n<script type=\"application\/ld+json\" class=\"yoast-schema-graph\">{\"@context\":\"https:\/\/schema.org\",\"@graph\":[{\"@type\":\"WebPage\",\"@id\":\"https:\/\/www.gruppoliturgico.com\/fr\/produit\/ensemble-de-noel-3\/\",\"url\":\"https:\/\/www.gruppoliturgico.com\/fr\/produit\/ensemble-de-noel-3\/\",\"name\":\"Ensemble de No\u00ebl - ensemble de No\u00ebl cm 125 et Laboratorio Gruppo Liturgico\",\"isPartOf\":{\"@id\":\"https:\/\/www.gruppoliturgico.com\/es\/#website\"},\"datePublished\":\"2022-05-19T23:08:13+00:00\",\"dateModified\":\"2022-11-07T09:44:52+00:00\",\"description\":\"Ensemble de No\u00ebl en fibre de verre et resine d\u00e9cor\u00e9. Les d\u00e9corations sont faites \u00e0 la main avec des couleurs ind\u00e9l\u00e9biles \u00e9galement adapt\u00e9es au placement en ext\u00e9rieur. Ensembe compos\u00e9 des statues de San Joseph, de la Vierge agenouill\u00e9e et L'Enfant J\u00e9sus, particuli\u00e8rement riche en d\u00e9tails en or, pos\u00e9 dans un berceau en bois construit \u00e0 la main. Dimensions St.Joseph cm 125 La Vierge agenouill\u00e9e cm 90 L'Enfant J\u00e9sus cm 60.\",\"breadcrumb\":{\"@id\":\"https:\/\/www.gruppoliturgico.com\/fr\/produit\/ensemble-de-noel-3\/#breadcrumb\"},\"inLanguage\":\"fr-FR\",\"potentialAction\":[{\"@type\":\"ReadAction\",\"target\":[\"https:\/\/www.gruppoliturgico.com\/fr\/produit\/ensemble-de-noel-3\/\"]}]},{\"@type\":\"BreadcrumbList\",\"@id\":\"https:\/\/www.gruppoliturgico.com\/fr\/produit\/ensemble-de-noel-3\/#breadcrumb\",\"itemListElement\":[{\"@type\":\"ListItem\",\"position\":1,\"name\":\"Home\",\"item\":\"https:\/\/www.gruppoliturgico.com\/fr\/\"},{\"@type\":\"ListItem\",\"position\":2,\"name\":\"Boutique\",\"item\":\"https:\/\/www.gruppoliturgico.com\/fr\/boutique\/\"},{\"@type\":\"ListItem\",\"position\":3,\"name\":\"Ensemble de No\u00ebl\"}]},{\"@type\":\"WebSite\",\"@id\":\"https:\/\/www.gruppoliturgico.com\/es\/#website\",\"url\":\"https:\/\/www.gruppoliturgico.com\/es\/\",\"name\":\"Laboratorio Gruppo Liturgico\",\"description\":\"Articoli Religiosi online\",\"publisher\":{\"@id\":\"https:\/\/www.gruppoliturgico.com\/es\/#organization\"},\"potentialAction\":[{\"@type\":\"SearchAction\",\"target\":{\"@type\":\"EntryPoint\",\"urlTemplate\":\"https:\/\/www.gruppoliturgico.com\/es\/?s={search_term_string}\"},\"query-input\":\"required name=search_term_string\"}],\"inLanguage\":\"fr-FR\"},{\"@type\":\"Organization\",\"@id\":\"https:\/\/www.gruppoliturgico.com\/es\/#organization\",\"name\":\"Laboratorio Gruppo Liturgico\",\"url\":\"https:\/\/www.gruppoliturgico.com\/es\/\",\"logo\":{\"@type\":\"ImageObject\",\"inLanguage\":\"fr-FR\",\"@id\":\"https:\/\/www.gruppoliturgico.com\/es\/#\/schema\/logo\/image\/\",\"url\":\"https:\/\/www.gruppoliturgico.com\/wp-content\/uploads\/2022\/02\/logo-laboratoriogruppoliturgico.png\",\"contentUrl\":\"https:\/\/www.gruppoliturgico.com\/wp-content\/uploads\/2022\/02\/logo-laboratoriogruppoliturgico.png\",\"width\":400,\"height\":114,\"caption\":\"Laboratorio Gruppo Liturgico\"},\"image\":{\"@id\":\"https:\/\/www.gruppoliturgico.com\/es\/#\/schema\/logo\/image\/\"}}]}<\/script>\n<!-- \/ Yoast SEO plugin. -->","yoast_head_json":{"title":"Ensemble de No\u00ebl - ensemble de No\u00ebl cm 125 et Laboratorio Gruppo Liturgico","description":"Ensemble de No\u00ebl en fibre de verre et resine d\u00e9cor\u00e9. Les d\u00e9corations sont faites \u00e0 la main avec des couleurs ind\u00e9l\u00e9biles \u00e9galement adapt\u00e9es au placement en ext\u00e9rieur. Ensembe compos\u00e9 des statues de San Joseph, de la Vierge agenouill\u00e9e et L'Enfant J\u00e9sus, particuli\u00e8rement riche en d\u00e9tails en or, pos\u00e9 dans un berceau en bois construit \u00e0 la main. Dimensions St.Joseph cm 125 La Vierge agenouill\u00e9e cm 90 L'Enfant J\u00e9sus cm 60.","robots":{"index":"index","follow":"follow","max-snippet":"max-snippet:-1","max-image-preview":"max-image-preview:large","max-video-preview":"max-video-preview:-1"},"canonical":"https:\/\/www.gruppoliturgico.com\/fr\/produit\/ensemble-de-noel-3\/","og_locale":"fr_FR","og_type":"article","og_title":"Ensemble de No\u00ebl - ensemble de No\u00ebl cm 125 et Laboratorio Gruppo Liturgico","og_description":"Ensemble de No\u00ebl en fibre de verre et resine d\u00e9cor\u00e9. Les d\u00e9corations sont faites \u00e0 la main avec des couleurs ind\u00e9l\u00e9biles \u00e9galement adapt\u00e9es au placement en ext\u00e9rieur. Ensembe compos\u00e9 des statues de San Joseph, de la Vierge agenouill\u00e9e et L'Enfant J\u00e9sus, particuli\u00e8rement riche en d\u00e9tails en or, pos\u00e9 dans un berceau en bois construit \u00e0 la main. Dimensions St.Joseph cm 125 La Vierge agenouill\u00e9e cm 90 L'Enfant J\u00e9sus cm 60.","og_url":"https:\/\/www.gruppoliturgico.com\/fr\/produit\/ensemble-de-noel-3\/","og_site_name":"Laboratorio Gruppo Liturgico","article_modified_time":"2022-11-07T09:44:52+00:00","og_image":[{"width":1464,"height":2000,"url":"https:\/\/www.gruppoliturgico.com\/wp-content\/uploads\/2022\/05\/1751-a-nv.jpg","type":"image\/jpeg"}],"twitter_card":"summary_large_image","schema":{"@context":"https:\/\/schema.org","@graph":[{"@type":"WebPage","@id":"https:\/\/www.gruppoliturgico.com\/fr\/produit\/ensemble-de-noel-3\/","url":"https:\/\/www.gruppoliturgico.com\/fr\/produit\/ensemble-de-noel-3\/","name":"Ensemble de No\u00ebl - ensemble de No\u00ebl cm 125 et Laboratorio Gruppo Liturgico","isPartOf":{"@id":"https:\/\/www.gruppoliturgico.com\/es\/#website"},"datePublished":"2022-05-19T23:08:13+00:00","dateModified":"2022-11-07T09:44:52+00:00","description":"Ensemble de No\u00ebl en fibre de verre et resine d\u00e9cor\u00e9. Les d\u00e9corations sont faites \u00e0 la main avec des couleurs ind\u00e9l\u00e9biles \u00e9galement adapt\u00e9es au placement en ext\u00e9rieur. Ensembe compos\u00e9 des statues de San Joseph, de la Vierge agenouill\u00e9e et L'Enfant J\u00e9sus, particuli\u00e8rement riche en d\u00e9tails en or, pos\u00e9 dans un berceau en bois construit \u00e0 la main. Dimensions St.Joseph cm 125 La Vierge agenouill\u00e9e cm 90 L'Enfant J\u00e9sus cm 60.","breadcrumb":{"@id":"https:\/\/www.gruppoliturgico.com\/fr\/produit\/ensemble-de-noel-3\/#breadcrumb"},"inLanguage":"fr-FR","potentialAction":[{"@type":"ReadAction","target":["https:\/\/www.gruppoliturgico.com\/fr\/produit\/ensemble-de-noel-3\/"]}]},{"@type":"BreadcrumbList","@id":"https:\/\/www.gruppoliturgico.com\/fr\/produit\/ensemble-de-noel-3\/#breadcrumb","itemListElement":[{"@type":"ListItem","position":1,"name":"Home","item":"https:\/\/www.gruppoliturgico.com\/fr\/"},{"@type":"ListItem","position":2,"name":"Boutique","item":"https:\/\/www.gruppoliturgico.com\/fr\/boutique\/"},{"@type":"ListItem","position":3,"name":"Ensemble de No\u00ebl"}]},{"@type":"WebSite","@id":"https:\/\/www.gruppoliturgico.com\/es\/#website","url":"https:\/\/www.gruppoliturgico.com\/es\/","name":"Laboratorio Gruppo Liturgico","description":"Articoli Religiosi online","publisher":{"@id":"https:\/\/www.gruppoliturgico.com\/es\/#organization"},"potentialAction":[{"@type":"SearchAction","target":{"@type":"EntryPoint","urlTemplate":"https:\/\/www.gruppoliturgico.com\/es\/?s={search_term_string}"},"query-input":"required name=search_term_string"}],"inLanguage":"fr-FR"},{"@type":"Organization","@id":"https:\/\/www.gruppoliturgico.com\/es\/#organization","name":"Laboratorio Gruppo Liturgico","url":"https:\/\/www.gruppoliturgico.com\/es\/","logo":{"@type":"ImageObject","inLanguage":"fr-FR","@id":"https:\/\/www.gruppoliturgico.com\/es\/#\/schema\/logo\/image\/","url":"https:\/\/www.gruppoliturgico.com\/wp-content\/uploads\/2022\/02\/logo-laboratoriogruppoliturgico.png","contentUrl":"https:\/\/www.gruppoliturgico.com\/wp-content\/uploads\/2022\/02\/logo-laboratoriogruppoliturgico.png","width":400,"height":114,"caption":"Laboratorio Gruppo Liturgico"},"image":{"@id":"https:\/\/www.gruppoliturgico.com\/es\/#\/schema\/logo\/image\/"}}]}},"_links":{"self":[{"href":"https:\/\/www.gruppoliturgico.com\/fr\/wp-json\/wp\/v2\/product\/65679"}],"collection":[{"href":"https:\/\/www.gruppoliturgico.com\/fr\/wp-json\/wp\/v2\/product"}],"about":[{"href":"https:\/\/www.gruppoliturgico.com\/fr\/wp-json\/wp\/v2\/types\/product"}],"wp:featuredmedia":[{"embeddable":true,"href":"https:\/\/www.gruppoliturgico.com\/fr\/wp-json\/wp\/v2\/media\/135149"}],"wp:attachment":[{"href":"https:\/\/www.gruppoliturgico.com\/fr\/wp-json\/wp\/v2\/media?parent=65679"}],"wp:term":[{"taxonomy":"product_cat","embeddable":true,"href":"https:\/\/www.gruppoliturgico.com\/fr\/wp-json\/wp\/v2\/product_cat?post=65679"},{"taxonomy":"product_tag","embeddable":true,"href":"https:\/\/www.gruppoliturgico.com\/fr\/wp-json\/wp\/v2\/product_tag?post=65679"}],"curies":[{"name":"wp","href":"https:\/\/api.w.org\/{rel}","templated":true}]}}

Ensemble de Noël

<html><body><p>Ensemble de Noël en fibre de verre et resine décoré.<br>
Les décorations sont faites à la main avec des couleurs indélébiles également adaptées au placement en extérieur.<br>
Ensembe composé des statues de San Joseph, de la Vierge agenouillée et L’Enfant Jésus, particulièrement riche en détails en or, posé dans un berceau en bois construit à la main.<br>
Dimensions<br>
St.Joseph cm 125<br>
La Vierge agenouillée  cm 90<br>
L’Enfant Jésus cm 60.</p>
</body></html>

<p>Ensemble de Noël en fibre de verre et resine décoré.<br />
Les décorations sont faites à la main avec des couleurs indélébiles également adaptées au placement en extérieur.<br />
Ensembe composé des statues de San Joseph, de la Vierge agenouillée et L&rsquo;Enfant Jésus, particulièrement riche en détails en or, posé dans un berceau en bois construit à la main.<br />
Dimensions<br />
St.Joseph cm 125<br />
La Vierge agenouillée  cm 90<br />
L&rsquo;Enfant Jésus cm 60.</p>

<!-- This site is optimized with the Yoast SEO plugin v20.4 - https://yoast.com/wordpress/plugins/seo/ -->
<title>Ensemble de Noël - ensemble de Noël cm 125 et Laboratorio Gruppo Liturgico</title>
<meta name="description" content="Ensemble de Noël en fibre de verre et resine décoré. Les décorations sont faites à la main avec des couleurs indélébiles également adaptées au placement en extérieur. Ensembe composé des statues de San Joseph, de la Vierge agenouillée et L&#039;Enfant Jésus, particulièrement riche en détails en or, posé dans un berceau en bois construit à la main. Dimensions St.Joseph cm 125 La Vierge agenouillée cm 90 L&#039;Enfant Jésus cm 60." />
<meta name="robots" content="index, follow, max-snippet:-1, max-image-preview:large, max-video-preview:-1" />
<link rel="canonical" href="https://www.gruppoliturgico.com/fr/produit/ensemble-de-noel-3/" />
<meta property="og:locale" content="fr_FR" />
<meta property="og:type" content="article" />
<meta property="og:title" content="Ensemble de Noël - ensemble de Noël cm 125 et Laboratorio Gruppo Liturgico" />
<meta property="og:description" content="Ensemble de Noël en fibre de verre et resine décoré. Les décorations sont faites à la main avec des couleurs indélébiles également adaptées au placement en extérieur. Ensembe composé des statues de San Joseph, de la Vierge agenouillée et L&#039;Enfant Jésus, particulièrement riche en détails en or, posé dans un berceau en bois construit à la main. Dimensions St.Joseph cm 125 La Vierge agenouillée cm 90 L&#039;Enfant Jésus cm 60." />
<meta property="og:url" content="https://www.gruppoliturgico.com/fr/produit/ensemble-de-noel-3/" />
<meta property="og:site_name" content="Laboratorio Gruppo Liturgico" />
<meta property="article:modified_time" content="2022-11-07T09:44:52+00:00" />
<meta property="og:image" content="https://www.gruppoliturgico.com/wp-content/uploads/2022/05/1751-a-nv.jpg" />
	<meta property="og:image:width" content="1464" />
	<meta property="og:image:height" content="2000" />
	<meta property="og:image:type" content="image/jpeg" />
<meta name="twitter:card" content="summary_large_image" />
<script type="application/ld+json" class="yoast-schema-graph">{"@context":"https://schema.org","@graph":[{"@type":"WebPage","@id":"https://www.gruppoliturgico.com/fr/produit/ensemble-de-noel-3/","url":"https://www.gruppoliturgico.com/fr/produit/ensemble-de-noel-3/","name":"Ensemble de Noël - ensemble de Noël cm 125 et Laboratorio Gruppo Liturgico","isPartOf":{"@id":"https://www.gruppoliturgico.com/es/#website"},"datePublished":"2022-05-19T23:08:13+00:00","dateModified":"2022-11-07T09:44:52+00:00","description":"Ensemble de Noël en fibre de verre et resine décoré. Les décorations sont faites à la main avec des couleurs indélébiles également adaptées au placement en extérieur. Ensembe composé des statues de San Joseph, de la Vierge agenouillée et L'Enfant Jésus, particulièrement riche en détails en or, posé dans un berceau en bois construit à la main. Dimensions St.Joseph cm 125 La Vierge agenouillée cm 90 L'Enfant Jésus cm 60.","breadcrumb":{"@id":"https://www.gruppoliturgico.com/fr/produit/ensemble-de-noel-3/#breadcrumb"},"inLanguage":"fr-FR","potentialAction":[{"@type":"ReadAction","target":["https://www.gruppoliturgico.com/fr/produit/ensemble-de-noel-3/"]}]},{"@type":"BreadcrumbList","@id":"https://www.gruppoliturgico.com/fr/produit/ensemble-de-noel-3/#breadcrumb","itemListElement":[{"@type":"ListItem","position":1,"name":"Home","item":"https://www.gruppoliturgico.com/fr/"},{"@type":"ListItem","position":2,"name":"Boutique","item":"https://www.gruppoliturgico.com/fr/boutique/"},{"@type":"ListItem","position":3,"name":"Ensemble de Noël"}]},{"@type":"WebSite","@id":"https://www.gruppoliturgico.com/es/#website","url":"https://www.gruppoliturgico.com/es/","name":"Laboratorio Gruppo Liturgico","description":"Articoli Religiosi online","publisher":{"@id":"https://www.gruppoliturgico.com/es/#organization"},"potentialAction":[{"@type":"SearchAction","target":{"@type":"EntryPoint","urlTemplate":"https://www.gruppoliturgico.com/es/?s={search_term_string}"},"query-input":"required name=search_term_string"}],"inLanguage":"fr-FR"},{"@type":"Organization","@id":"https://www.gruppoliturgico.com/es/#organization","name":"Laboratorio Gruppo Liturgico","url":"https://www.gruppoliturgico.com/es/","logo":{"@type":"ImageObject","inLanguage":"fr-FR","@id":"https://www.gruppoliturgico.com/es/#/schema/logo/image/","url":"https://www.gruppoliturgico.com/wp-content/uploads/2022/02/logo-laboratoriogruppoliturgico.png","contentUrl":"https://www.gruppoliturgico.com/wp-content/uploads/2022/02/logo-laboratoriogruppoliturgico.png","width":400,"height":114,"caption":"Laboratorio Gruppo Liturgico"},"image":{"@id":"https://www.gruppoliturgico.com/es/#/schema/logo/image/"}}]}</script>
<!-- / Yoast SEO plugin. -->

Ensemble de Noël - ensemble de Noël cm 125 et Laboratorio Gruppo Liturgico

Ensemble de Noël en fibre de verre et resine décoré. Les décorations sont faites à la main avec des couleurs indélébiles également adaptées au placement en extérieur. Ensembe composé des statues de San Joseph, de la Vierge agenouillée et L'Enfant Jésus, particulièrement riche en détails en or, posé dans un berceau en bois construit à la main. Dimensions St.Joseph cm 125 La Vierge agenouillée cm 90 L'Enfant Jésus cm 60.
