{"id":64333,"date":"2022-05-19T23:45:58","date_gmt":"2022-05-19T21:46:04","guid":{"rendered":"https:\/\/www.gruppoliturgico.com\/prodotto\/voile-humeral-3\/"},"modified":"2022-09-16T14:36:42","modified_gmt":"2022-09-16T12:36:42","slug":"voile-humeral-3","status":"publish","type":"product","link":"https:\/\/www.gruppoliturgico.com\/fr\/produit\/voile-humeral-3\/","title":{"rendered":"voile hum\u00e9ral"},"content":{"rendered":"<html><body><p>Voile hum\u00e9ral avecbroderie d\u2019un d\u00e9licat entrelacement de fleurs et de volutes dor\u00e9es, symbole IHS central.<br>\nFini avec des franges et des garnitures dor\u00e9es.<br>\nDisponible dans tous les coloris liturgiques.<br>\nS\u2019assortit avec la chape art 248 parce qu\u2019elles ont la m\u00eame broderie.<br>\nDimension cm 245 x 50<\/p>\n<\/body><\/html>","protected":false},"excerpt":{"rendered":"<p>Voile hum\u00e9ral avecbroderie d&rsquo;un d\u00e9licat entrelacement de fleurs et de volutes dor\u00e9es, symbole IHS central.<br \/>\nFini avec des franges et des garnitures dor\u00e9es.<br \/>\nDisponible dans tous les coloris liturgiques.<br \/>\nS&rsquo;assortit avec la chape art 248 parce qu&rsquo;elles ont la m\u00eame broderie.<br \/>\nDimension cm 245 x 50<\/p>\n","protected":false},"featured_media":74674,"template":"","meta":[],"product_cat":[12292],"product_tag":[],"yoast_head":"<!-- This site is optimized with the Yoast SEO plugin v20.4 - https:\/\/yoast.com\/wordpress\/plugins\/seo\/ -->\n<title>voile hum\u00e9ral - voiles hum\u00e8raux et Laboratorio Gruppo Liturgico<\/title>\n<meta name=\"description\" content=\"Voile hum\u00e9ral avecbroderie d&#039;un d\u00e9licat entrelacement de fleurs et de volutes dor\u00e9es, symbole IHS central. Fini avec des franges et des garnitures dor\u00e9es. Disponible dans tous les coloris liturgiques. S&#039;assortit avec la chape art 248 parce qu&#039;elles ont la m\u00eame broderie. Dimension cm 245 x 50\" \/>\n<meta name=\"robots\" content=\"index, follow, max-snippet:-1, max-image-preview:large, max-video-preview:-1\" \/>\n<link rel=\"canonical\" href=\"https:\/\/www.gruppoliturgico.com\/fr\/produit\/voile-humeral-3\/\" \/>\n<meta property=\"og:locale\" content=\"fr_FR\" \/>\n<meta property=\"og:type\" content=\"article\" \/>\n<meta property=\"og:title\" content=\"voile hum\u00e9ral - voiles hum\u00e8raux et Laboratorio Gruppo Liturgico\" \/>\n<meta property=\"og:description\" content=\"Voile hum\u00e9ral avecbroderie d&#039;un d\u00e9licat entrelacement de fleurs et de volutes dor\u00e9es, symbole IHS central. Fini avec des franges et des garnitures dor\u00e9es. Disponible dans tous les coloris liturgiques. S&#039;assortit avec la chape art 248 parce qu&#039;elles ont la m\u00eame broderie. Dimension cm 245 x 50\" \/>\n<meta property=\"og:url\" content=\"https:\/\/www.gruppoliturgico.com\/fr\/produit\/voile-humeral-3\/\" \/>\n<meta property=\"og:site_name\" content=\"Laboratorio Gruppo Liturgico\" \/>\n<meta property=\"article:modified_time\" content=\"2022-09-16T12:36:42+00:00\" \/>\n<meta property=\"og:image\" content=\"https:\/\/www.gruppoliturgico.com\/wp-content\/uploads\/2022\/05\/232.jpg\" \/>\n\t<meta property=\"og:image:width\" content=\"1500\" \/>\n\t<meta property=\"og:image:height\" content=\"905\" \/>\n\t<meta property=\"og:image:type\" content=\"image\/jpeg\" \/>\n<meta name=\"twitter:card\" content=\"summary_large_image\" \/>\n<script type=\"application\/ld+json\" class=\"yoast-schema-graph\">{\"@context\":\"https:\/\/schema.org\",\"@graph\":[{\"@type\":\"WebPage\",\"@id\":\"https:\/\/www.gruppoliturgico.com\/fr\/produit\/voile-humeral-3\/\",\"url\":\"https:\/\/www.gruppoliturgico.com\/fr\/produit\/voile-humeral-3\/\",\"name\":\"voile hum\u00e9ral - voiles hum\u00e8raux et Laboratorio Gruppo Liturgico\",\"isPartOf\":{\"@id\":\"https:\/\/www.gruppoliturgico.com\/es\/#website\"},\"datePublished\":\"2022-05-19T21:46:04+00:00\",\"dateModified\":\"2022-09-16T12:36:42+00:00\",\"description\":\"Voile hum\u00e9ral avecbroderie d'un d\u00e9licat entrelacement de fleurs et de volutes dor\u00e9es, symbole IHS central. Fini avec des franges et des garnitures dor\u00e9es. Disponible dans tous les coloris liturgiques. S'assortit avec la chape art 248 parce qu'elles ont la m\u00eame broderie. Dimension cm 245 x 50\",\"breadcrumb\":{\"@id\":\"https:\/\/www.gruppoliturgico.com\/fr\/produit\/voile-humeral-3\/#breadcrumb\"},\"inLanguage\":\"fr-FR\",\"potentialAction\":[{\"@type\":\"ReadAction\",\"target\":[\"https:\/\/www.gruppoliturgico.com\/fr\/produit\/voile-humeral-3\/\"]}]},{\"@type\":\"BreadcrumbList\",\"@id\":\"https:\/\/www.gruppoliturgico.com\/fr\/produit\/voile-humeral-3\/#breadcrumb\",\"itemListElement\":[{\"@type\":\"ListItem\",\"position\":1,\"name\":\"Home\",\"item\":\"https:\/\/www.gruppoliturgico.com\/fr\/\"},{\"@type\":\"ListItem\",\"position\":2,\"name\":\"Boutique\",\"item\":\"https:\/\/www.gruppoliturgico.com\/fr\/boutique\/\"},{\"@type\":\"ListItem\",\"position\":3,\"name\":\"voile hum\u00e9ral\"}]},{\"@type\":\"WebSite\",\"@id\":\"https:\/\/www.gruppoliturgico.com\/es\/#website\",\"url\":\"https:\/\/www.gruppoliturgico.com\/es\/\",\"name\":\"Laboratorio Gruppo Liturgico\",\"description\":\"Articoli Religiosi online\",\"publisher\":{\"@id\":\"https:\/\/www.gruppoliturgico.com\/es\/#organization\"},\"potentialAction\":[{\"@type\":\"SearchAction\",\"target\":{\"@type\":\"EntryPoint\",\"urlTemplate\":\"https:\/\/www.gruppoliturgico.com\/es\/?s={search_term_string}\"},\"query-input\":\"required name=search_term_string\"}],\"inLanguage\":\"fr-FR\"},{\"@type\":\"Organization\",\"@id\":\"https:\/\/www.gruppoliturgico.com\/es\/#organization\",\"name\":\"Laboratorio Gruppo Liturgico\",\"url\":\"https:\/\/www.gruppoliturgico.com\/es\/\",\"logo\":{\"@type\":\"ImageObject\",\"inLanguage\":\"fr-FR\",\"@id\":\"https:\/\/www.gruppoliturgico.com\/es\/#\/schema\/logo\/image\/\",\"url\":\"https:\/\/www.gruppoliturgico.com\/wp-content\/uploads\/2022\/02\/logo-laboratoriogruppoliturgico.png\",\"contentUrl\":\"https:\/\/www.gruppoliturgico.com\/wp-content\/uploads\/2022\/02\/logo-laboratoriogruppoliturgico.png\",\"width\":400,\"height\":114,\"caption\":\"Laboratorio Gruppo Liturgico\"},\"image\":{\"@id\":\"https:\/\/www.gruppoliturgico.com\/es\/#\/schema\/logo\/image\/\"}}]}<\/script>\n<!-- \/ Yoast SEO plugin. -->","yoast_head_json":{"title":"voile hum\u00e9ral - voiles hum\u00e8raux et Laboratorio Gruppo Liturgico","description":"Voile hum\u00e9ral avecbroderie d'un d\u00e9licat entrelacement de fleurs et de volutes dor\u00e9es, symbole IHS central. Fini avec des franges et des garnitures dor\u00e9es. Disponible dans tous les coloris liturgiques. S'assortit avec la chape art 248 parce qu'elles ont la m\u00eame broderie. Dimension cm 245 x 50","robots":{"index":"index","follow":"follow","max-snippet":"max-snippet:-1","max-image-preview":"max-image-preview:large","max-video-preview":"max-video-preview:-1"},"canonical":"https:\/\/www.gruppoliturgico.com\/fr\/produit\/voile-humeral-3\/","og_locale":"fr_FR","og_type":"article","og_title":"voile hum\u00e9ral - voiles hum\u00e8raux et Laboratorio Gruppo Liturgico","og_description":"Voile hum\u00e9ral avecbroderie d'un d\u00e9licat entrelacement de fleurs et de volutes dor\u00e9es, symbole IHS central. Fini avec des franges et des garnitures dor\u00e9es. Disponible dans tous les coloris liturgiques. S'assortit avec la chape art 248 parce qu'elles ont la m\u00eame broderie. Dimension cm 245 x 50","og_url":"https:\/\/www.gruppoliturgico.com\/fr\/produit\/voile-humeral-3\/","og_site_name":"Laboratorio Gruppo Liturgico","article_modified_time":"2022-09-16T12:36:42+00:00","og_image":[{"width":1500,"height":905,"url":"https:\/\/www.gruppoliturgico.com\/wp-content\/uploads\/2022\/05\/232.jpg","type":"image\/jpeg"}],"twitter_card":"summary_large_image","schema":{"@context":"https:\/\/schema.org","@graph":[{"@type":"WebPage","@id":"https:\/\/www.gruppoliturgico.com\/fr\/produit\/voile-humeral-3\/","url":"https:\/\/www.gruppoliturgico.com\/fr\/produit\/voile-humeral-3\/","name":"voile hum\u00e9ral - voiles hum\u00e8raux et Laboratorio Gruppo Liturgico","isPartOf":{"@id":"https:\/\/www.gruppoliturgico.com\/es\/#website"},"datePublished":"2022-05-19T21:46:04+00:00","dateModified":"2022-09-16T12:36:42+00:00","description":"Voile hum\u00e9ral avecbroderie d'un d\u00e9licat entrelacement de fleurs et de volutes dor\u00e9es, symbole IHS central. Fini avec des franges et des garnitures dor\u00e9es. Disponible dans tous les coloris liturgiques. S'assortit avec la chape art 248 parce qu'elles ont la m\u00eame broderie. Dimension cm 245 x 50","breadcrumb":{"@id":"https:\/\/www.gruppoliturgico.com\/fr\/produit\/voile-humeral-3\/#breadcrumb"},"inLanguage":"fr-FR","potentialAction":[{"@type":"ReadAction","target":["https:\/\/www.gruppoliturgico.com\/fr\/produit\/voile-humeral-3\/"]}]},{"@type":"BreadcrumbList","@id":"https:\/\/www.gruppoliturgico.com\/fr\/produit\/voile-humeral-3\/#breadcrumb","itemListElement":[{"@type":"ListItem","position":1,"name":"Home","item":"https:\/\/www.gruppoliturgico.com\/fr\/"},{"@type":"ListItem","position":2,"name":"Boutique","item":"https:\/\/www.gruppoliturgico.com\/fr\/boutique\/"},{"@type":"ListItem","position":3,"name":"voile hum\u00e9ral"}]},{"@type":"WebSite","@id":"https:\/\/www.gruppoliturgico.com\/es\/#website","url":"https:\/\/www.gruppoliturgico.com\/es\/","name":"Laboratorio Gruppo Liturgico","description":"Articoli Religiosi online","publisher":{"@id":"https:\/\/www.gruppoliturgico.com\/es\/#organization"},"potentialAction":[{"@type":"SearchAction","target":{"@type":"EntryPoint","urlTemplate":"https:\/\/www.gruppoliturgico.com\/es\/?s={search_term_string}"},"query-input":"required name=search_term_string"}],"inLanguage":"fr-FR"},{"@type":"Organization","@id":"https:\/\/www.gruppoliturgico.com\/es\/#organization","name":"Laboratorio Gruppo Liturgico","url":"https:\/\/www.gruppoliturgico.com\/es\/","logo":{"@type":"ImageObject","inLanguage":"fr-FR","@id":"https:\/\/www.gruppoliturgico.com\/es\/#\/schema\/logo\/image\/","url":"https:\/\/www.gruppoliturgico.com\/wp-content\/uploads\/2022\/02\/logo-laboratoriogruppoliturgico.png","contentUrl":"https:\/\/www.gruppoliturgico.com\/wp-content\/uploads\/2022\/02\/logo-laboratoriogruppoliturgico.png","width":400,"height":114,"caption":"Laboratorio Gruppo Liturgico"},"image":{"@id":"https:\/\/www.gruppoliturgico.com\/es\/#\/schema\/logo\/image\/"}}]}},"_links":{"self":[{"href":"https:\/\/www.gruppoliturgico.com\/fr\/wp-json\/wp\/v2\/product\/64333"}],"collection":[{"href":"https:\/\/www.gruppoliturgico.com\/fr\/wp-json\/wp\/v2\/product"}],"about":[{"href":"https:\/\/www.gruppoliturgico.com\/fr\/wp-json\/wp\/v2\/types\/product"}],"wp:featuredmedia":[{"embeddable":true,"href":"https:\/\/www.gruppoliturgico.com\/fr\/wp-json\/wp\/v2\/media\/74674"}],"wp:attachment":[{"href":"https:\/\/www.gruppoliturgico.com\/fr\/wp-json\/wp\/v2\/media?parent=64333"}],"wp:term":[{"taxonomy":"product_cat","embeddable":true,"href":"https:\/\/www.gruppoliturgico.com\/fr\/wp-json\/wp\/v2\/product_cat?post=64333"},{"taxonomy":"product_tag","embeddable":true,"href":"https:\/\/www.gruppoliturgico.com\/fr\/wp-json\/wp\/v2\/product_tag?post=64333"}],"curies":[{"name":"wp","href":"https:\/\/api.w.org\/{rel}","templated":true}]}}

voile huméral

<html><body><p>Voile huméral avecbroderie d’un délicat entrelacement de fleurs et de volutes dorées, symbole IHS central.<br>
Fini avec des franges et des garnitures dorées.<br>
Disponible dans tous les coloris liturgiques.<br>
S’assortit avec la chape art 248 parce qu’elles ont la même broderie.<br>
Dimension cm 245 x 50</p>
</body></html>

<p>Voile huméral avecbroderie d&rsquo;un délicat entrelacement de fleurs et de volutes dorées, symbole IHS central.<br />
Fini avec des franges et des garnitures dorées.<br />
Disponible dans tous les coloris liturgiques.<br />
S&rsquo;assortit avec la chape art 248 parce qu&rsquo;elles ont la même broderie.<br />
Dimension cm 245 x 50</p>

<!-- This site is optimized with the Yoast SEO plugin v20.4 - https://yoast.com/wordpress/plugins/seo/ -->
<title>voile huméral - voiles humèraux et Laboratorio Gruppo Liturgico</title>
<meta name="description" content="Voile huméral avecbroderie d&#039;un délicat entrelacement de fleurs et de volutes dorées, symbole IHS central. Fini avec des franges et des garnitures dorées. Disponible dans tous les coloris liturgiques. S&#039;assortit avec la chape art 248 parce qu&#039;elles ont la même broderie. Dimension cm 245 x 50" />
<meta name="robots" content="index, follow, max-snippet:-1, max-image-preview:large, max-video-preview:-1" />
<link rel="canonical" href="https://www.gruppoliturgico.com/fr/produit/voile-humeral-3/" />
<meta property="og:locale" content="fr_FR" />
<meta property="og:type" content="article" />
<meta property="og:title" content="voile huméral - voiles humèraux et Laboratorio Gruppo Liturgico" />
<meta property="og:description" content="Voile huméral avecbroderie d&#039;un délicat entrelacement de fleurs et de volutes dorées, symbole IHS central. Fini avec des franges et des garnitures dorées. Disponible dans tous les coloris liturgiques. S&#039;assortit avec la chape art 248 parce qu&#039;elles ont la même broderie. Dimension cm 245 x 50" />
<meta property="og:url" content="https://www.gruppoliturgico.com/fr/produit/voile-humeral-3/" />
<meta property="og:site_name" content="Laboratorio Gruppo Liturgico" />
<meta property="article:modified_time" content="2022-09-16T12:36:42+00:00" />
<meta property="og:image" content="https://www.gruppoliturgico.com/wp-content/uploads/2022/05/232.jpg" />
	<meta property="og:image:width" content="1500" />
	<meta property="og:image:height" content="905" />
	<meta property="og:image:type" content="image/jpeg" />
<meta name="twitter:card" content="summary_large_image" />
<script type="application/ld+json" class="yoast-schema-graph">{"@context":"https://schema.org","@graph":[{"@type":"WebPage","@id":"https://www.gruppoliturgico.com/fr/produit/voile-humeral-3/","url":"https://www.gruppoliturgico.com/fr/produit/voile-humeral-3/","name":"voile huméral - voiles humèraux et Laboratorio Gruppo Liturgico","isPartOf":{"@id":"https://www.gruppoliturgico.com/es/#website"},"datePublished":"2022-05-19T21:46:04+00:00","dateModified":"2022-09-16T12:36:42+00:00","description":"Voile huméral avecbroderie d'un délicat entrelacement de fleurs et de volutes dorées, symbole IHS central. Fini avec des franges et des garnitures dorées. Disponible dans tous les coloris liturgiques. S'assortit avec la chape art 248 parce qu'elles ont la même broderie. Dimension cm 245 x 50","breadcrumb":{"@id":"https://www.gruppoliturgico.com/fr/produit/voile-humeral-3/#breadcrumb"},"inLanguage":"fr-FR","potentialAction":[{"@type":"ReadAction","target":["https://www.gruppoliturgico.com/fr/produit/voile-humeral-3/"]}]},{"@type":"BreadcrumbList","@id":"https://www.gruppoliturgico.com/fr/produit/voile-humeral-3/#breadcrumb","itemListElement":[{"@type":"ListItem","position":1,"name":"Home","item":"https://www.gruppoliturgico.com/fr/"},{"@type":"ListItem","position":2,"name":"Boutique","item":"https://www.gruppoliturgico.com/fr/boutique/"},{"@type":"ListItem","position":3,"name":"voile huméral"}]},{"@type":"WebSite","@id":"https://www.gruppoliturgico.com/es/#website","url":"https://www.gruppoliturgico.com/es/","name":"Laboratorio Gruppo Liturgico","description":"Articoli Religiosi online","publisher":{"@id":"https://www.gruppoliturgico.com/es/#organization"},"potentialAction":[{"@type":"SearchAction","target":{"@type":"EntryPoint","urlTemplate":"https://www.gruppoliturgico.com/es/?s={search_term_string}"},"query-input":"required name=search_term_string"}],"inLanguage":"fr-FR"},{"@type":"Organization","@id":"https://www.gruppoliturgico.com/es/#organization","name":"Laboratorio Gruppo Liturgico","url":"https://www.gruppoliturgico.com/es/","logo":{"@type":"ImageObject","inLanguage":"fr-FR","@id":"https://www.gruppoliturgico.com/es/#/schema/logo/image/","url":"https://www.gruppoliturgico.com/wp-content/uploads/2022/02/logo-laboratoriogruppoliturgico.png","contentUrl":"https://www.gruppoliturgico.com/wp-content/uploads/2022/02/logo-laboratoriogruppoliturgico.png","width":400,"height":114,"caption":"Laboratorio Gruppo Liturgico"},"image":{"@id":"https://www.gruppoliturgico.com/es/#/schema/logo/image/"}}]}</script>
<!-- / Yoast SEO plugin. -->

voile huméral - voiles humèraux et Laboratorio Gruppo Liturgico

Voile huméral avecbroderie d'un délicat entrelacement de fleurs et de volutes dorées, symbole IHS central. Fini avec des franges et des garnitures dorées. Disponible dans tous les coloris liturgiques. S'assortit avec la chape art 248 parce qu'elles ont la même broderie. Dimension cm 245 x 50
