{"id":63933,"date":"2022-05-19T23:27:51","date_gmt":"2022-05-19T21:27:55","guid":{"rendered":"https:\/\/www.gruppoliturgico.com\/prodotto\/aube-12\/"},"modified":"2022-09-14T15:48:55","modified_gmt":"2022-09-14T13:48:55","slug":"aube-12","status":"publish","type":"product","link":"https:\/\/www.gruppoliturgico.com\/fr\/produit\/aube-12\/","title":{"rendered":"aube"},"content":{"rendered":"<html><body><p>Aube confectionn\u00e9e en tissu m\u00e9lang\u00e9 de lin.<br>\nLa broderie de la dentelle, ex\u00e9cut\u00e9e au m\u00e9tier, rappelle les aubes traditionnelles.<br>\nLe singulier effet \u00e0 jour laisse transpara\u00eetre la couleur en dessous qui, au choix du client, pourra \u00eatre rouge ou noir.<br>\nL\u2019aube est disponible avec un col montant pour le porter sans amict ou avec encolure carr\u00e9e.<\/p>\n<\/body><\/html>","protected":false},"excerpt":{"rendered":"<p>Aube confectionn\u00e9e en tissu m\u00e9lang\u00e9 de lin.<br \/>\nLa broderie de la dentelle, ex\u00e9cut\u00e9e au m\u00e9tier, rappelle les aubes traditionnelles.<br \/>\nLe singulier effet \u00e0 jour laisse transpara\u00eetre la couleur en dessous qui, au choix du client, pourra \u00eatre rouge ou noir.<br \/>\nL&rsquo;aube est disponible avec un col montant pour le porter sans amict ou avec encolure carr\u00e9e.<\/p>\n","protected":false},"featured_media":129943,"template":"","meta":[],"product_cat":[12224],"product_tag":[],"yoast_head":"<!-- This site is optimized with the Yoast SEO plugin v20.4 - https:\/\/yoast.com\/wordpress\/plugins\/seo\/ -->\n<title>aube - Aubes et Laboratorio Gruppo Liturgico<\/title>\n<meta name=\"description\" content=\"Aube confectionn\u00e9e en tissu m\u00e9lang\u00e9 de lin.  La broderie de la dentelle, ex\u00e9cut\u00e9e au m\u00e9tier, rappelle les aubes traditionnelles.  Le singulier effet \u00e0 jour laisse transpara\u00eetre la couleur en dessous qui, au choix du client, pourra \u00eatre rouge ou noir. L&#039;aube est disponible avec un col montant pour le porter sans amict ou avec encolure carr\u00e9e.\" \/>\n<meta name=\"robots\" content=\"index, follow, max-snippet:-1, max-image-preview:large, max-video-preview:-1\" \/>\n<link rel=\"canonical\" href=\"https:\/\/www.gruppoliturgico.com\/fr\/produit\/aube-12\/\" \/>\n<meta property=\"og:locale\" content=\"fr_FR\" \/>\n<meta property=\"og:type\" content=\"article\" \/>\n<meta property=\"og:title\" content=\"aube - Aubes et Laboratorio Gruppo Liturgico\" \/>\n<meta property=\"og:description\" content=\"Aube confectionn\u00e9e en tissu m\u00e9lang\u00e9 de lin.  La broderie de la dentelle, ex\u00e9cut\u00e9e au m\u00e9tier, rappelle les aubes traditionnelles.  Le singulier effet \u00e0 jour laisse transpara\u00eetre la couleur en dessous qui, au choix du client, pourra \u00eatre rouge ou noir. L&#039;aube est disponible avec un col montant pour le porter sans amict ou avec encolure carr\u00e9e.\" \/>\n<meta property=\"og:url\" content=\"https:\/\/www.gruppoliturgico.com\/fr\/produit\/aube-12\/\" \/>\n<meta property=\"og:site_name\" content=\"Laboratorio Gruppo Liturgico\" \/>\n<meta property=\"article:modified_time\" content=\"2022-09-14T13:48:55+00:00\" \/>\n<meta property=\"og:image\" content=\"https:\/\/www.gruppoliturgico.com\/wp-content\/uploads\/2022\/05\/181_1.jpg\" \/>\n\t<meta property=\"og:image:width\" content=\"784\" \/>\n\t<meta property=\"og:image:height\" content=\"1500\" \/>\n\t<meta property=\"og:image:type\" content=\"image\/jpeg\" \/>\n<meta name=\"twitter:card\" content=\"summary_large_image\" \/>\n<script type=\"application\/ld+json\" class=\"yoast-schema-graph\">{\"@context\":\"https:\/\/schema.org\",\"@graph\":[{\"@type\":\"WebPage\",\"@id\":\"https:\/\/www.gruppoliturgico.com\/fr\/produit\/aube-12\/\",\"url\":\"https:\/\/www.gruppoliturgico.com\/fr\/produit\/aube-12\/\",\"name\":\"aube - Aubes et Laboratorio Gruppo Liturgico\",\"isPartOf\":{\"@id\":\"https:\/\/www.gruppoliturgico.com\/es\/#website\"},\"datePublished\":\"2022-05-19T21:27:55+00:00\",\"dateModified\":\"2022-09-14T13:48:55+00:00\",\"description\":\"Aube confectionn\u00e9e en tissu m\u00e9lang\u00e9 de lin. La broderie de la dentelle, ex\u00e9cut\u00e9e au m\u00e9tier, rappelle les aubes traditionnelles. Le singulier effet \u00e0 jour laisse transpara\u00eetre la couleur en dessous qui, au choix du client, pourra \u00eatre rouge ou noir. L'aube est disponible avec un col montant pour le porter sans amict ou avec encolure carr\u00e9e.\",\"breadcrumb\":{\"@id\":\"https:\/\/www.gruppoliturgico.com\/fr\/produit\/aube-12\/#breadcrumb\"},\"inLanguage\":\"fr-FR\",\"potentialAction\":[{\"@type\":\"ReadAction\",\"target\":[\"https:\/\/www.gruppoliturgico.com\/fr\/produit\/aube-12\/\"]}]},{\"@type\":\"BreadcrumbList\",\"@id\":\"https:\/\/www.gruppoliturgico.com\/fr\/produit\/aube-12\/#breadcrumb\",\"itemListElement\":[{\"@type\":\"ListItem\",\"position\":1,\"name\":\"Home\",\"item\":\"https:\/\/www.gruppoliturgico.com\/fr\/\"},{\"@type\":\"ListItem\",\"position\":2,\"name\":\"Boutique\",\"item\":\"https:\/\/www.gruppoliturgico.com\/fr\/boutique\/\"},{\"@type\":\"ListItem\",\"position\":3,\"name\":\"aube\"}]},{\"@type\":\"WebSite\",\"@id\":\"https:\/\/www.gruppoliturgico.com\/es\/#website\",\"url\":\"https:\/\/www.gruppoliturgico.com\/es\/\",\"name\":\"Laboratorio Gruppo Liturgico\",\"description\":\"Articoli Religiosi online\",\"publisher\":{\"@id\":\"https:\/\/www.gruppoliturgico.com\/es\/#organization\"},\"potentialAction\":[{\"@type\":\"SearchAction\",\"target\":{\"@type\":\"EntryPoint\",\"urlTemplate\":\"https:\/\/www.gruppoliturgico.com\/es\/?s={search_term_string}\"},\"query-input\":\"required name=search_term_string\"}],\"inLanguage\":\"fr-FR\"},{\"@type\":\"Organization\",\"@id\":\"https:\/\/www.gruppoliturgico.com\/es\/#organization\",\"name\":\"Laboratorio Gruppo Liturgico\",\"url\":\"https:\/\/www.gruppoliturgico.com\/es\/\",\"logo\":{\"@type\":\"ImageObject\",\"inLanguage\":\"fr-FR\",\"@id\":\"https:\/\/www.gruppoliturgico.com\/es\/#\/schema\/logo\/image\/\",\"url\":\"https:\/\/www.gruppoliturgico.com\/wp-content\/uploads\/2022\/02\/logo-laboratoriogruppoliturgico.png\",\"contentUrl\":\"https:\/\/www.gruppoliturgico.com\/wp-content\/uploads\/2022\/02\/logo-laboratoriogruppoliturgico.png\",\"width\":400,\"height\":114,\"caption\":\"Laboratorio Gruppo Liturgico\"},\"image\":{\"@id\":\"https:\/\/www.gruppoliturgico.com\/es\/#\/schema\/logo\/image\/\"}}]}<\/script>\n<!-- \/ Yoast SEO plugin. -->","yoast_head_json":{"title":"aube - Aubes et Laboratorio Gruppo Liturgico","description":"Aube confectionn\u00e9e en tissu m\u00e9lang\u00e9 de lin.  La broderie de la dentelle, ex\u00e9cut\u00e9e au m\u00e9tier, rappelle les aubes traditionnelles.  Le singulier effet \u00e0 jour laisse transpara\u00eetre la couleur en dessous qui, au choix du client, pourra \u00eatre rouge ou noir. L'aube est disponible avec un col montant pour le porter sans amict ou avec encolure carr\u00e9e.","robots":{"index":"index","follow":"follow","max-snippet":"max-snippet:-1","max-image-preview":"max-image-preview:large","max-video-preview":"max-video-preview:-1"},"canonical":"https:\/\/www.gruppoliturgico.com\/fr\/produit\/aube-12\/","og_locale":"fr_FR","og_type":"article","og_title":"aube - Aubes et Laboratorio Gruppo Liturgico","og_description":"Aube confectionn\u00e9e en tissu m\u00e9lang\u00e9 de lin.  La broderie de la dentelle, ex\u00e9cut\u00e9e au m\u00e9tier, rappelle les aubes traditionnelles.  Le singulier effet \u00e0 jour laisse transpara\u00eetre la couleur en dessous qui, au choix du client, pourra \u00eatre rouge ou noir. L'aube est disponible avec un col montant pour le porter sans amict ou avec encolure carr\u00e9e.","og_url":"https:\/\/www.gruppoliturgico.com\/fr\/produit\/aube-12\/","og_site_name":"Laboratorio Gruppo Liturgico","article_modified_time":"2022-09-14T13:48:55+00:00","og_image":[{"width":784,"height":1500,"url":"https:\/\/www.gruppoliturgico.com\/wp-content\/uploads\/2022\/05\/181_1.jpg","type":"image\/jpeg"}],"twitter_card":"summary_large_image","schema":{"@context":"https:\/\/schema.org","@graph":[{"@type":"WebPage","@id":"https:\/\/www.gruppoliturgico.com\/fr\/produit\/aube-12\/","url":"https:\/\/www.gruppoliturgico.com\/fr\/produit\/aube-12\/","name":"aube - Aubes et Laboratorio Gruppo Liturgico","isPartOf":{"@id":"https:\/\/www.gruppoliturgico.com\/es\/#website"},"datePublished":"2022-05-19T21:27:55+00:00","dateModified":"2022-09-14T13:48:55+00:00","description":"Aube confectionn\u00e9e en tissu m\u00e9lang\u00e9 de lin. La broderie de la dentelle, ex\u00e9cut\u00e9e au m\u00e9tier, rappelle les aubes traditionnelles. Le singulier effet \u00e0 jour laisse transpara\u00eetre la couleur en dessous qui, au choix du client, pourra \u00eatre rouge ou noir. L'aube est disponible avec un col montant pour le porter sans amict ou avec encolure carr\u00e9e.","breadcrumb":{"@id":"https:\/\/www.gruppoliturgico.com\/fr\/produit\/aube-12\/#breadcrumb"},"inLanguage":"fr-FR","potentialAction":[{"@type":"ReadAction","target":["https:\/\/www.gruppoliturgico.com\/fr\/produit\/aube-12\/"]}]},{"@type":"BreadcrumbList","@id":"https:\/\/www.gruppoliturgico.com\/fr\/produit\/aube-12\/#breadcrumb","itemListElement":[{"@type":"ListItem","position":1,"name":"Home","item":"https:\/\/www.gruppoliturgico.com\/fr\/"},{"@type":"ListItem","position":2,"name":"Boutique","item":"https:\/\/www.gruppoliturgico.com\/fr\/boutique\/"},{"@type":"ListItem","position":3,"name":"aube"}]},{"@type":"WebSite","@id":"https:\/\/www.gruppoliturgico.com\/es\/#website","url":"https:\/\/www.gruppoliturgico.com\/es\/","name":"Laboratorio Gruppo Liturgico","description":"Articoli Religiosi online","publisher":{"@id":"https:\/\/www.gruppoliturgico.com\/es\/#organization"},"potentialAction":[{"@type":"SearchAction","target":{"@type":"EntryPoint","urlTemplate":"https:\/\/www.gruppoliturgico.com\/es\/?s={search_term_string}"},"query-input":"required name=search_term_string"}],"inLanguage":"fr-FR"},{"@type":"Organization","@id":"https:\/\/www.gruppoliturgico.com\/es\/#organization","name":"Laboratorio Gruppo Liturgico","url":"https:\/\/www.gruppoliturgico.com\/es\/","logo":{"@type":"ImageObject","inLanguage":"fr-FR","@id":"https:\/\/www.gruppoliturgico.com\/es\/#\/schema\/logo\/image\/","url":"https:\/\/www.gruppoliturgico.com\/wp-content\/uploads\/2022\/02\/logo-laboratoriogruppoliturgico.png","contentUrl":"https:\/\/www.gruppoliturgico.com\/wp-content\/uploads\/2022\/02\/logo-laboratoriogruppoliturgico.png","width":400,"height":114,"caption":"Laboratorio Gruppo Liturgico"},"image":{"@id":"https:\/\/www.gruppoliturgico.com\/es\/#\/schema\/logo\/image\/"}}]}},"_links":{"self":[{"href":"https:\/\/www.gruppoliturgico.com\/fr\/wp-json\/wp\/v2\/product\/63933"}],"collection":[{"href":"https:\/\/www.gruppoliturgico.com\/fr\/wp-json\/wp\/v2\/product"}],"about":[{"href":"https:\/\/www.gruppoliturgico.com\/fr\/wp-json\/wp\/v2\/types\/product"}],"wp:featuredmedia":[{"embeddable":true,"href":"https:\/\/www.gruppoliturgico.com\/fr\/wp-json\/wp\/v2\/media\/129943"}],"wp:attachment":[{"href":"https:\/\/www.gruppoliturgico.com\/fr\/wp-json\/wp\/v2\/media?parent=63933"}],"wp:term":[{"taxonomy":"product_cat","embeddable":true,"href":"https:\/\/www.gruppoliturgico.com\/fr\/wp-json\/wp\/v2\/product_cat?post=63933"},{"taxonomy":"product_tag","embeddable":true,"href":"https:\/\/www.gruppoliturgico.com\/fr\/wp-json\/wp\/v2\/product_tag?post=63933"}],"curies":[{"name":"wp","href":"https:\/\/api.w.org\/{rel}","templated":true}]}}

<html><body><p>Aube confectionnée en tissu mélangé de lin.<br>
La broderie de la dentelle, exécutée au métier, rappelle les aubes traditionnelles.<br>
Le singulier effet à jour laisse transparaître la couleur en dessous qui, au choix du client, pourra être rouge ou noir.<br>
L’aube est disponible avec un col montant pour le porter sans amict ou avec encolure carrée.</p>
</body></html>

<p>Aube confectionnée en tissu mélangé de lin.<br />
La broderie de la dentelle, exécutée au métier, rappelle les aubes traditionnelles.<br />
Le singulier effet à jour laisse transparaître la couleur en dessous qui, au choix du client, pourra être rouge ou noir.<br />
L&rsquo;aube est disponible avec un col montant pour le porter sans amict ou avec encolure carrée.</p>

<!-- This site is optimized with the Yoast SEO plugin v20.4 - https://yoast.com/wordpress/plugins/seo/ -->
<title>aube - Aubes et Laboratorio Gruppo Liturgico</title>
<meta name="description" content="Aube confectionnée en tissu mélangé de lin.  La broderie de la dentelle, exécutée au métier, rappelle les aubes traditionnelles.  Le singulier effet à jour laisse transparaître la couleur en dessous qui, au choix du client, pourra être rouge ou noir. L&#039;aube est disponible avec un col montant pour le porter sans amict ou avec encolure carrée." />
<meta name="robots" content="index, follow, max-snippet:-1, max-image-preview:large, max-video-preview:-1" />
<link rel="canonical" href="https://www.gruppoliturgico.com/fr/produit/aube-12/" />
<meta property="og:locale" content="fr_FR" />
<meta property="og:type" content="article" />
<meta property="og:title" content="aube - Aubes et Laboratorio Gruppo Liturgico" />
<meta property="og:description" content="Aube confectionnée en tissu mélangé de lin.  La broderie de la dentelle, exécutée au métier, rappelle les aubes traditionnelles.  Le singulier effet à jour laisse transparaître la couleur en dessous qui, au choix du client, pourra être rouge ou noir. L&#039;aube est disponible avec un col montant pour le porter sans amict ou avec encolure carrée." />
<meta property="og:url" content="https://www.gruppoliturgico.com/fr/produit/aube-12/" />
<meta property="og:site_name" content="Laboratorio Gruppo Liturgico" />
<meta property="article:modified_time" content="2022-09-14T13:48:55+00:00" />
<meta property="og:image" content="https://www.gruppoliturgico.com/wp-content/uploads/2022/05/181_1.jpg" />
	<meta property="og:image:width" content="784" />
	<meta property="og:image:height" content="1500" />
	<meta property="og:image:type" content="image/jpeg" />
<meta name="twitter:card" content="summary_large_image" />
<script type="application/ld+json" class="yoast-schema-graph">{"@context":"https://schema.org","@graph":[{"@type":"WebPage","@id":"https://www.gruppoliturgico.com/fr/produit/aube-12/","url":"https://www.gruppoliturgico.com/fr/produit/aube-12/","name":"aube - Aubes et Laboratorio Gruppo Liturgico","isPartOf":{"@id":"https://www.gruppoliturgico.com/es/#website"},"datePublished":"2022-05-19T21:27:55+00:00","dateModified":"2022-09-14T13:48:55+00:00","description":"Aube confectionnée en tissu mélangé de lin. La broderie de la dentelle, exécutée au métier, rappelle les aubes traditionnelles. Le singulier effet à jour laisse transparaître la couleur en dessous qui, au choix du client, pourra être rouge ou noir. L'aube est disponible avec un col montant pour le porter sans amict ou avec encolure carrée.","breadcrumb":{"@id":"https://www.gruppoliturgico.com/fr/produit/aube-12/#breadcrumb"},"inLanguage":"fr-FR","potentialAction":[{"@type":"ReadAction","target":["https://www.gruppoliturgico.com/fr/produit/aube-12/"]}]},{"@type":"BreadcrumbList","@id":"https://www.gruppoliturgico.com/fr/produit/aube-12/#breadcrumb","itemListElement":[{"@type":"ListItem","position":1,"name":"Home","item":"https://www.gruppoliturgico.com/fr/"},{"@type":"ListItem","position":2,"name":"Boutique","item":"https://www.gruppoliturgico.com/fr/boutique/"},{"@type":"ListItem","position":3,"name":"aube"}]},{"@type":"WebSite","@id":"https://www.gruppoliturgico.com/es/#website","url":"https://www.gruppoliturgico.com/es/","name":"Laboratorio Gruppo Liturgico","description":"Articoli Religiosi online","publisher":{"@id":"https://www.gruppoliturgico.com/es/#organization"},"potentialAction":[{"@type":"SearchAction","target":{"@type":"EntryPoint","urlTemplate":"https://www.gruppoliturgico.com/es/?s={search_term_string}"},"query-input":"required name=search_term_string"}],"inLanguage":"fr-FR"},{"@type":"Organization","@id":"https://www.gruppoliturgico.com/es/#organization","name":"Laboratorio Gruppo Liturgico","url":"https://www.gruppoliturgico.com/es/","logo":{"@type":"ImageObject","inLanguage":"fr-FR","@id":"https://www.gruppoliturgico.com/es/#/schema/logo/image/","url":"https://www.gruppoliturgico.com/wp-content/uploads/2022/02/logo-laboratoriogruppoliturgico.png","contentUrl":"https://www.gruppoliturgico.com/wp-content/uploads/2022/02/logo-laboratoriogruppoliturgico.png","width":400,"height":114,"caption":"Laboratorio Gruppo Liturgico"},"image":{"@id":"https://www.gruppoliturgico.com/es/#/schema/logo/image/"}}]}</script>
<!-- / Yoast SEO plugin. -->

Aube confectionnée en tissu mélangé de lin.  La broderie de la dentelle, exécutée au métier, rappelle les aubes traditionnelles.  Le singulier effet à jour laisse transparaître la couleur en dessous qui, au choix du client, pourra être rouge ou noir. L'aube est disponible avec un col montant pour le porter sans amict ou avec encolure carrée.

Aube confectionnée en tissu mélangé de lin. La broderie de la dentelle, exécutée au métier, rappelle les aubes traditionnelles. Le singulier effet à jour laisse transparaître la couleur en dessous qui, au choix du client, pourra être rouge ou noir. L'aube est disponible avec un col montant pour le porter sans amict ou avec encolure carrée.
