{"id":63813,"date":"2022-05-19T23:22:00","date_gmt":"2022-05-19T21:22:22","guid":{"rendered":"https:\/\/www.gruppoliturgico.com\/prodotto\/dentelle-9\/"},"modified":"2022-09-01T16:14:09","modified_gmt":"2022-09-01T14:14:09","slug":"dentelle-9","status":"publish","type":"product","link":"https:\/\/www.gruppoliturgico.com\/fr\/produit\/dentelle-9\/","title":{"rendered":"dentelle cm 13"},"content":{"rendered":"<html><body><p>Dentelle pour nappe d\u2019autel en tissu m\u00e9tis.<br>\nUne d\u00e9licate broderie \u00e0 jour de croix, \u00e9pis de bl\u00e9, symboles eucharistiques et ornements.<br>\nDisponible dans les coloris Liturgiques.<br>\nHauteur cm 13<br>\nPrix au m\u00e8tre lin\u00e9aire<\/p>\n<\/body><\/html>","protected":false},"excerpt":{"rendered":"<p>Dentelle pour nappe d\u2019autel en tissu m\u00e9tis.<br \/>\nUne d\u00e9licate broderie \u00e0 jour de croix, \u00e9pis de bl\u00e9, symboles eucharistiques et ornements.<br \/>\nDisponible dans les coloris Liturgiques.<br \/>\nHauteur cm 13<br \/>\nPrix au m\u00e8tre lin\u00e9aire<\/p>\n","protected":false},"featured_media":114127,"template":"","meta":[],"product_cat":[11788],"product_tag":[],"yoast_head":"<!-- This site is optimized with the Yoast SEO plugin v20.4 - https:\/\/yoast.com\/wordpress\/plugins\/seo\/ -->\n<title>dentelle cm 13 - dentelles pour nappe d&#039;autel et Laboratorio Gruppo Liturgico<\/title>\n<meta name=\"description\" content=\"Dentelle pour nappe d\u2019autel en tissu m\u00e9tis. Une d\u00e9licate broderie \u00e0 jour de croix, \u00e9pis de bl\u00e9, symboles eucharistiques et ornements. Disponible dans les coloris Liturgiques. Hauteur cm 13 Prix au m\u00e8tre lin\u00e9aire\" \/>\n<meta name=\"robots\" content=\"index, follow, max-snippet:-1, max-image-preview:large, max-video-preview:-1\" \/>\n<link rel=\"canonical\" href=\"https:\/\/www.gruppoliturgico.com\/fr\/produit\/dentelle-9\/\" \/>\n<meta property=\"og:locale\" content=\"fr_FR\" \/>\n<meta property=\"og:type\" content=\"article\" \/>\n<meta property=\"og:title\" content=\"dentelle cm 13 - dentelles pour nappe d&#039;autel et Laboratorio Gruppo Liturgico\" \/>\n<meta property=\"og:description\" content=\"Dentelle pour nappe d\u2019autel en tissu m\u00e9tis. Une d\u00e9licate broderie \u00e0 jour de croix, \u00e9pis de bl\u00e9, symboles eucharistiques et ornements. Disponible dans les coloris Liturgiques. Hauteur cm 13 Prix au m\u00e8tre lin\u00e9aire\" \/>\n<meta property=\"og:url\" content=\"https:\/\/www.gruppoliturgico.com\/fr\/produit\/dentelle-9\/\" \/>\n<meta property=\"og:site_name\" content=\"Laboratorio Gruppo Liturgico\" \/>\n<meta property=\"article:modified_time\" content=\"2022-09-01T14:14:09+00:00\" \/>\n<meta property=\"og:image\" content=\"https:\/\/www.gruppoliturgico.com\/wp-content\/uploads\/2022\/09\/1310.bianco.jpg\" \/>\n\t<meta property=\"og:image:width\" content=\"1500\" \/>\n\t<meta property=\"og:image:height\" content=\"870\" \/>\n\t<meta property=\"og:image:type\" content=\"image\/jpeg\" \/>\n<meta name=\"twitter:card\" content=\"summary_large_image\" \/>\n<script type=\"application\/ld+json\" class=\"yoast-schema-graph\">{\"@context\":\"https:\/\/schema.org\",\"@graph\":[{\"@type\":\"WebPage\",\"@id\":\"https:\/\/www.gruppoliturgico.com\/fr\/produit\/dentelle-9\/\",\"url\":\"https:\/\/www.gruppoliturgico.com\/fr\/produit\/dentelle-9\/\",\"name\":\"dentelle cm 13 - dentelles pour nappe d'autel et Laboratorio Gruppo Liturgico\",\"isPartOf\":{\"@id\":\"https:\/\/www.gruppoliturgico.com\/es\/#website\"},\"datePublished\":\"2022-05-19T21:22:22+00:00\",\"dateModified\":\"2022-09-01T14:14:09+00:00\",\"description\":\"Dentelle pour nappe d\u2019autel en tissu m\u00e9tis. Une d\u00e9licate broderie \u00e0 jour de croix, \u00e9pis de bl\u00e9, symboles eucharistiques et ornements. Disponible dans les coloris Liturgiques. Hauteur cm 13 Prix au m\u00e8tre lin\u00e9aire\",\"breadcrumb\":{\"@id\":\"https:\/\/www.gruppoliturgico.com\/fr\/produit\/dentelle-9\/#breadcrumb\"},\"inLanguage\":\"fr-FR\",\"potentialAction\":[{\"@type\":\"ReadAction\",\"target\":[\"https:\/\/www.gruppoliturgico.com\/fr\/produit\/dentelle-9\/\"]}]},{\"@type\":\"BreadcrumbList\",\"@id\":\"https:\/\/www.gruppoliturgico.com\/fr\/produit\/dentelle-9\/#breadcrumb\",\"itemListElement\":[{\"@type\":\"ListItem\",\"position\":1,\"name\":\"Home\",\"item\":\"https:\/\/www.gruppoliturgico.com\/fr\/\"},{\"@type\":\"ListItem\",\"position\":2,\"name\":\"Boutique\",\"item\":\"https:\/\/www.gruppoliturgico.com\/fr\/boutique\/\"},{\"@type\":\"ListItem\",\"position\":3,\"name\":\"dentelle cm 13\"}]},{\"@type\":\"WebSite\",\"@id\":\"https:\/\/www.gruppoliturgico.com\/es\/#website\",\"url\":\"https:\/\/www.gruppoliturgico.com\/es\/\",\"name\":\"Laboratorio Gruppo Liturgico\",\"description\":\"Articoli Religiosi online\",\"publisher\":{\"@id\":\"https:\/\/www.gruppoliturgico.com\/es\/#organization\"},\"potentialAction\":[{\"@type\":\"SearchAction\",\"target\":{\"@type\":\"EntryPoint\",\"urlTemplate\":\"https:\/\/www.gruppoliturgico.com\/es\/?s={search_term_string}\"},\"query-input\":\"required name=search_term_string\"}],\"inLanguage\":\"fr-FR\"},{\"@type\":\"Organization\",\"@id\":\"https:\/\/www.gruppoliturgico.com\/es\/#organization\",\"name\":\"Laboratorio Gruppo Liturgico\",\"url\":\"https:\/\/www.gruppoliturgico.com\/es\/\",\"logo\":{\"@type\":\"ImageObject\",\"inLanguage\":\"fr-FR\",\"@id\":\"https:\/\/www.gruppoliturgico.com\/es\/#\/schema\/logo\/image\/\",\"url\":\"https:\/\/www.gruppoliturgico.com\/wp-content\/uploads\/2022\/02\/logo-laboratoriogruppoliturgico.png\",\"contentUrl\":\"https:\/\/www.gruppoliturgico.com\/wp-content\/uploads\/2022\/02\/logo-laboratoriogruppoliturgico.png\",\"width\":400,\"height\":114,\"caption\":\"Laboratorio Gruppo Liturgico\"},\"image\":{\"@id\":\"https:\/\/www.gruppoliturgico.com\/es\/#\/schema\/logo\/image\/\"}}]}<\/script>\n<!-- \/ Yoast SEO plugin. -->","yoast_head_json":{"title":"dentelle cm 13 - dentelles pour nappe d'autel et Laboratorio Gruppo Liturgico","description":"Dentelle pour nappe d\u2019autel en tissu m\u00e9tis. Une d\u00e9licate broderie \u00e0 jour de croix, \u00e9pis de bl\u00e9, symboles eucharistiques et ornements. Disponible dans les coloris Liturgiques. Hauteur cm 13 Prix au m\u00e8tre lin\u00e9aire","robots":{"index":"index","follow":"follow","max-snippet":"max-snippet:-1","max-image-preview":"max-image-preview:large","max-video-preview":"max-video-preview:-1"},"canonical":"https:\/\/www.gruppoliturgico.com\/fr\/produit\/dentelle-9\/","og_locale":"fr_FR","og_type":"article","og_title":"dentelle cm 13 - dentelles pour nappe d'autel et Laboratorio Gruppo Liturgico","og_description":"Dentelle pour nappe d\u2019autel en tissu m\u00e9tis. Une d\u00e9licate broderie \u00e0 jour de croix, \u00e9pis de bl\u00e9, symboles eucharistiques et ornements. Disponible dans les coloris Liturgiques. Hauteur cm 13 Prix au m\u00e8tre lin\u00e9aire","og_url":"https:\/\/www.gruppoliturgico.com\/fr\/produit\/dentelle-9\/","og_site_name":"Laboratorio Gruppo Liturgico","article_modified_time":"2022-09-01T14:14:09+00:00","og_image":[{"width":1500,"height":870,"url":"https:\/\/www.gruppoliturgico.com\/wp-content\/uploads\/2022\/09\/1310.bianco.jpg","type":"image\/jpeg"}],"twitter_card":"summary_large_image","schema":{"@context":"https:\/\/schema.org","@graph":[{"@type":"WebPage","@id":"https:\/\/www.gruppoliturgico.com\/fr\/produit\/dentelle-9\/","url":"https:\/\/www.gruppoliturgico.com\/fr\/produit\/dentelle-9\/","name":"dentelle cm 13 - dentelles pour nappe d'autel et Laboratorio Gruppo Liturgico","isPartOf":{"@id":"https:\/\/www.gruppoliturgico.com\/es\/#website"},"datePublished":"2022-05-19T21:22:22+00:00","dateModified":"2022-09-01T14:14:09+00:00","description":"Dentelle pour nappe d\u2019autel en tissu m\u00e9tis. Une d\u00e9licate broderie \u00e0 jour de croix, \u00e9pis de bl\u00e9, symboles eucharistiques et ornements. Disponible dans les coloris Liturgiques. Hauteur cm 13 Prix au m\u00e8tre lin\u00e9aire","breadcrumb":{"@id":"https:\/\/www.gruppoliturgico.com\/fr\/produit\/dentelle-9\/#breadcrumb"},"inLanguage":"fr-FR","potentialAction":[{"@type":"ReadAction","target":["https:\/\/www.gruppoliturgico.com\/fr\/produit\/dentelle-9\/"]}]},{"@type":"BreadcrumbList","@id":"https:\/\/www.gruppoliturgico.com\/fr\/produit\/dentelle-9\/#breadcrumb","itemListElement":[{"@type":"ListItem","position":1,"name":"Home","item":"https:\/\/www.gruppoliturgico.com\/fr\/"},{"@type":"ListItem","position":2,"name":"Boutique","item":"https:\/\/www.gruppoliturgico.com\/fr\/boutique\/"},{"@type":"ListItem","position":3,"name":"dentelle cm 13"}]},{"@type":"WebSite","@id":"https:\/\/www.gruppoliturgico.com\/es\/#website","url":"https:\/\/www.gruppoliturgico.com\/es\/","name":"Laboratorio Gruppo Liturgico","description":"Articoli Religiosi online","publisher":{"@id":"https:\/\/www.gruppoliturgico.com\/es\/#organization"},"potentialAction":[{"@type":"SearchAction","target":{"@type":"EntryPoint","urlTemplate":"https:\/\/www.gruppoliturgico.com\/es\/?s={search_term_string}"},"query-input":"required name=search_term_string"}],"inLanguage":"fr-FR"},{"@type":"Organization","@id":"https:\/\/www.gruppoliturgico.com\/es\/#organization","name":"Laboratorio Gruppo Liturgico","url":"https:\/\/www.gruppoliturgico.com\/es\/","logo":{"@type":"ImageObject","inLanguage":"fr-FR","@id":"https:\/\/www.gruppoliturgico.com\/es\/#\/schema\/logo\/image\/","url":"https:\/\/www.gruppoliturgico.com\/wp-content\/uploads\/2022\/02\/logo-laboratoriogruppoliturgico.png","contentUrl":"https:\/\/www.gruppoliturgico.com\/wp-content\/uploads\/2022\/02\/logo-laboratoriogruppoliturgico.png","width":400,"height":114,"caption":"Laboratorio Gruppo Liturgico"},"image":{"@id":"https:\/\/www.gruppoliturgico.com\/es\/#\/schema\/logo\/image\/"}}]}},"_links":{"self":[{"href":"https:\/\/www.gruppoliturgico.com\/fr\/wp-json\/wp\/v2\/product\/63813"}],"collection":[{"href":"https:\/\/www.gruppoliturgico.com\/fr\/wp-json\/wp\/v2\/product"}],"about":[{"href":"https:\/\/www.gruppoliturgico.com\/fr\/wp-json\/wp\/v2\/types\/product"}],"wp:featuredmedia":[{"embeddable":true,"href":"https:\/\/www.gruppoliturgico.com\/fr\/wp-json\/wp\/v2\/media\/114127"}],"wp:attachment":[{"href":"https:\/\/www.gruppoliturgico.com\/fr\/wp-json\/wp\/v2\/media?parent=63813"}],"wp:term":[{"taxonomy":"product_cat","embeddable":true,"href":"https:\/\/www.gruppoliturgico.com\/fr\/wp-json\/wp\/v2\/product_cat?post=63813"},{"taxonomy":"product_tag","embeddable":true,"href":"https:\/\/www.gruppoliturgico.com\/fr\/wp-json\/wp\/v2\/product_tag?post=63813"}],"curies":[{"name":"wp","href":"https:\/\/api.w.org\/{rel}","templated":true}]}}

<html><body><p>Dentelle pour nappe d’autel en tissu métis.<br>
Une délicate broderie à jour de croix, épis de blé, symboles eucharistiques et ornements.<br>
Disponible dans les coloris Liturgiques.<br>
Hauteur cm 13<br>
Prix au mètre linéaire</p>
</body></html>

<p>Dentelle pour nappe d’autel en tissu métis.<br />
Une délicate broderie à jour de croix, épis de blé, symboles eucharistiques et ornements.<br />
Disponible dans les coloris Liturgiques.<br />
Hauteur cm 13<br />
Prix au mètre linéaire</p>

<!-- This site is optimized with the Yoast SEO plugin v20.4 - https://yoast.com/wordpress/plugins/seo/ -->
<title>dentelle cm 13 - dentelles pour nappe d&#039;autel et Laboratorio Gruppo Liturgico</title>
<meta name="description" content="Dentelle pour nappe d’autel en tissu métis. Une délicate broderie à jour de croix, épis de blé, symboles eucharistiques et ornements. Disponible dans les coloris Liturgiques. Hauteur cm 13 Prix au mètre linéaire" />
<meta name="robots" content="index, follow, max-snippet:-1, max-image-preview:large, max-video-preview:-1" />
<link rel="canonical" href="https://www.gruppoliturgico.com/fr/produit/dentelle-9/" />
<meta property="og:locale" content="fr_FR" />
<meta property="og:type" content="article" />
<meta property="og:title" content="dentelle cm 13 - dentelles pour nappe d&#039;autel et Laboratorio Gruppo Liturgico" />
<meta property="og:description" content="Dentelle pour nappe d’autel en tissu métis. Une délicate broderie à jour de croix, épis de blé, symboles eucharistiques et ornements. Disponible dans les coloris Liturgiques. Hauteur cm 13 Prix au mètre linéaire" />
<meta property="og:url" content="https://www.gruppoliturgico.com/fr/produit/dentelle-9/" />
<meta property="og:site_name" content="Laboratorio Gruppo Liturgico" />
<meta property="article:modified_time" content="2022-09-01T14:14:09+00:00" />
<meta property="og:image" content="https://www.gruppoliturgico.com/wp-content/uploads/2022/09/1310.bianco.jpg" />
	<meta property="og:image:width" content="1500" />
	<meta property="og:image:height" content="870" />
	<meta property="og:image:type" content="image/jpeg" />
<meta name="twitter:card" content="summary_large_image" />
<script type="application/ld+json" class="yoast-schema-graph">{"@context":"https://schema.org","@graph":[{"@type":"WebPage","@id":"https://www.gruppoliturgico.com/fr/produit/dentelle-9/","url":"https://www.gruppoliturgico.com/fr/produit/dentelle-9/","name":"dentelle cm 13 - dentelles pour nappe d'autel et Laboratorio Gruppo Liturgico","isPartOf":{"@id":"https://www.gruppoliturgico.com/es/#website"},"datePublished":"2022-05-19T21:22:22+00:00","dateModified":"2022-09-01T14:14:09+00:00","description":"Dentelle pour nappe d’autel en tissu métis. Une délicate broderie à jour de croix, épis de blé, symboles eucharistiques et ornements. Disponible dans les coloris Liturgiques. Hauteur cm 13 Prix au mètre linéaire","breadcrumb":{"@id":"https://www.gruppoliturgico.com/fr/produit/dentelle-9/#breadcrumb"},"inLanguage":"fr-FR","potentialAction":[{"@type":"ReadAction","target":["https://www.gruppoliturgico.com/fr/produit/dentelle-9/"]}]},{"@type":"BreadcrumbList","@id":"https://www.gruppoliturgico.com/fr/produit/dentelle-9/#breadcrumb","itemListElement":[{"@type":"ListItem","position":1,"name":"Home","item":"https://www.gruppoliturgico.com/fr/"},{"@type":"ListItem","position":2,"name":"Boutique","item":"https://www.gruppoliturgico.com/fr/boutique/"},{"@type":"ListItem","position":3,"name":"dentelle cm 13"}]},{"@type":"WebSite","@id":"https://www.gruppoliturgico.com/es/#website","url":"https://www.gruppoliturgico.com/es/","name":"Laboratorio Gruppo Liturgico","description":"Articoli Religiosi online","publisher":{"@id":"https://www.gruppoliturgico.com/es/#organization"},"potentialAction":[{"@type":"SearchAction","target":{"@type":"EntryPoint","urlTemplate":"https://www.gruppoliturgico.com/es/?s={search_term_string}"},"query-input":"required name=search_term_string"}],"inLanguage":"fr-FR"},{"@type":"Organization","@id":"https://www.gruppoliturgico.com/es/#organization","name":"Laboratorio Gruppo Liturgico","url":"https://www.gruppoliturgico.com/es/","logo":{"@type":"ImageObject","inLanguage":"fr-FR","@id":"https://www.gruppoliturgico.com/es/#/schema/logo/image/","url":"https://www.gruppoliturgico.com/wp-content/uploads/2022/02/logo-laboratoriogruppoliturgico.png","contentUrl":"https://www.gruppoliturgico.com/wp-content/uploads/2022/02/logo-laboratoriogruppoliturgico.png","width":400,"height":114,"caption":"Laboratorio Gruppo Liturgico"},"image":{"@id":"https://www.gruppoliturgico.com/es/#/schema/logo/image/"}}]}</script>
<!-- / Yoast SEO plugin. -->

Dentelle pour nappe d’autel en tissu métis. Une délicate broderie à jour de croix, épis de blé, symboles eucharistiques et ornements. Disponible dans les coloris Liturgiques. Hauteur cm 13 Prix au mètre linéaire
