{"id":63445,"date":"2022-05-19T23:06:32","date_gmt":"2022-05-19T21:06:36","guid":{"rendered":"https:\/\/www.gruppoliturgico.com\/prodotto\/ambon-4\/"},"modified":"2022-10-19T16:54:18","modified_gmt":"2022-10-19T14:54:18","slug":"ambon-4","status":"publish","type":"product","link":"https:\/\/www.gruppoliturgico.com\/fr\/produit\/ambon-4\/","title":{"rendered":"ambon"},"content":{"rendered":"<html><body><p>Ambo en bois massif de style baroque du XVIIe si\u00e8cle.<br>\n\u0152uvre unique et originale avec panneau sculpt\u00e9e en bois de tilleul accompagn\u00e9e de pilastres et molure sur les colonnes.<br>\nEtag\u00e8re pour ranger les livres \u00e0 l\u2019arri\u00e8re<br>\nL\u2019inscription \u00ab\u00a0Parola di Dio\u00a0\u00bb peut \u00eatre ex\u00e9cut\u00e9e dans la langue d\u00e9sir\u00e9e.<br>\nDimensions: cm 125 x 80 x 50.<\/p>\n<\/body><\/html>","protected":false},"excerpt":{"rendered":"<p>Ambo en bois massif de style baroque du XVIIe si\u00e8cle.<br \/>\n\u0152uvre unique et originale avec panneau sculpt\u00e9e en bois de tilleul accompagn\u00e9e de pilastres et molure sur les colonnes.<br \/>\nEtag\u00e8re pour ranger les livres \u00e0 l&rsquo;arri\u00e8re<br \/>\nL\u2019inscription \u00ab\u00a0Parola di Dio\u00a0\u00bb peut \u00eatre ex\u00e9cut\u00e9e dans la langue d\u00e9sir\u00e9e.<br \/>\nDimensions: cm 125 x 80 x 50.<\/p>\n","protected":false},"featured_media":131266,"template":"","meta":[],"product_cat":[12136,12184],"product_tag":[],"yoast_head":"<!-- This site is optimized with the Yoast SEO plugin v20.4 - https:\/\/yoast.com\/wordpress\/plugins\/seo\/ -->\n<title>ambon - art 1316, ambons et lutrins en bois et Laboratorio Gruppo Liturgico<\/title>\n<meta name=\"description\" content=\"Ambo en bois massif de style baroque du XVIIe si\u00e8cle. \u0152uvre unique et originale avec panneau sculpt\u00e9e en bois de tilleul accompagn\u00e9e de pilastres et molure sur les colonnes. Etag\u00e8re pour ranger les livres \u00e0 l&#039;arri\u00e8re L\u2019inscription &quot;Parola di Dio&quot; peut \u00eatre ex\u00e9cut\u00e9e dans la langue d\u00e9sir\u00e9e.  Dimensions: cm 125 x 80 x 50.\" \/>\n<meta name=\"robots\" content=\"index, follow, max-snippet:-1, max-image-preview:large, max-video-preview:-1\" \/>\n<link rel=\"canonical\" href=\"https:\/\/www.gruppoliturgico.com\/fr\/produit\/ambon-4\/\" \/>\n<meta property=\"og:locale\" content=\"fr_FR\" \/>\n<meta property=\"og:type\" content=\"article\" \/>\n<meta property=\"og:title\" content=\"ambon - art 1316, ambons et lutrins en bois et Laboratorio Gruppo Liturgico\" \/>\n<meta property=\"og:description\" content=\"Ambo en bois massif de style baroque du XVIIe si\u00e8cle. \u0152uvre unique et originale avec panneau sculpt\u00e9e en bois de tilleul accompagn\u00e9e de pilastres et molure sur les colonnes. Etag\u00e8re pour ranger les livres \u00e0 l&#039;arri\u00e8re L\u2019inscription &quot;Parola di Dio&quot; peut \u00eatre ex\u00e9cut\u00e9e dans la langue d\u00e9sir\u00e9e.  Dimensions: cm 125 x 80 x 50.\" \/>\n<meta property=\"og:url\" content=\"https:\/\/www.gruppoliturgico.com\/fr\/produit\/ambon-4\/\" \/>\n<meta property=\"og:site_name\" content=\"Laboratorio Gruppo Liturgico\" \/>\n<meta property=\"article:modified_time\" content=\"2022-10-19T14:54:18+00:00\" \/>\n<meta property=\"og:image\" content=\"https:\/\/www.gruppoliturgico.com\/wp-content\/uploads\/2022\/05\/1317_0.jpg\" \/>\n\t<meta property=\"og:image:width\" content=\"1067\" \/>\n\t<meta property=\"og:image:height\" content=\"1500\" \/>\n\t<meta property=\"og:image:type\" content=\"image\/jpeg\" \/>\n<meta name=\"twitter:card\" content=\"summary_large_image\" \/>\n<script type=\"application\/ld+json\" class=\"yoast-schema-graph\">{\"@context\":\"https:\/\/schema.org\",\"@graph\":[{\"@type\":\"WebPage\",\"@id\":\"https:\/\/www.gruppoliturgico.com\/fr\/produit\/ambon-4\/\",\"url\":\"https:\/\/www.gruppoliturgico.com\/fr\/produit\/ambon-4\/\",\"name\":\"ambon - art 1316, ambons et lutrins en bois et Laboratorio Gruppo Liturgico\",\"isPartOf\":{\"@id\":\"https:\/\/www.gruppoliturgico.com\/es\/#website\"},\"datePublished\":\"2022-05-19T21:06:36+00:00\",\"dateModified\":\"2022-10-19T14:54:18+00:00\",\"description\":\"Ambo en bois massif de style baroque du XVIIe si\u00e8cle. \u0152uvre unique et originale avec panneau sculpt\u00e9e en bois de tilleul accompagn\u00e9e de pilastres et molure sur les colonnes. Etag\u00e8re pour ranger les livres \u00e0 l'arri\u00e8re L\u2019inscription \\\"Parola di Dio\\\" peut \u00eatre ex\u00e9cut\u00e9e dans la langue d\u00e9sir\u00e9e. Dimensions: cm 125 x 80 x 50.\",\"breadcrumb\":{\"@id\":\"https:\/\/www.gruppoliturgico.com\/fr\/produit\/ambon-4\/#breadcrumb\"},\"inLanguage\":\"fr-FR\",\"potentialAction\":[{\"@type\":\"ReadAction\",\"target\":[\"https:\/\/www.gruppoliturgico.com\/fr\/produit\/ambon-4\/\"]}]},{\"@type\":\"BreadcrumbList\",\"@id\":\"https:\/\/www.gruppoliturgico.com\/fr\/produit\/ambon-4\/#breadcrumb\",\"itemListElement\":[{\"@type\":\"ListItem\",\"position\":1,\"name\":\"Home\",\"item\":\"https:\/\/www.gruppoliturgico.com\/fr\/\"},{\"@type\":\"ListItem\",\"position\":2,\"name\":\"Boutique\",\"item\":\"https:\/\/www.gruppoliturgico.com\/fr\/boutique\/\"},{\"@type\":\"ListItem\",\"position\":3,\"name\":\"ambon\"}]},{\"@type\":\"WebSite\",\"@id\":\"https:\/\/www.gruppoliturgico.com\/es\/#website\",\"url\":\"https:\/\/www.gruppoliturgico.com\/es\/\",\"name\":\"Laboratorio Gruppo Liturgico\",\"description\":\"Articoli Religiosi online\",\"publisher\":{\"@id\":\"https:\/\/www.gruppoliturgico.com\/es\/#organization\"},\"potentialAction\":[{\"@type\":\"SearchAction\",\"target\":{\"@type\":\"EntryPoint\",\"urlTemplate\":\"https:\/\/www.gruppoliturgico.com\/es\/?s={search_term_string}\"},\"query-input\":\"required name=search_term_string\"}],\"inLanguage\":\"fr-FR\"},{\"@type\":\"Organization\",\"@id\":\"https:\/\/www.gruppoliturgico.com\/es\/#organization\",\"name\":\"Laboratorio Gruppo Liturgico\",\"url\":\"https:\/\/www.gruppoliturgico.com\/es\/\",\"logo\":{\"@type\":\"ImageObject\",\"inLanguage\":\"fr-FR\",\"@id\":\"https:\/\/www.gruppoliturgico.com\/es\/#\/schema\/logo\/image\/\",\"url\":\"https:\/\/www.gruppoliturgico.com\/wp-content\/uploads\/2022\/02\/logo-laboratoriogruppoliturgico.png\",\"contentUrl\":\"https:\/\/www.gruppoliturgico.com\/wp-content\/uploads\/2022\/02\/logo-laboratoriogruppoliturgico.png\",\"width\":400,\"height\":114,\"caption\":\"Laboratorio Gruppo Liturgico\"},\"image\":{\"@id\":\"https:\/\/www.gruppoliturgico.com\/es\/#\/schema\/logo\/image\/\"}}]}<\/script>\n<!-- \/ Yoast SEO plugin. -->","yoast_head_json":{"title":"ambon - art 1316, ambons et lutrins en bois et Laboratorio Gruppo Liturgico","description":"Ambo en bois massif de style baroque du XVIIe si\u00e8cle. \u0152uvre unique et originale avec panneau sculpt\u00e9e en bois de tilleul accompagn\u00e9e de pilastres et molure sur les colonnes. Etag\u00e8re pour ranger les livres \u00e0 l'arri\u00e8re L\u2019inscription \"Parola di Dio\" peut \u00eatre ex\u00e9cut\u00e9e dans la langue d\u00e9sir\u00e9e.  Dimensions: cm 125 x 80 x 50.","robots":{"index":"index","follow":"follow","max-snippet":"max-snippet:-1","max-image-preview":"max-image-preview:large","max-video-preview":"max-video-preview:-1"},"canonical":"https:\/\/www.gruppoliturgico.com\/fr\/produit\/ambon-4\/","og_locale":"fr_FR","og_type":"article","og_title":"ambon - art 1316, ambons et lutrins en bois et Laboratorio Gruppo Liturgico","og_description":"Ambo en bois massif de style baroque du XVIIe si\u00e8cle. \u0152uvre unique et originale avec panneau sculpt\u00e9e en bois de tilleul accompagn\u00e9e de pilastres et molure sur les colonnes. Etag\u00e8re pour ranger les livres \u00e0 l'arri\u00e8re L\u2019inscription \"Parola di Dio\" peut \u00eatre ex\u00e9cut\u00e9e dans la langue d\u00e9sir\u00e9e.  Dimensions: cm 125 x 80 x 50.","og_url":"https:\/\/www.gruppoliturgico.com\/fr\/produit\/ambon-4\/","og_site_name":"Laboratorio Gruppo Liturgico","article_modified_time":"2022-10-19T14:54:18+00:00","og_image":[{"width":1067,"height":1500,"url":"https:\/\/www.gruppoliturgico.com\/wp-content\/uploads\/2022\/05\/1317_0.jpg","type":"image\/jpeg"}],"twitter_card":"summary_large_image","schema":{"@context":"https:\/\/schema.org","@graph":[{"@type":"WebPage","@id":"https:\/\/www.gruppoliturgico.com\/fr\/produit\/ambon-4\/","url":"https:\/\/www.gruppoliturgico.com\/fr\/produit\/ambon-4\/","name":"ambon - art 1316, ambons et lutrins en bois et Laboratorio Gruppo Liturgico","isPartOf":{"@id":"https:\/\/www.gruppoliturgico.com\/es\/#website"},"datePublished":"2022-05-19T21:06:36+00:00","dateModified":"2022-10-19T14:54:18+00:00","description":"Ambo en bois massif de style baroque du XVIIe si\u00e8cle. \u0152uvre unique et originale avec panneau sculpt\u00e9e en bois de tilleul accompagn\u00e9e de pilastres et molure sur les colonnes. Etag\u00e8re pour ranger les livres \u00e0 l'arri\u00e8re L\u2019inscription \"Parola di Dio\" peut \u00eatre ex\u00e9cut\u00e9e dans la langue d\u00e9sir\u00e9e. Dimensions: cm 125 x 80 x 50.","breadcrumb":{"@id":"https:\/\/www.gruppoliturgico.com\/fr\/produit\/ambon-4\/#breadcrumb"},"inLanguage":"fr-FR","potentialAction":[{"@type":"ReadAction","target":["https:\/\/www.gruppoliturgico.com\/fr\/produit\/ambon-4\/"]}]},{"@type":"BreadcrumbList","@id":"https:\/\/www.gruppoliturgico.com\/fr\/produit\/ambon-4\/#breadcrumb","itemListElement":[{"@type":"ListItem","position":1,"name":"Home","item":"https:\/\/www.gruppoliturgico.com\/fr\/"},{"@type":"ListItem","position":2,"name":"Boutique","item":"https:\/\/www.gruppoliturgico.com\/fr\/boutique\/"},{"@type":"ListItem","position":3,"name":"ambon"}]},{"@type":"WebSite","@id":"https:\/\/www.gruppoliturgico.com\/es\/#website","url":"https:\/\/www.gruppoliturgico.com\/es\/","name":"Laboratorio Gruppo Liturgico","description":"Articoli Religiosi online","publisher":{"@id":"https:\/\/www.gruppoliturgico.com\/es\/#organization"},"potentialAction":[{"@type":"SearchAction","target":{"@type":"EntryPoint","urlTemplate":"https:\/\/www.gruppoliturgico.com\/es\/?s={search_term_string}"},"query-input":"required name=search_term_string"}],"inLanguage":"fr-FR"},{"@type":"Organization","@id":"https:\/\/www.gruppoliturgico.com\/es\/#organization","name":"Laboratorio Gruppo Liturgico","url":"https:\/\/www.gruppoliturgico.com\/es\/","logo":{"@type":"ImageObject","inLanguage":"fr-FR","@id":"https:\/\/www.gruppoliturgico.com\/es\/#\/schema\/logo\/image\/","url":"https:\/\/www.gruppoliturgico.com\/wp-content\/uploads\/2022\/02\/logo-laboratoriogruppoliturgico.png","contentUrl":"https:\/\/www.gruppoliturgico.com\/wp-content\/uploads\/2022\/02\/logo-laboratoriogruppoliturgico.png","width":400,"height":114,"caption":"Laboratorio Gruppo Liturgico"},"image":{"@id":"https:\/\/www.gruppoliturgico.com\/es\/#\/schema\/logo\/image\/"}}]}},"_links":{"self":[{"href":"https:\/\/www.gruppoliturgico.com\/fr\/wp-json\/wp\/v2\/product\/63445"}],"collection":[{"href":"https:\/\/www.gruppoliturgico.com\/fr\/wp-json\/wp\/v2\/product"}],"about":[{"href":"https:\/\/www.gruppoliturgico.com\/fr\/wp-json\/wp\/v2\/types\/product"}],"wp:featuredmedia":[{"embeddable":true,"href":"https:\/\/www.gruppoliturgico.com\/fr\/wp-json\/wp\/v2\/media\/131266"}],"wp:attachment":[{"href":"https:\/\/www.gruppoliturgico.com\/fr\/wp-json\/wp\/v2\/media?parent=63445"}],"wp:term":[{"taxonomy":"product_cat","embeddable":true,"href":"https:\/\/www.gruppoliturgico.com\/fr\/wp-json\/wp\/v2\/product_cat?post=63445"},{"taxonomy":"product_tag","embeddable":true,"href":"https:\/\/www.gruppoliturgico.com\/fr\/wp-json\/wp\/v2\/product_tag?post=63445"}],"curies":[{"name":"wp","href":"https:\/\/api.w.org\/{rel}","templated":true}]}}

<html><body><p>Ambo en bois massif de style baroque du XVIIe siècle.<br>
Œuvre unique et originale avec panneau sculptée en bois de tilleul accompagnée de pilastres et molure sur les colonnes.<br>
Etagère pour ranger les livres à l’arrière<br>
L’inscription « Parola di Dio » peut être exécutée dans la langue désirée.<br>
Dimensions: cm 125 x 80 x 50.</p>
</body></html>

<p>Ambo en bois massif de style baroque du XVIIe siècle.<br />
Œuvre unique et originale avec panneau sculptée en bois de tilleul accompagnée de pilastres et molure sur les colonnes.<br />
Etagère pour ranger les livres à l&rsquo;arrière<br />
L’inscription « Parola di Dio » peut être exécutée dans la langue désirée.<br />
Dimensions: cm 125 x 80 x 50.</p>

<!-- This site is optimized with the Yoast SEO plugin v20.4 - https://yoast.com/wordpress/plugins/seo/ -->
<title>ambon - art 1316, ambons et lutrins en bois et Laboratorio Gruppo Liturgico</title>
<meta name="description" content="Ambo en bois massif de style baroque du XVIIe siècle. Œuvre unique et originale avec panneau sculptée en bois de tilleul accompagnée de pilastres et molure sur les colonnes. Etagère pour ranger les livres à l&#039;arrière L’inscription &quot;Parola di Dio&quot; peut être exécutée dans la langue désirée.  Dimensions: cm 125 x 80 x 50." />
<meta name="robots" content="index, follow, max-snippet:-1, max-image-preview:large, max-video-preview:-1" />
<link rel="canonical" href="https://www.gruppoliturgico.com/fr/produit/ambon-4/" />
<meta property="og:locale" content="fr_FR" />
<meta property="og:type" content="article" />
<meta property="og:title" content="ambon - art 1316, ambons et lutrins en bois et Laboratorio Gruppo Liturgico" />
<meta property="og:description" content="Ambo en bois massif de style baroque du XVIIe siècle. Œuvre unique et originale avec panneau sculptée en bois de tilleul accompagnée de pilastres et molure sur les colonnes. Etagère pour ranger les livres à l&#039;arrière L’inscription &quot;Parola di Dio&quot; peut être exécutée dans la langue désirée.  Dimensions: cm 125 x 80 x 50." />
<meta property="og:url" content="https://www.gruppoliturgico.com/fr/produit/ambon-4/" />
<meta property="og:site_name" content="Laboratorio Gruppo Liturgico" />
<meta property="article:modified_time" content="2022-10-19T14:54:18+00:00" />
<meta property="og:image" content="https://www.gruppoliturgico.com/wp-content/uploads/2022/05/1317_0.jpg" />
	<meta property="og:image:width" content="1067" />
	<meta property="og:image:height" content="1500" />
	<meta property="og:image:type" content="image/jpeg" />
<meta name="twitter:card" content="summary_large_image" />
<script type="application/ld+json" class="yoast-schema-graph">{"@context":"https://schema.org","@graph":[{"@type":"WebPage","@id":"https://www.gruppoliturgico.com/fr/produit/ambon-4/","url":"https://www.gruppoliturgico.com/fr/produit/ambon-4/","name":"ambon - art 1316, ambons et lutrins en bois et Laboratorio Gruppo Liturgico","isPartOf":{"@id":"https://www.gruppoliturgico.com/es/#website"},"datePublished":"2022-05-19T21:06:36+00:00","dateModified":"2022-10-19T14:54:18+00:00","description":"Ambo en bois massif de style baroque du XVIIe siècle. Œuvre unique et originale avec panneau sculptée en bois de tilleul accompagnée de pilastres et molure sur les colonnes. Etagère pour ranger les livres à l'arrière L’inscription \"Parola di Dio\" peut être exécutée dans la langue désirée. Dimensions: cm 125 x 80 x 50.","breadcrumb":{"@id":"https://www.gruppoliturgico.com/fr/produit/ambon-4/#breadcrumb"},"inLanguage":"fr-FR","potentialAction":[{"@type":"ReadAction","target":["https://www.gruppoliturgico.com/fr/produit/ambon-4/"]}]},{"@type":"BreadcrumbList","@id":"https://www.gruppoliturgico.com/fr/produit/ambon-4/#breadcrumb","itemListElement":[{"@type":"ListItem","position":1,"name":"Home","item":"https://www.gruppoliturgico.com/fr/"},{"@type":"ListItem","position":2,"name":"Boutique","item":"https://www.gruppoliturgico.com/fr/boutique/"},{"@type":"ListItem","position":3,"name":"ambon"}]},{"@type":"WebSite","@id":"https://www.gruppoliturgico.com/es/#website","url":"https://www.gruppoliturgico.com/es/","name":"Laboratorio Gruppo Liturgico","description":"Articoli Religiosi online","publisher":{"@id":"https://www.gruppoliturgico.com/es/#organization"},"potentialAction":[{"@type":"SearchAction","target":{"@type":"EntryPoint","urlTemplate":"https://www.gruppoliturgico.com/es/?s={search_term_string}"},"query-input":"required name=search_term_string"}],"inLanguage":"fr-FR"},{"@type":"Organization","@id":"https://www.gruppoliturgico.com/es/#organization","name":"Laboratorio Gruppo Liturgico","url":"https://www.gruppoliturgico.com/es/","logo":{"@type":"ImageObject","inLanguage":"fr-FR","@id":"https://www.gruppoliturgico.com/es/#/schema/logo/image/","url":"https://www.gruppoliturgico.com/wp-content/uploads/2022/02/logo-laboratoriogruppoliturgico.png","contentUrl":"https://www.gruppoliturgico.com/wp-content/uploads/2022/02/logo-laboratoriogruppoliturgico.png","width":400,"height":114,"caption":"Laboratorio Gruppo Liturgico"},"image":{"@id":"https://www.gruppoliturgico.com/es/#/schema/logo/image/"}}]}</script>
<!-- / Yoast SEO plugin. -->

Ambo en bois massif de style baroque du XVIIe siècle. Œuvre unique et originale avec panneau sculptée en bois de tilleul accompagnée de pilastres et molure sur les colonnes. Etagère pour ranger les livres à l'arrière L’inscription "Parola di Dio" peut être exécutée dans la langue désirée.  Dimensions: cm 125 x 80 x 50.

Ambo en bois massif de style baroque du XVIIe siècle. Œuvre unique et originale avec panneau sculptée en bois de tilleul accompagnée de pilastres et molure sur les colonnes. Etagère pour ranger les livres à l'arrière L’inscription "Parola di Dio" peut être exécutée dans la langue désirée. Dimensions: cm 125 x 80 x 50.
