{"id":143068,"date":"2026-04-16T11:34:10","date_gmt":"2026-04-16T09:34:10","guid":{"rendered":"https:\/\/www.gruppoliturgico.com\/prodotto\/chandelier-dautel-21\/"},"modified":"2026-04-16T11:34:10","modified_gmt":"2026-04-16T09:34:10","slug":"chandelier-dautel-21","status":"publish","type":"product","link":"https:\/\/www.gruppoliturgico.com\/fr\/produit\/chandelier-dautel-21\/","title":{"rendered":"Chandelier d&rsquo;autel"},"content":{"rendered":"<html><body><p>Prestigieux chandelier d\u2019autel enti\u00e8rement r\u00e9alis\u00e9 en laiton coul\u00e9.<br>\nUn chapiteau somptueux soutient la tige finement ouvrag\u00e9e avec des \u00e9l\u00e9ments de style baroque.<br>\nLa coupelle sup\u00e9rieure est orn\u00e9e d\u2019une fine et riche dentelle en laiton cisel\u00e9.<br>\nHauteur 30 cm \/ 12\u201d<br>\nDiam\u00e8tre 15 cm \/ 6\u201d<\/p>\n<p>Le prix comprend la bougie de 6 cm de diam\u00e8tre et 30 cm de longueur avec un r\u00e9cipient de cire liquide.<\/p>\n<\/body><\/html>","protected":false},"excerpt":{"rendered":"<p>Prestigieux chandelier d&rsquo;autel enti\u00e8rement r\u00e9alis\u00e9 en laiton coul\u00e9.<br \/>\nUn chapiteau somptueux soutient la tige finement ouvrag\u00e9e avec des \u00e9l\u00e9ments de style baroque.<br \/>\nLa coupelle sup\u00e9rieure est orn\u00e9e d&rsquo;une fine et riche dentelle en laiton cisel\u00e9.<br \/>\nHauteur 30 cm \/ 12\u201d<br \/>\nDiam\u00e8tre 15 cm \/ 6\u201d<\/p>\n<p>Le prix comprend la bougie de 6 cm de diam\u00e8tre et 30 cm de longueur avec un r\u00e9cipient de cire liquide.<\/p>\n","protected":false},"featured_media":143061,"template":"","meta":[],"product_cat":[12060],"product_tag":[],"yoast_head":"<!-- This site is optimized with the Yoast SEO plugin v20.4 - https:\/\/yoast.com\/wordpress\/plugins\/seo\/ -->\n<title>Chandelier d&#039;autel - Chandelier d&#039;autel et Laboratorio Gruppo Liturgico<\/title>\n<meta name=\"description\" content=\"Prestigieux chandelier d&#039;autel enti\u00e8rement r\u00e9alis\u00e9 en laiton coul\u00e9. Un chapiteau somptueux soutient la tige finement ouvrag\u00e9e avec des \u00e9l\u00e9ments de style baroque. La coupelle sup\u00e9rieure est orn\u00e9e d&#039;une fine et riche dentelle en laiton cisel\u00e9. Hauteur 30 cm \/ 12\u201d Diam\u00e8tre 15 cm \/ 6\u201d  Le prix comprend la bougie de 6 cm de diam\u00e8tre et 30 cm de longueur avec un r\u00e9cipient de cire liquide.\" \/>\n<meta name=\"robots\" content=\"index, follow, max-snippet:-1, max-image-preview:large, max-video-preview:-1\" \/>\n<link rel=\"canonical\" href=\"https:\/\/www.gruppoliturgico.com\/fr\/produit\/chandelier-dautel-21\/\" \/>\n<meta property=\"og:locale\" content=\"fr_FR\" \/>\n<meta property=\"og:type\" content=\"article\" \/>\n<meta property=\"og:title\" content=\"Chandelier d&#039;autel - Chandelier d&#039;autel et Laboratorio Gruppo Liturgico\" \/>\n<meta property=\"og:description\" content=\"Prestigieux chandelier d&#039;autel enti\u00e8rement r\u00e9alis\u00e9 en laiton coul\u00e9. Un chapiteau somptueux soutient la tige finement ouvrag\u00e9e avec des \u00e9l\u00e9ments de style baroque. La coupelle sup\u00e9rieure est orn\u00e9e d&#039;une fine et riche dentelle en laiton cisel\u00e9. Hauteur 30 cm \/ 12\u201d Diam\u00e8tre 15 cm \/ 6\u201d  Le prix comprend la bougie de 6 cm de diam\u00e8tre et 30 cm de longueur avec un r\u00e9cipient de cire liquide.\" \/>\n<meta property=\"og:url\" content=\"https:\/\/www.gruppoliturgico.com\/fr\/produit\/chandelier-dautel-21\/\" \/>\n<meta property=\"og:site_name\" content=\"Laboratorio Gruppo Liturgico\" \/>\n<meta property=\"og:image\" content=\"https:\/\/www.gruppoliturgico.com\/wp-content\/uploads\/2026\/04\/4183-1.jpg\" \/>\n\t<meta property=\"og:image:width\" content=\"1045\" \/>\n\t<meta property=\"og:image:height\" content=\"2002\" \/>\n\t<meta property=\"og:image:type\" content=\"image\/jpeg\" \/>\n<meta name=\"twitter:card\" content=\"summary_large_image\" \/>\n<script type=\"application\/ld+json\" class=\"yoast-schema-graph\">{\"@context\":\"https:\/\/schema.org\",\"@graph\":[{\"@type\":\"WebPage\",\"@id\":\"https:\/\/www.gruppoliturgico.com\/fr\/produit\/chandelier-dautel-21\/\",\"url\":\"https:\/\/www.gruppoliturgico.com\/fr\/produit\/chandelier-dautel-21\/\",\"name\":\"Chandelier d'autel - Chandelier d'autel et Laboratorio Gruppo Liturgico\",\"isPartOf\":{\"@id\":\"https:\/\/www.gruppoliturgico.com\/es\/#website\"},\"datePublished\":\"2026-04-16T09:34:10+00:00\",\"dateModified\":\"2026-04-16T09:34:10+00:00\",\"description\":\"Prestigieux chandelier d'autel enti\u00e8rement r\u00e9alis\u00e9 en laiton coul\u00e9. Un chapiteau somptueux soutient la tige finement ouvrag\u00e9e avec des \u00e9l\u00e9ments de style baroque. La coupelle sup\u00e9rieure est orn\u00e9e d'une fine et riche dentelle en laiton cisel\u00e9. Hauteur 30 cm \/ 12\u201d Diam\u00e8tre 15 cm \/ 6\u201d Le prix comprend la bougie de 6 cm de diam\u00e8tre et 30 cm de longueur avec un r\u00e9cipient de cire liquide.\",\"breadcrumb\":{\"@id\":\"https:\/\/www.gruppoliturgico.com\/fr\/produit\/chandelier-dautel-21\/#breadcrumb\"},\"inLanguage\":\"fr-FR\",\"potentialAction\":[{\"@type\":\"ReadAction\",\"target\":[\"https:\/\/www.gruppoliturgico.com\/fr\/produit\/chandelier-dautel-21\/\"]}]},{\"@type\":\"BreadcrumbList\",\"@id\":\"https:\/\/www.gruppoliturgico.com\/fr\/produit\/chandelier-dautel-21\/#breadcrumb\",\"itemListElement\":[{\"@type\":\"ListItem\",\"position\":1,\"name\":\"Home\",\"item\":\"https:\/\/www.gruppoliturgico.com\/fr\/\"},{\"@type\":\"ListItem\",\"position\":2,\"name\":\"Boutique\",\"item\":\"https:\/\/www.gruppoliturgico.com\/fr\/boutique\/\"},{\"@type\":\"ListItem\",\"position\":3,\"name\":\"Chandelier d&rsquo;autel\"}]},{\"@type\":\"WebSite\",\"@id\":\"https:\/\/www.gruppoliturgico.com\/es\/#website\",\"url\":\"https:\/\/www.gruppoliturgico.com\/es\/\",\"name\":\"Laboratorio Gruppo Liturgico\",\"description\":\"Articoli Religiosi online\",\"publisher\":{\"@id\":\"https:\/\/www.gruppoliturgico.com\/es\/#organization\"},\"potentialAction\":[{\"@type\":\"SearchAction\",\"target\":{\"@type\":\"EntryPoint\",\"urlTemplate\":\"https:\/\/www.gruppoliturgico.com\/es\/?s={search_term_string}\"},\"query-input\":\"required name=search_term_string\"}],\"inLanguage\":\"fr-FR\"},{\"@type\":\"Organization\",\"@id\":\"https:\/\/www.gruppoliturgico.com\/es\/#organization\",\"name\":\"Laboratorio Gruppo Liturgico\",\"url\":\"https:\/\/www.gruppoliturgico.com\/es\/\",\"logo\":{\"@type\":\"ImageObject\",\"inLanguage\":\"fr-FR\",\"@id\":\"https:\/\/www.gruppoliturgico.com\/es\/#\/schema\/logo\/image\/\",\"url\":\"https:\/\/www.gruppoliturgico.com\/wp-content\/uploads\/2022\/02\/logo-laboratoriogruppoliturgico.png\",\"contentUrl\":\"https:\/\/www.gruppoliturgico.com\/wp-content\/uploads\/2022\/02\/logo-laboratoriogruppoliturgico.png\",\"width\":400,\"height\":114,\"caption\":\"Laboratorio Gruppo Liturgico\"},\"image\":{\"@id\":\"https:\/\/www.gruppoliturgico.com\/es\/#\/schema\/logo\/image\/\"}}]}<\/script>\n<!-- \/ Yoast SEO plugin. -->","yoast_head_json":{"title":"Chandelier d'autel - Chandelier d'autel et Laboratorio Gruppo Liturgico","description":"Prestigieux chandelier d'autel enti\u00e8rement r\u00e9alis\u00e9 en laiton coul\u00e9. Un chapiteau somptueux soutient la tige finement ouvrag\u00e9e avec des \u00e9l\u00e9ments de style baroque. La coupelle sup\u00e9rieure est orn\u00e9e d'une fine et riche dentelle en laiton cisel\u00e9. Hauteur 30 cm \/ 12\u201d Diam\u00e8tre 15 cm \/ 6\u201d  Le prix comprend la bougie de 6 cm de diam\u00e8tre et 30 cm de longueur avec un r\u00e9cipient de cire liquide.","robots":{"index":"index","follow":"follow","max-snippet":"max-snippet:-1","max-image-preview":"max-image-preview:large","max-video-preview":"max-video-preview:-1"},"canonical":"https:\/\/www.gruppoliturgico.com\/fr\/produit\/chandelier-dautel-21\/","og_locale":"fr_FR","og_type":"article","og_title":"Chandelier d'autel - Chandelier d'autel et Laboratorio Gruppo Liturgico","og_description":"Prestigieux chandelier d'autel enti\u00e8rement r\u00e9alis\u00e9 en laiton coul\u00e9. Un chapiteau somptueux soutient la tige finement ouvrag\u00e9e avec des \u00e9l\u00e9ments de style baroque. La coupelle sup\u00e9rieure est orn\u00e9e d'une fine et riche dentelle en laiton cisel\u00e9. Hauteur 30 cm \/ 12\u201d Diam\u00e8tre 15 cm \/ 6\u201d  Le prix comprend la bougie de 6 cm de diam\u00e8tre et 30 cm de longueur avec un r\u00e9cipient de cire liquide.","og_url":"https:\/\/www.gruppoliturgico.com\/fr\/produit\/chandelier-dautel-21\/","og_site_name":"Laboratorio Gruppo Liturgico","og_image":[{"width":1045,"height":2002,"url":"https:\/\/www.gruppoliturgico.com\/wp-content\/uploads\/2026\/04\/4183-1.jpg","type":"image\/jpeg"}],"twitter_card":"summary_large_image","schema":{"@context":"https:\/\/schema.org","@graph":[{"@type":"WebPage","@id":"https:\/\/www.gruppoliturgico.com\/fr\/produit\/chandelier-dautel-21\/","url":"https:\/\/www.gruppoliturgico.com\/fr\/produit\/chandelier-dautel-21\/","name":"Chandelier d'autel - Chandelier d'autel et Laboratorio Gruppo Liturgico","isPartOf":{"@id":"https:\/\/www.gruppoliturgico.com\/es\/#website"},"datePublished":"2026-04-16T09:34:10+00:00","dateModified":"2026-04-16T09:34:10+00:00","description":"Prestigieux chandelier d'autel enti\u00e8rement r\u00e9alis\u00e9 en laiton coul\u00e9. Un chapiteau somptueux soutient la tige finement ouvrag\u00e9e avec des \u00e9l\u00e9ments de style baroque. La coupelle sup\u00e9rieure est orn\u00e9e d'une fine et riche dentelle en laiton cisel\u00e9. Hauteur 30 cm \/ 12\u201d Diam\u00e8tre 15 cm \/ 6\u201d Le prix comprend la bougie de 6 cm de diam\u00e8tre et 30 cm de longueur avec un r\u00e9cipient de cire liquide.","breadcrumb":{"@id":"https:\/\/www.gruppoliturgico.com\/fr\/produit\/chandelier-dautel-21\/#breadcrumb"},"inLanguage":"fr-FR","potentialAction":[{"@type":"ReadAction","target":["https:\/\/www.gruppoliturgico.com\/fr\/produit\/chandelier-dautel-21\/"]}]},{"@type":"BreadcrumbList","@id":"https:\/\/www.gruppoliturgico.com\/fr\/produit\/chandelier-dautel-21\/#breadcrumb","itemListElement":[{"@type":"ListItem","position":1,"name":"Home","item":"https:\/\/www.gruppoliturgico.com\/fr\/"},{"@type":"ListItem","position":2,"name":"Boutique","item":"https:\/\/www.gruppoliturgico.com\/fr\/boutique\/"},{"@type":"ListItem","position":3,"name":"Chandelier d&rsquo;autel"}]},{"@type":"WebSite","@id":"https:\/\/www.gruppoliturgico.com\/es\/#website","url":"https:\/\/www.gruppoliturgico.com\/es\/","name":"Laboratorio Gruppo Liturgico","description":"Articoli Religiosi online","publisher":{"@id":"https:\/\/www.gruppoliturgico.com\/es\/#organization"},"potentialAction":[{"@type":"SearchAction","target":{"@type":"EntryPoint","urlTemplate":"https:\/\/www.gruppoliturgico.com\/es\/?s={search_term_string}"},"query-input":"required name=search_term_string"}],"inLanguage":"fr-FR"},{"@type":"Organization","@id":"https:\/\/www.gruppoliturgico.com\/es\/#organization","name":"Laboratorio Gruppo Liturgico","url":"https:\/\/www.gruppoliturgico.com\/es\/","logo":{"@type":"ImageObject","inLanguage":"fr-FR","@id":"https:\/\/www.gruppoliturgico.com\/es\/#\/schema\/logo\/image\/","url":"https:\/\/www.gruppoliturgico.com\/wp-content\/uploads\/2022\/02\/logo-laboratoriogruppoliturgico.png","contentUrl":"https:\/\/www.gruppoliturgico.com\/wp-content\/uploads\/2022\/02\/logo-laboratoriogruppoliturgico.png","width":400,"height":114,"caption":"Laboratorio Gruppo Liturgico"},"image":{"@id":"https:\/\/www.gruppoliturgico.com\/es\/#\/schema\/logo\/image\/"}}]}},"_links":{"self":[{"href":"https:\/\/www.gruppoliturgico.com\/fr\/wp-json\/wp\/v2\/product\/143068"}],"collection":[{"href":"https:\/\/www.gruppoliturgico.com\/fr\/wp-json\/wp\/v2\/product"}],"about":[{"href":"https:\/\/www.gruppoliturgico.com\/fr\/wp-json\/wp\/v2\/types\/product"}],"wp:featuredmedia":[{"embeddable":true,"href":"https:\/\/www.gruppoliturgico.com\/fr\/wp-json\/wp\/v2\/media\/143061"}],"wp:attachment":[{"href":"https:\/\/www.gruppoliturgico.com\/fr\/wp-json\/wp\/v2\/media?parent=143068"}],"wp:term":[{"taxonomy":"product_cat","embeddable":true,"href":"https:\/\/www.gruppoliturgico.com\/fr\/wp-json\/wp\/v2\/product_cat?post=143068"},{"taxonomy":"product_tag","embeddable":true,"href":"https:\/\/www.gruppoliturgico.com\/fr\/wp-json\/wp\/v2\/product_tag?post=143068"}],"curies":[{"name":"wp","href":"https:\/\/api.w.org\/{rel}","templated":true}]}}

<html><body><p>Prestigieux chandelier d’autel entièrement réalisé en laiton coulé.<br>
Un chapiteau somptueux soutient la tige finement ouvragée avec des éléments de style baroque.<br>
La coupelle supérieure est ornée d’une fine et riche dentelle en laiton ciselé.<br>
Hauteur 30 cm / 12”<br>
Diamètre 15 cm / 6”</p>
<p>Le prix comprend la bougie de 6 cm de diamètre et 30 cm de longueur avec un récipient de cire liquide.</p>
</body></html>

<p>Prestigieux chandelier d&rsquo;autel entièrement réalisé en laiton coulé.<br />
Un chapiteau somptueux soutient la tige finement ouvragée avec des éléments de style baroque.<br />
La coupelle supérieure est ornée d&rsquo;une fine et riche dentelle en laiton ciselé.<br />
Hauteur 30 cm / 12”<br />
Diamètre 15 cm / 6”</p>
<p>Le prix comprend la bougie de 6 cm de diamètre et 30 cm de longueur avec un récipient de cire liquide.</p>

<!-- This site is optimized with the Yoast SEO plugin v20.4 - https://yoast.com/wordpress/plugins/seo/ -->
<title>Chandelier d&#039;autel - Chandelier d&#039;autel et Laboratorio Gruppo Liturgico</title>
<meta name="description" content="Prestigieux chandelier d&#039;autel entièrement réalisé en laiton coulé. Un chapiteau somptueux soutient la tige finement ouvragée avec des éléments de style baroque. La coupelle supérieure est ornée d&#039;une fine et riche dentelle en laiton ciselé. Hauteur 30 cm / 12” Diamètre 15 cm / 6”  Le prix comprend la bougie de 6 cm de diamètre et 30 cm de longueur avec un récipient de cire liquide." />
<meta name="robots" content="index, follow, max-snippet:-1, max-image-preview:large, max-video-preview:-1" />
<link rel="canonical" href="https://www.gruppoliturgico.com/fr/produit/chandelier-dautel-21/" />
<meta property="og:locale" content="fr_FR" />
<meta property="og:type" content="article" />
<meta property="og:title" content="Chandelier d&#039;autel - Chandelier d&#039;autel et Laboratorio Gruppo Liturgico" />
<meta property="og:description" content="Prestigieux chandelier d&#039;autel entièrement réalisé en laiton coulé. Un chapiteau somptueux soutient la tige finement ouvragée avec des éléments de style baroque. La coupelle supérieure est ornée d&#039;une fine et riche dentelle en laiton ciselé. Hauteur 30 cm / 12” Diamètre 15 cm / 6”  Le prix comprend la bougie de 6 cm de diamètre et 30 cm de longueur avec un récipient de cire liquide." />
<meta property="og:url" content="https://www.gruppoliturgico.com/fr/produit/chandelier-dautel-21/" />
<meta property="og:site_name" content="Laboratorio Gruppo Liturgico" />
<meta property="og:image" content="https://www.gruppoliturgico.com/wp-content/uploads/2026/04/4183-1.jpg" />
	<meta property="og:image:width" content="1045" />
	<meta property="og:image:height" content="2002" />
	<meta property="og:image:type" content="image/jpeg" />
<meta name="twitter:card" content="summary_large_image" />
<script type="application/ld+json" class="yoast-schema-graph">{"@context":"https://schema.org","@graph":[{"@type":"WebPage","@id":"https://www.gruppoliturgico.com/fr/produit/chandelier-dautel-21/","url":"https://www.gruppoliturgico.com/fr/produit/chandelier-dautel-21/","name":"Chandelier d'autel - Chandelier d'autel et Laboratorio Gruppo Liturgico","isPartOf":{"@id":"https://www.gruppoliturgico.com/es/#website"},"datePublished":"2026-04-16T09:34:10+00:00","dateModified":"2026-04-16T09:34:10+00:00","description":"Prestigieux chandelier d'autel entièrement réalisé en laiton coulé. Un chapiteau somptueux soutient la tige finement ouvragée avec des éléments de style baroque. La coupelle supérieure est ornée d'une fine et riche dentelle en laiton ciselé. Hauteur 30 cm / 12” Diamètre 15 cm / 6” Le prix comprend la bougie de 6 cm de diamètre et 30 cm de longueur avec un récipient de cire liquide.","breadcrumb":{"@id":"https://www.gruppoliturgico.com/fr/produit/chandelier-dautel-21/#breadcrumb"},"inLanguage":"fr-FR","potentialAction":[{"@type":"ReadAction","target":["https://www.gruppoliturgico.com/fr/produit/chandelier-dautel-21/"]}]},{"@type":"BreadcrumbList","@id":"https://www.gruppoliturgico.com/fr/produit/chandelier-dautel-21/#breadcrumb","itemListElement":[{"@type":"ListItem","position":1,"name":"Home","item":"https://www.gruppoliturgico.com/fr/"},{"@type":"ListItem","position":2,"name":"Boutique","item":"https://www.gruppoliturgico.com/fr/boutique/"},{"@type":"ListItem","position":3,"name":"Chandelier d&rsquo;autel"}]},{"@type":"WebSite","@id":"https://www.gruppoliturgico.com/es/#website","url":"https://www.gruppoliturgico.com/es/","name":"Laboratorio Gruppo Liturgico","description":"Articoli Religiosi online","publisher":{"@id":"https://www.gruppoliturgico.com/es/#organization"},"potentialAction":[{"@type":"SearchAction","target":{"@type":"EntryPoint","urlTemplate":"https://www.gruppoliturgico.com/es/?s={search_term_string}"},"query-input":"required name=search_term_string"}],"inLanguage":"fr-FR"},{"@type":"Organization","@id":"https://www.gruppoliturgico.com/es/#organization","name":"Laboratorio Gruppo Liturgico","url":"https://www.gruppoliturgico.com/es/","logo":{"@type":"ImageObject","inLanguage":"fr-FR","@id":"https://www.gruppoliturgico.com/es/#/schema/logo/image/","url":"https://www.gruppoliturgico.com/wp-content/uploads/2022/02/logo-laboratoriogruppoliturgico.png","contentUrl":"https://www.gruppoliturgico.com/wp-content/uploads/2022/02/logo-laboratoriogruppoliturgico.png","width":400,"height":114,"caption":"Laboratorio Gruppo Liturgico"},"image":{"@id":"https://www.gruppoliturgico.com/es/#/schema/logo/image/"}}]}</script>
<!-- / Yoast SEO plugin. -->

Prestigieux chandelier d'autel entièrement réalisé en laiton coulé. Un chapiteau somptueux soutient la tige finement ouvragée avec des éléments de style baroque. La coupelle supérieure est ornée d'une fine et riche dentelle en laiton ciselé. Hauteur 30 cm / 12” Diamètre 15 cm / 6”  Le prix comprend la bougie de 6 cm de diamètre et 30 cm de longueur avec un récipient de cire liquide.

Prestigieux chandelier d'autel entièrement réalisé en laiton coulé. Un chapiteau somptueux soutient la tige finement ouvragée avec des éléments de style baroque. La coupelle supérieure est ornée d'une fine et riche dentelle en laiton ciselé. Hauteur 30 cm / 12” Diamètre 15 cm / 6” Le prix comprend la bougie de 6 cm de diamètre et 30 cm de longueur avec un récipient de cire liquide.
