{"id":141139,"date":"2025-10-31T15:28:37","date_gmt":"2025-10-31T14:28:37","guid":{"rendered":"https:\/\/www.gruppoliturgico.com\/prodotto\/mitre-16\/"},"modified":"2025-10-31T15:28:37","modified_gmt":"2025-10-31T14:28:37","slug":"mitre-16","status":"publish","type":"product","link":"https:\/\/www.gruppoliturgico.com\/fr\/produit\/mitre-16\/","title":{"rendered":"Mitre"},"content":{"rendered":"<html><body><p>Mitre confectionn\u00e9e en toile vaticane, orn\u00e9e de broderies g\u00e9om\u00e9triques et de croix embellies de nombreux strass en cristal.<br>\nFanons brod\u00e9e du m\u00eame motif.<br>\nLors de la commande, veuillez indiquer le tour de t\u00eate.<br>\nTailles disponibles : du 56 au 62.<\/p>\n<\/body><\/html>","protected":false},"excerpt":{"rendered":"<p>Mitre confectionn\u00e9e en toile vaticane, orn\u00e9e de broderies g\u00e9om\u00e9triques et de croix embellies de nombreux strass en cristal.<br \/>\nFanons brod\u00e9e du m\u00eame motif.<br \/>\nLors de la commande, veuillez indiquer le tour de t\u00eate.<br \/>\nTailles disponibles : du 56 au 62.<\/p>\n","protected":false},"featured_media":141124,"template":"","meta":[],"product_cat":[11964],"product_tag":[],"yoast_head":"<!-- This site is optimized with the Yoast SEO plugin v20.4 - https:\/\/yoast.com\/wordpress\/plugins\/seo\/ -->\n<title>Mitre - mitres et Laboratorio Gruppo Liturgico<\/title>\n<meta name=\"description\" content=\"Mitre confectionn\u00e9e en toile vaticane, orn\u00e9e de broderies g\u00e9om\u00e9triques et de croix embellies de nombreux strass en cristal. Fanons brod\u00e9e du m\u00eame motif. Lors de la commande, veuillez indiquer le tour de t\u00eate. Tailles disponibles : du 56 au 62.\" \/>\n<meta name=\"robots\" content=\"index, follow, max-snippet:-1, max-image-preview:large, max-video-preview:-1\" \/>\n<link rel=\"canonical\" href=\"https:\/\/www.gruppoliturgico.com\/fr\/produit\/mitre-16\/\" \/>\n<meta property=\"og:locale\" content=\"fr_FR\" \/>\n<meta property=\"og:type\" content=\"article\" \/>\n<meta property=\"og:title\" content=\"Mitre - mitres et Laboratorio Gruppo Liturgico\" \/>\n<meta property=\"og:description\" content=\"Mitre confectionn\u00e9e en toile vaticane, orn\u00e9e de broderies g\u00e9om\u00e9triques et de croix embellies de nombreux strass en cristal. Fanons brod\u00e9e du m\u00eame motif. Lors de la commande, veuillez indiquer le tour de t\u00eate. Tailles disponibles : du 56 au 62.\" \/>\n<meta property=\"og:url\" content=\"https:\/\/www.gruppoliturgico.com\/fr\/produit\/mitre-16\/\" \/>\n<meta property=\"og:site_name\" content=\"Laboratorio Gruppo Liturgico\" \/>\n<meta property=\"og:image\" content=\"https:\/\/www.gruppoliturgico.com\/wp-content\/uploads\/2025\/10\/4135-2.jpg\" \/>\n\t<meta property=\"og:image:width\" content=\"1670\" \/>\n\t<meta property=\"og:image:height\" content=\"2001\" \/>\n\t<meta property=\"og:image:type\" content=\"image\/jpeg\" \/>\n<meta name=\"twitter:card\" content=\"summary_large_image\" \/>\n<script type=\"application\/ld+json\" class=\"yoast-schema-graph\">{\"@context\":\"https:\/\/schema.org\",\"@graph\":[{\"@type\":\"WebPage\",\"@id\":\"https:\/\/www.gruppoliturgico.com\/fr\/produit\/mitre-16\/\",\"url\":\"https:\/\/www.gruppoliturgico.com\/fr\/produit\/mitre-16\/\",\"name\":\"Mitre - mitres et Laboratorio Gruppo Liturgico\",\"isPartOf\":{\"@id\":\"https:\/\/www.gruppoliturgico.com\/es\/#website\"},\"datePublished\":\"2025-10-31T14:28:37+00:00\",\"dateModified\":\"2025-10-31T14:28:37+00:00\",\"description\":\"Mitre confectionn\u00e9e en toile vaticane, orn\u00e9e de broderies g\u00e9om\u00e9triques et de croix embellies de nombreux strass en cristal. Fanons brod\u00e9e du m\u00eame motif. Lors de la commande, veuillez indiquer le tour de t\u00eate. Tailles disponibles : du 56 au 62.\",\"breadcrumb\":{\"@id\":\"https:\/\/www.gruppoliturgico.com\/fr\/produit\/mitre-16\/#breadcrumb\"},\"inLanguage\":\"fr-FR\",\"potentialAction\":[{\"@type\":\"ReadAction\",\"target\":[\"https:\/\/www.gruppoliturgico.com\/fr\/produit\/mitre-16\/\"]}]},{\"@type\":\"BreadcrumbList\",\"@id\":\"https:\/\/www.gruppoliturgico.com\/fr\/produit\/mitre-16\/#breadcrumb\",\"itemListElement\":[{\"@type\":\"ListItem\",\"position\":1,\"name\":\"Home\",\"item\":\"https:\/\/www.gruppoliturgico.com\/fr\/\"},{\"@type\":\"ListItem\",\"position\":2,\"name\":\"Boutique\",\"item\":\"https:\/\/www.gruppoliturgico.com\/fr\/boutique\/\"},{\"@type\":\"ListItem\",\"position\":3,\"name\":\"Mitre\"}]},{\"@type\":\"WebSite\",\"@id\":\"https:\/\/www.gruppoliturgico.com\/es\/#website\",\"url\":\"https:\/\/www.gruppoliturgico.com\/es\/\",\"name\":\"Laboratorio Gruppo Liturgico\",\"description\":\"Articoli Religiosi online\",\"publisher\":{\"@id\":\"https:\/\/www.gruppoliturgico.com\/es\/#organization\"},\"potentialAction\":[{\"@type\":\"SearchAction\",\"target\":{\"@type\":\"EntryPoint\",\"urlTemplate\":\"https:\/\/www.gruppoliturgico.com\/es\/?s={search_term_string}\"},\"query-input\":\"required name=search_term_string\"}],\"inLanguage\":\"fr-FR\"},{\"@type\":\"Organization\",\"@id\":\"https:\/\/www.gruppoliturgico.com\/es\/#organization\",\"name\":\"Laboratorio Gruppo Liturgico\",\"url\":\"https:\/\/www.gruppoliturgico.com\/es\/\",\"logo\":{\"@type\":\"ImageObject\",\"inLanguage\":\"fr-FR\",\"@id\":\"https:\/\/www.gruppoliturgico.com\/es\/#\/schema\/logo\/image\/\",\"url\":\"https:\/\/www.gruppoliturgico.com\/wp-content\/uploads\/2022\/02\/logo-laboratoriogruppoliturgico.png\",\"contentUrl\":\"https:\/\/www.gruppoliturgico.com\/wp-content\/uploads\/2022\/02\/logo-laboratoriogruppoliturgico.png\",\"width\":400,\"height\":114,\"caption\":\"Laboratorio Gruppo Liturgico\"},\"image\":{\"@id\":\"https:\/\/www.gruppoliturgico.com\/es\/#\/schema\/logo\/image\/\"}}]}<\/script>\n<!-- \/ Yoast SEO plugin. -->","yoast_head_json":{"title":"Mitre - mitres et Laboratorio Gruppo Liturgico","description":"Mitre confectionn\u00e9e en toile vaticane, orn\u00e9e de broderies g\u00e9om\u00e9triques et de croix embellies de nombreux strass en cristal. Fanons brod\u00e9e du m\u00eame motif. Lors de la commande, veuillez indiquer le tour de t\u00eate. Tailles disponibles : du 56 au 62.","robots":{"index":"index","follow":"follow","max-snippet":"max-snippet:-1","max-image-preview":"max-image-preview:large","max-video-preview":"max-video-preview:-1"},"canonical":"https:\/\/www.gruppoliturgico.com\/fr\/produit\/mitre-16\/","og_locale":"fr_FR","og_type":"article","og_title":"Mitre - mitres et Laboratorio Gruppo Liturgico","og_description":"Mitre confectionn\u00e9e en toile vaticane, orn\u00e9e de broderies g\u00e9om\u00e9triques et de croix embellies de nombreux strass en cristal. Fanons brod\u00e9e du m\u00eame motif. Lors de la commande, veuillez indiquer le tour de t\u00eate. Tailles disponibles : du 56 au 62.","og_url":"https:\/\/www.gruppoliturgico.com\/fr\/produit\/mitre-16\/","og_site_name":"Laboratorio Gruppo Liturgico","og_image":[{"width":1670,"height":2001,"url":"https:\/\/www.gruppoliturgico.com\/wp-content\/uploads\/2025\/10\/4135-2.jpg","type":"image\/jpeg"}],"twitter_card":"summary_large_image","schema":{"@context":"https:\/\/schema.org","@graph":[{"@type":"WebPage","@id":"https:\/\/www.gruppoliturgico.com\/fr\/produit\/mitre-16\/","url":"https:\/\/www.gruppoliturgico.com\/fr\/produit\/mitre-16\/","name":"Mitre - mitres et Laboratorio Gruppo Liturgico","isPartOf":{"@id":"https:\/\/www.gruppoliturgico.com\/es\/#website"},"datePublished":"2025-10-31T14:28:37+00:00","dateModified":"2025-10-31T14:28:37+00:00","description":"Mitre confectionn\u00e9e en toile vaticane, orn\u00e9e de broderies g\u00e9om\u00e9triques et de croix embellies de nombreux strass en cristal. Fanons brod\u00e9e du m\u00eame motif. Lors de la commande, veuillez indiquer le tour de t\u00eate. Tailles disponibles : du 56 au 62.","breadcrumb":{"@id":"https:\/\/www.gruppoliturgico.com\/fr\/produit\/mitre-16\/#breadcrumb"},"inLanguage":"fr-FR","potentialAction":[{"@type":"ReadAction","target":["https:\/\/www.gruppoliturgico.com\/fr\/produit\/mitre-16\/"]}]},{"@type":"BreadcrumbList","@id":"https:\/\/www.gruppoliturgico.com\/fr\/produit\/mitre-16\/#breadcrumb","itemListElement":[{"@type":"ListItem","position":1,"name":"Home","item":"https:\/\/www.gruppoliturgico.com\/fr\/"},{"@type":"ListItem","position":2,"name":"Boutique","item":"https:\/\/www.gruppoliturgico.com\/fr\/boutique\/"},{"@type":"ListItem","position":3,"name":"Mitre"}]},{"@type":"WebSite","@id":"https:\/\/www.gruppoliturgico.com\/es\/#website","url":"https:\/\/www.gruppoliturgico.com\/es\/","name":"Laboratorio Gruppo Liturgico","description":"Articoli Religiosi online","publisher":{"@id":"https:\/\/www.gruppoliturgico.com\/es\/#organization"},"potentialAction":[{"@type":"SearchAction","target":{"@type":"EntryPoint","urlTemplate":"https:\/\/www.gruppoliturgico.com\/es\/?s={search_term_string}"},"query-input":"required name=search_term_string"}],"inLanguage":"fr-FR"},{"@type":"Organization","@id":"https:\/\/www.gruppoliturgico.com\/es\/#organization","name":"Laboratorio Gruppo Liturgico","url":"https:\/\/www.gruppoliturgico.com\/es\/","logo":{"@type":"ImageObject","inLanguage":"fr-FR","@id":"https:\/\/www.gruppoliturgico.com\/es\/#\/schema\/logo\/image\/","url":"https:\/\/www.gruppoliturgico.com\/wp-content\/uploads\/2022\/02\/logo-laboratoriogruppoliturgico.png","contentUrl":"https:\/\/www.gruppoliturgico.com\/wp-content\/uploads\/2022\/02\/logo-laboratoriogruppoliturgico.png","width":400,"height":114,"caption":"Laboratorio Gruppo Liturgico"},"image":{"@id":"https:\/\/www.gruppoliturgico.com\/es\/#\/schema\/logo\/image\/"}}]}},"_links":{"self":[{"href":"https:\/\/www.gruppoliturgico.com\/fr\/wp-json\/wp\/v2\/product\/141139"}],"collection":[{"href":"https:\/\/www.gruppoliturgico.com\/fr\/wp-json\/wp\/v2\/product"}],"about":[{"href":"https:\/\/www.gruppoliturgico.com\/fr\/wp-json\/wp\/v2\/types\/product"}],"wp:featuredmedia":[{"embeddable":true,"href":"https:\/\/www.gruppoliturgico.com\/fr\/wp-json\/wp\/v2\/media\/141124"}],"wp:attachment":[{"href":"https:\/\/www.gruppoliturgico.com\/fr\/wp-json\/wp\/v2\/media?parent=141139"}],"wp:term":[{"taxonomy":"product_cat","embeddable":true,"href":"https:\/\/www.gruppoliturgico.com\/fr\/wp-json\/wp\/v2\/product_cat?post=141139"},{"taxonomy":"product_tag","embeddable":true,"href":"https:\/\/www.gruppoliturgico.com\/fr\/wp-json\/wp\/v2\/product_tag?post=141139"}],"curies":[{"name":"wp","href":"https:\/\/api.w.org\/{rel}","templated":true}]}}

<html><body><p>Mitre confectionnée en toile vaticane, ornée de broderies géométriques et de croix embellies de nombreux strass en cristal.<br>
Fanons brodée du même motif.<br>
Lors de la commande, veuillez indiquer le tour de tête.<br>
Tailles disponibles : du 56 au 62.</p>
</body></html>

<p>Mitre confectionnée en toile vaticane, ornée de broderies géométriques et de croix embellies de nombreux strass en cristal.<br />
Fanons brodée du même motif.<br />
Lors de la commande, veuillez indiquer le tour de tête.<br />
Tailles disponibles : du 56 au 62.</p>

<!-- This site is optimized with the Yoast SEO plugin v20.4 - https://yoast.com/wordpress/plugins/seo/ -->
<title>Mitre - mitres et Laboratorio Gruppo Liturgico</title>
<meta name="description" content="Mitre confectionnée en toile vaticane, ornée de broderies géométriques et de croix embellies de nombreux strass en cristal. Fanons brodée du même motif. Lors de la commande, veuillez indiquer le tour de tête. Tailles disponibles : du 56 au 62." />
<meta name="robots" content="index, follow, max-snippet:-1, max-image-preview:large, max-video-preview:-1" />
<link rel="canonical" href="https://www.gruppoliturgico.com/fr/produit/mitre-16/" />
<meta property="og:locale" content="fr_FR" />
<meta property="og:type" content="article" />
<meta property="og:title" content="Mitre - mitres et Laboratorio Gruppo Liturgico" />
<meta property="og:description" content="Mitre confectionnée en toile vaticane, ornée de broderies géométriques et de croix embellies de nombreux strass en cristal. Fanons brodée du même motif. Lors de la commande, veuillez indiquer le tour de tête. Tailles disponibles : du 56 au 62." />
<meta property="og:url" content="https://www.gruppoliturgico.com/fr/produit/mitre-16/" />
<meta property="og:site_name" content="Laboratorio Gruppo Liturgico" />
<meta property="og:image" content="https://www.gruppoliturgico.com/wp-content/uploads/2025/10/4135-2.jpg" />
	<meta property="og:image:width" content="1670" />
	<meta property="og:image:height" content="2001" />
	<meta property="og:image:type" content="image/jpeg" />
<meta name="twitter:card" content="summary_large_image" />
<script type="application/ld+json" class="yoast-schema-graph">{"@context":"https://schema.org","@graph":[{"@type":"WebPage","@id":"https://www.gruppoliturgico.com/fr/produit/mitre-16/","url":"https://www.gruppoliturgico.com/fr/produit/mitre-16/","name":"Mitre - mitres et Laboratorio Gruppo Liturgico","isPartOf":{"@id":"https://www.gruppoliturgico.com/es/#website"},"datePublished":"2025-10-31T14:28:37+00:00","dateModified":"2025-10-31T14:28:37+00:00","description":"Mitre confectionnée en toile vaticane, ornée de broderies géométriques et de croix embellies de nombreux strass en cristal. Fanons brodée du même motif. Lors de la commande, veuillez indiquer le tour de tête. Tailles disponibles : du 56 au 62.","breadcrumb":{"@id":"https://www.gruppoliturgico.com/fr/produit/mitre-16/#breadcrumb"},"inLanguage":"fr-FR","potentialAction":[{"@type":"ReadAction","target":["https://www.gruppoliturgico.com/fr/produit/mitre-16/"]}]},{"@type":"BreadcrumbList","@id":"https://www.gruppoliturgico.com/fr/produit/mitre-16/#breadcrumb","itemListElement":[{"@type":"ListItem","position":1,"name":"Home","item":"https://www.gruppoliturgico.com/fr/"},{"@type":"ListItem","position":2,"name":"Boutique","item":"https://www.gruppoliturgico.com/fr/boutique/"},{"@type":"ListItem","position":3,"name":"Mitre"}]},{"@type":"WebSite","@id":"https://www.gruppoliturgico.com/es/#website","url":"https://www.gruppoliturgico.com/es/","name":"Laboratorio Gruppo Liturgico","description":"Articoli Religiosi online","publisher":{"@id":"https://www.gruppoliturgico.com/es/#organization"},"potentialAction":[{"@type":"SearchAction","target":{"@type":"EntryPoint","urlTemplate":"https://www.gruppoliturgico.com/es/?s={search_term_string}"},"query-input":"required name=search_term_string"}],"inLanguage":"fr-FR"},{"@type":"Organization","@id":"https://www.gruppoliturgico.com/es/#organization","name":"Laboratorio Gruppo Liturgico","url":"https://www.gruppoliturgico.com/es/","logo":{"@type":"ImageObject","inLanguage":"fr-FR","@id":"https://www.gruppoliturgico.com/es/#/schema/logo/image/","url":"https://www.gruppoliturgico.com/wp-content/uploads/2022/02/logo-laboratoriogruppoliturgico.png","contentUrl":"https://www.gruppoliturgico.com/wp-content/uploads/2022/02/logo-laboratoriogruppoliturgico.png","width":400,"height":114,"caption":"Laboratorio Gruppo Liturgico"},"image":{"@id":"https://www.gruppoliturgico.com/es/#/schema/logo/image/"}}]}</script>
<!-- / Yoast SEO plugin. -->

Mitre confectionnée en toile vaticane, ornée de broderies géométriques et de croix embellies de nombreux strass en cristal. Fanons brodée du même motif. Lors de la commande, veuillez indiquer le tour de tête. Tailles disponibles : du 56 au 62.
