{"id":122560,"date":"2023-07-24T16:49:18","date_gmt":"2023-07-24T14:49:18","guid":{"rendered":"https:\/\/www.gruppoliturgico.com\/prodotto\/saint-joseph-endormi-cm-135\/"},"modified":"2023-07-24T16:49:18","modified_gmt":"2023-07-24T14:49:18","slug":"saint-joseph-endormi-cm-135","status":"publish","type":"product","link":"https:\/\/www.gruppoliturgico.com\/fr\/produit\/saint-joseph-endormi-cm-135\/","title":{"rendered":"Saint Joseph endormi cm 135"},"content":{"rendered":"<html><body><p>Statue en r\u00e9sine enti\u00e8rement d\u00e9cor\u00e9e \u00e0 la main.<br>\nIl repr\u00e9sente saint Joseph dans son moment de repos, endormi sur le c\u00f4t\u00e9, un bras sous la t\u00eate, l\u2019autre long dans le corps et les pieds crois\u00e9s. Les couleurs pleines et parfois ombr\u00e9es, dans les tons de brun, d\u2019or et de vert contribuent, avec les d\u00e9tails bien d\u00e9finis et bien finis, \u00e0 donner r\u00e9alisme et physicalit\u00e9 au sujet.<br>\nDimensions cm 135<\/p>\n<\/body><\/html>","protected":false},"excerpt":{"rendered":"<p>Statue en r\u00e9sine enti\u00e8rement d\u00e9cor\u00e9e \u00e0 la main.<br \/>\nIl repr\u00e9sente saint Joseph dans son moment de repos, endormi sur le c\u00f4t\u00e9, un bras sous la t\u00eate, l\u2019autre long dans le corps et les pieds crois\u00e9s. Les couleurs pleines et parfois ombr\u00e9es, dans les tons de brun, d\u2019or et de vert contribuent, avec les d\u00e9tails bien d\u00e9finis et bien finis, \u00e0 donner r\u00e9alisme et physicalit\u00e9 au sujet.<br \/>\nDimensions cm 135<\/p>\n","protected":false},"featured_media":122557,"template":"","meta":[],"product_cat":[12620],"product_tag":[],"yoast_head":"<!-- This site is optimized with the Yoast SEO plugin v20.4 - https:\/\/yoast.com\/wordpress\/plugins\/seo\/ -->\n<title>Saint Joseph endormi cm 135 - St. Joseph et l&#039;Enfant et Laboratorio Gruppo Liturgico<\/title>\n<meta name=\"description\" content=\"Statue en r\u00e9sine enti\u00e8rement d\u00e9cor\u00e9e \u00e0 la main. Il repr\u00e9sente saint Joseph dans son moment de repos, endormi sur le c\u00f4t\u00e9, un bras sous la t\u00eate, l\u2019autre long dans le corps et les pieds crois\u00e9s. Les couleurs pleines et parfois ombr\u00e9es, dans les tons de brun, d\u2019or et de vert contribuent, avec les d\u00e9tails bien d\u00e9finis et bien finis, \u00e0 donner r\u00e9alisme et physicalit\u00e9 au sujet. Dimensions cm 135\" \/>\n<meta name=\"robots\" content=\"index, follow, max-snippet:-1, max-image-preview:large, max-video-preview:-1\" \/>\n<link rel=\"canonical\" href=\"https:\/\/www.gruppoliturgico.com\/fr\/produit\/saint-joseph-endormi-cm-135\/\" \/>\n<meta property=\"og:locale\" content=\"fr_FR\" \/>\n<meta property=\"og:type\" content=\"article\" \/>\n<meta property=\"og:title\" content=\"Saint Joseph endormi cm 135 - St. Joseph et l&#039;Enfant et Laboratorio Gruppo Liturgico\" \/>\n<meta property=\"og:description\" content=\"Statue en r\u00e9sine enti\u00e8rement d\u00e9cor\u00e9e \u00e0 la main. Il repr\u00e9sente saint Joseph dans son moment de repos, endormi sur le c\u00f4t\u00e9, un bras sous la t\u00eate, l\u2019autre long dans le corps et les pieds crois\u00e9s. Les couleurs pleines et parfois ombr\u00e9es, dans les tons de brun, d\u2019or et de vert contribuent, avec les d\u00e9tails bien d\u00e9finis et bien finis, \u00e0 donner r\u00e9alisme et physicalit\u00e9 au sujet. Dimensions cm 135\" \/>\n<meta property=\"og:url\" content=\"https:\/\/www.gruppoliturgico.com\/fr\/produit\/saint-joseph-endormi-cm-135\/\" \/>\n<meta property=\"og:site_name\" content=\"Laboratorio Gruppo Liturgico\" \/>\n<meta property=\"og:image\" content=\"https:\/\/www.gruppoliturgico.com\/wp-content\/uploads\/2023\/07\/3970.jpg\" \/>\n\t<meta property=\"og:image:width\" content=\"835\" \/>\n\t<meta property=\"og:image:height\" content=\"396\" \/>\n\t<meta property=\"og:image:type\" content=\"image\/jpeg\" \/>\n<meta name=\"twitter:card\" content=\"summary_large_image\" \/>\n<script type=\"application\/ld+json\" class=\"yoast-schema-graph\">{\"@context\":\"https:\/\/schema.org\",\"@graph\":[{\"@type\":\"WebPage\",\"@id\":\"https:\/\/www.gruppoliturgico.com\/fr\/produit\/saint-joseph-endormi-cm-135\/\",\"url\":\"https:\/\/www.gruppoliturgico.com\/fr\/produit\/saint-joseph-endormi-cm-135\/\",\"name\":\"Saint Joseph endormi cm 135 - St. Joseph et l'Enfant et Laboratorio Gruppo Liturgico\",\"isPartOf\":{\"@id\":\"https:\/\/www.gruppoliturgico.com\/es\/#website\"},\"datePublished\":\"2023-07-24T14:49:18+00:00\",\"dateModified\":\"2023-07-24T14:49:18+00:00\",\"description\":\"Statue en r\u00e9sine enti\u00e8rement d\u00e9cor\u00e9e \u00e0 la main. Il repr\u00e9sente saint Joseph dans son moment de repos, endormi sur le c\u00f4t\u00e9, un bras sous la t\u00eate, l\u2019autre long dans le corps et les pieds crois\u00e9s. Les couleurs pleines et parfois ombr\u00e9es, dans les tons de brun, d\u2019or et de vert contribuent, avec les d\u00e9tails bien d\u00e9finis et bien finis, \u00e0 donner r\u00e9alisme et physicalit\u00e9 au sujet. Dimensions cm 135\",\"breadcrumb\":{\"@id\":\"https:\/\/www.gruppoliturgico.com\/fr\/produit\/saint-joseph-endormi-cm-135\/#breadcrumb\"},\"inLanguage\":\"fr-FR\",\"potentialAction\":[{\"@type\":\"ReadAction\",\"target\":[\"https:\/\/www.gruppoliturgico.com\/fr\/produit\/saint-joseph-endormi-cm-135\/\"]}]},{\"@type\":\"BreadcrumbList\",\"@id\":\"https:\/\/www.gruppoliturgico.com\/fr\/produit\/saint-joseph-endormi-cm-135\/#breadcrumb\",\"itemListElement\":[{\"@type\":\"ListItem\",\"position\":1,\"name\":\"Home\",\"item\":\"https:\/\/www.gruppoliturgico.com\/fr\/\"},{\"@type\":\"ListItem\",\"position\":2,\"name\":\"Boutique\",\"item\":\"https:\/\/www.gruppoliturgico.com\/fr\/boutique\/\"},{\"@type\":\"ListItem\",\"position\":3,\"name\":\"Saint Joseph endormi cm 135\"}]},{\"@type\":\"WebSite\",\"@id\":\"https:\/\/www.gruppoliturgico.com\/es\/#website\",\"url\":\"https:\/\/www.gruppoliturgico.com\/es\/\",\"name\":\"Laboratorio Gruppo Liturgico\",\"description\":\"Articoli Religiosi online\",\"publisher\":{\"@id\":\"https:\/\/www.gruppoliturgico.com\/es\/#organization\"},\"potentialAction\":[{\"@type\":\"SearchAction\",\"target\":{\"@type\":\"EntryPoint\",\"urlTemplate\":\"https:\/\/www.gruppoliturgico.com\/es\/?s={search_term_string}\"},\"query-input\":\"required name=search_term_string\"}],\"inLanguage\":\"fr-FR\"},{\"@type\":\"Organization\",\"@id\":\"https:\/\/www.gruppoliturgico.com\/es\/#organization\",\"name\":\"Laboratorio Gruppo Liturgico\",\"url\":\"https:\/\/www.gruppoliturgico.com\/es\/\",\"logo\":{\"@type\":\"ImageObject\",\"inLanguage\":\"fr-FR\",\"@id\":\"https:\/\/www.gruppoliturgico.com\/es\/#\/schema\/logo\/image\/\",\"url\":\"https:\/\/www.gruppoliturgico.com\/wp-content\/uploads\/2022\/02\/logo-laboratoriogruppoliturgico.png\",\"contentUrl\":\"https:\/\/www.gruppoliturgico.com\/wp-content\/uploads\/2022\/02\/logo-laboratoriogruppoliturgico.png\",\"width\":400,\"height\":114,\"caption\":\"Laboratorio Gruppo Liturgico\"},\"image\":{\"@id\":\"https:\/\/www.gruppoliturgico.com\/es\/#\/schema\/logo\/image\/\"}}]}<\/script>\n<!-- \/ Yoast SEO plugin. -->","yoast_head_json":{"title":"Saint Joseph endormi cm 135 - St. Joseph et l'Enfant et Laboratorio Gruppo Liturgico","description":"Statue en r\u00e9sine enti\u00e8rement d\u00e9cor\u00e9e \u00e0 la main. Il repr\u00e9sente saint Joseph dans son moment de repos, endormi sur le c\u00f4t\u00e9, un bras sous la t\u00eate, l\u2019autre long dans le corps et les pieds crois\u00e9s. Les couleurs pleines et parfois ombr\u00e9es, dans les tons de brun, d\u2019or et de vert contribuent, avec les d\u00e9tails bien d\u00e9finis et bien finis, \u00e0 donner r\u00e9alisme et physicalit\u00e9 au sujet. Dimensions cm 135","robots":{"index":"index","follow":"follow","max-snippet":"max-snippet:-1","max-image-preview":"max-image-preview:large","max-video-preview":"max-video-preview:-1"},"canonical":"https:\/\/www.gruppoliturgico.com\/fr\/produit\/saint-joseph-endormi-cm-135\/","og_locale":"fr_FR","og_type":"article","og_title":"Saint Joseph endormi cm 135 - St. Joseph et l'Enfant et Laboratorio Gruppo Liturgico","og_description":"Statue en r\u00e9sine enti\u00e8rement d\u00e9cor\u00e9e \u00e0 la main. Il repr\u00e9sente saint Joseph dans son moment de repos, endormi sur le c\u00f4t\u00e9, un bras sous la t\u00eate, l\u2019autre long dans le corps et les pieds crois\u00e9s. Les couleurs pleines et parfois ombr\u00e9es, dans les tons de brun, d\u2019or et de vert contribuent, avec les d\u00e9tails bien d\u00e9finis et bien finis, \u00e0 donner r\u00e9alisme et physicalit\u00e9 au sujet. Dimensions cm 135","og_url":"https:\/\/www.gruppoliturgico.com\/fr\/produit\/saint-joseph-endormi-cm-135\/","og_site_name":"Laboratorio Gruppo Liturgico","og_image":[{"width":835,"height":396,"url":"https:\/\/www.gruppoliturgico.com\/wp-content\/uploads\/2023\/07\/3970.jpg","type":"image\/jpeg"}],"twitter_card":"summary_large_image","schema":{"@context":"https:\/\/schema.org","@graph":[{"@type":"WebPage","@id":"https:\/\/www.gruppoliturgico.com\/fr\/produit\/saint-joseph-endormi-cm-135\/","url":"https:\/\/www.gruppoliturgico.com\/fr\/produit\/saint-joseph-endormi-cm-135\/","name":"Saint Joseph endormi cm 135 - St. Joseph et l'Enfant et Laboratorio Gruppo Liturgico","isPartOf":{"@id":"https:\/\/www.gruppoliturgico.com\/es\/#website"},"datePublished":"2023-07-24T14:49:18+00:00","dateModified":"2023-07-24T14:49:18+00:00","description":"Statue en r\u00e9sine enti\u00e8rement d\u00e9cor\u00e9e \u00e0 la main. Il repr\u00e9sente saint Joseph dans son moment de repos, endormi sur le c\u00f4t\u00e9, un bras sous la t\u00eate, l\u2019autre long dans le corps et les pieds crois\u00e9s. Les couleurs pleines et parfois ombr\u00e9es, dans les tons de brun, d\u2019or et de vert contribuent, avec les d\u00e9tails bien d\u00e9finis et bien finis, \u00e0 donner r\u00e9alisme et physicalit\u00e9 au sujet. Dimensions cm 135","breadcrumb":{"@id":"https:\/\/www.gruppoliturgico.com\/fr\/produit\/saint-joseph-endormi-cm-135\/#breadcrumb"},"inLanguage":"fr-FR","potentialAction":[{"@type":"ReadAction","target":["https:\/\/www.gruppoliturgico.com\/fr\/produit\/saint-joseph-endormi-cm-135\/"]}]},{"@type":"BreadcrumbList","@id":"https:\/\/www.gruppoliturgico.com\/fr\/produit\/saint-joseph-endormi-cm-135\/#breadcrumb","itemListElement":[{"@type":"ListItem","position":1,"name":"Home","item":"https:\/\/www.gruppoliturgico.com\/fr\/"},{"@type":"ListItem","position":2,"name":"Boutique","item":"https:\/\/www.gruppoliturgico.com\/fr\/boutique\/"},{"@type":"ListItem","position":3,"name":"Saint Joseph endormi cm 135"}]},{"@type":"WebSite","@id":"https:\/\/www.gruppoliturgico.com\/es\/#website","url":"https:\/\/www.gruppoliturgico.com\/es\/","name":"Laboratorio Gruppo Liturgico","description":"Articoli Religiosi online","publisher":{"@id":"https:\/\/www.gruppoliturgico.com\/es\/#organization"},"potentialAction":[{"@type":"SearchAction","target":{"@type":"EntryPoint","urlTemplate":"https:\/\/www.gruppoliturgico.com\/es\/?s={search_term_string}"},"query-input":"required name=search_term_string"}],"inLanguage":"fr-FR"},{"@type":"Organization","@id":"https:\/\/www.gruppoliturgico.com\/es\/#organization","name":"Laboratorio Gruppo Liturgico","url":"https:\/\/www.gruppoliturgico.com\/es\/","logo":{"@type":"ImageObject","inLanguage":"fr-FR","@id":"https:\/\/www.gruppoliturgico.com\/es\/#\/schema\/logo\/image\/","url":"https:\/\/www.gruppoliturgico.com\/wp-content\/uploads\/2022\/02\/logo-laboratoriogruppoliturgico.png","contentUrl":"https:\/\/www.gruppoliturgico.com\/wp-content\/uploads\/2022\/02\/logo-laboratoriogruppoliturgico.png","width":400,"height":114,"caption":"Laboratorio Gruppo Liturgico"},"image":{"@id":"https:\/\/www.gruppoliturgico.com\/es\/#\/schema\/logo\/image\/"}}]}},"_links":{"self":[{"href":"https:\/\/www.gruppoliturgico.com\/fr\/wp-json\/wp\/v2\/product\/122560"}],"collection":[{"href":"https:\/\/www.gruppoliturgico.com\/fr\/wp-json\/wp\/v2\/product"}],"about":[{"href":"https:\/\/www.gruppoliturgico.com\/fr\/wp-json\/wp\/v2\/types\/product"}],"wp:featuredmedia":[{"embeddable":true,"href":"https:\/\/www.gruppoliturgico.com\/fr\/wp-json\/wp\/v2\/media\/122557"}],"wp:attachment":[{"href":"https:\/\/www.gruppoliturgico.com\/fr\/wp-json\/wp\/v2\/media?parent=122560"}],"wp:term":[{"taxonomy":"product_cat","embeddable":true,"href":"https:\/\/www.gruppoliturgico.com\/fr\/wp-json\/wp\/v2\/product_cat?post=122560"},{"taxonomy":"product_tag","embeddable":true,"href":"https:\/\/www.gruppoliturgico.com\/fr\/wp-json\/wp\/v2\/product_tag?post=122560"}],"curies":[{"name":"wp","href":"https:\/\/api.w.org\/{rel}","templated":true}]}}

<html><body><p>Statue en résine entièrement décorée à la main.<br>
Il représente saint Joseph dans son moment de repos, endormi sur le côté, un bras sous la tête, l’autre long dans le corps et les pieds croisés. Les couleurs pleines et parfois ombrées, dans les tons de brun, d’or et de vert contribuent, avec les détails bien définis et bien finis, à donner réalisme et physicalité au sujet.<br>
Dimensions cm 135</p>
</body></html>

<p>Statue en résine entièrement décorée à la main.<br />
Il représente saint Joseph dans son moment de repos, endormi sur le côté, un bras sous la tête, l’autre long dans le corps et les pieds croisés. Les couleurs pleines et parfois ombrées, dans les tons de brun, d’or et de vert contribuent, avec les détails bien définis et bien finis, à donner réalisme et physicalité au sujet.<br />
Dimensions cm 135</p>

<!-- This site is optimized with the Yoast SEO plugin v20.4 - https://yoast.com/wordpress/plugins/seo/ -->
<title>Saint Joseph endormi cm 135 - St. Joseph et l&#039;Enfant et Laboratorio Gruppo Liturgico</title>
<meta name="description" content="Statue en résine entièrement décorée à la main. Il représente saint Joseph dans son moment de repos, endormi sur le côté, un bras sous la tête, l’autre long dans le corps et les pieds croisés. Les couleurs pleines et parfois ombrées, dans les tons de brun, d’or et de vert contribuent, avec les détails bien définis et bien finis, à donner réalisme et physicalité au sujet. Dimensions cm 135" />
<meta name="robots" content="index, follow, max-snippet:-1, max-image-preview:large, max-video-preview:-1" />
<link rel="canonical" href="https://www.gruppoliturgico.com/fr/produit/saint-joseph-endormi-cm-135/" />
<meta property="og:locale" content="fr_FR" />
<meta property="og:type" content="article" />
<meta property="og:title" content="Saint Joseph endormi cm 135 - St. Joseph et l&#039;Enfant et Laboratorio Gruppo Liturgico" />
<meta property="og:description" content="Statue en résine entièrement décorée à la main. Il représente saint Joseph dans son moment de repos, endormi sur le côté, un bras sous la tête, l’autre long dans le corps et les pieds croisés. Les couleurs pleines et parfois ombrées, dans les tons de brun, d’or et de vert contribuent, avec les détails bien définis et bien finis, à donner réalisme et physicalité au sujet. Dimensions cm 135" />
<meta property="og:url" content="https://www.gruppoliturgico.com/fr/produit/saint-joseph-endormi-cm-135/" />
<meta property="og:site_name" content="Laboratorio Gruppo Liturgico" />
<meta property="og:image" content="https://www.gruppoliturgico.com/wp-content/uploads/2023/07/3970.jpg" />
	<meta property="og:image:width" content="835" />
	<meta property="og:image:height" content="396" />
	<meta property="og:image:type" content="image/jpeg" />
<meta name="twitter:card" content="summary_large_image" />
<script type="application/ld+json" class="yoast-schema-graph">{"@context":"https://schema.org","@graph":[{"@type":"WebPage","@id":"https://www.gruppoliturgico.com/fr/produit/saint-joseph-endormi-cm-135/","url":"https://www.gruppoliturgico.com/fr/produit/saint-joseph-endormi-cm-135/","name":"Saint Joseph endormi cm 135 - St. Joseph et l'Enfant et Laboratorio Gruppo Liturgico","isPartOf":{"@id":"https://www.gruppoliturgico.com/es/#website"},"datePublished":"2023-07-24T14:49:18+00:00","dateModified":"2023-07-24T14:49:18+00:00","description":"Statue en résine entièrement décorée à la main. Il représente saint Joseph dans son moment de repos, endormi sur le côté, un bras sous la tête, l’autre long dans le corps et les pieds croisés. Les couleurs pleines et parfois ombrées, dans les tons de brun, d’or et de vert contribuent, avec les détails bien définis et bien finis, à donner réalisme et physicalité au sujet. Dimensions cm 135","breadcrumb":{"@id":"https://www.gruppoliturgico.com/fr/produit/saint-joseph-endormi-cm-135/#breadcrumb"},"inLanguage":"fr-FR","potentialAction":[{"@type":"ReadAction","target":["https://www.gruppoliturgico.com/fr/produit/saint-joseph-endormi-cm-135/"]}]},{"@type":"BreadcrumbList","@id":"https://www.gruppoliturgico.com/fr/produit/saint-joseph-endormi-cm-135/#breadcrumb","itemListElement":[{"@type":"ListItem","position":1,"name":"Home","item":"https://www.gruppoliturgico.com/fr/"},{"@type":"ListItem","position":2,"name":"Boutique","item":"https://www.gruppoliturgico.com/fr/boutique/"},{"@type":"ListItem","position":3,"name":"Saint Joseph endormi cm 135"}]},{"@type":"WebSite","@id":"https://www.gruppoliturgico.com/es/#website","url":"https://www.gruppoliturgico.com/es/","name":"Laboratorio Gruppo Liturgico","description":"Articoli Religiosi online","publisher":{"@id":"https://www.gruppoliturgico.com/es/#organization"},"potentialAction":[{"@type":"SearchAction","target":{"@type":"EntryPoint","urlTemplate":"https://www.gruppoliturgico.com/es/?s={search_term_string}"},"query-input":"required name=search_term_string"}],"inLanguage":"fr-FR"},{"@type":"Organization","@id":"https://www.gruppoliturgico.com/es/#organization","name":"Laboratorio Gruppo Liturgico","url":"https://www.gruppoliturgico.com/es/","logo":{"@type":"ImageObject","inLanguage":"fr-FR","@id":"https://www.gruppoliturgico.com/es/#/schema/logo/image/","url":"https://www.gruppoliturgico.com/wp-content/uploads/2022/02/logo-laboratoriogruppoliturgico.png","contentUrl":"https://www.gruppoliturgico.com/wp-content/uploads/2022/02/logo-laboratoriogruppoliturgico.png","width":400,"height":114,"caption":"Laboratorio Gruppo Liturgico"},"image":{"@id":"https://www.gruppoliturgico.com/es/#/schema/logo/image/"}}]}</script>
<!-- / Yoast SEO plugin. -->

Statue en résine entièrement décorée à la main. Il représente saint Joseph dans son moment de repos, endormi sur le côté, un bras sous la tête, l’autre long dans le corps et les pieds croisés. Les couleurs pleines et parfois ombrées, dans les tons de brun, d’or et de vert contribuent, avec les détails bien définis et bien finis, à donner réalisme et physicalité au sujet. Dimensions cm 135
