{"version":"1.0","provider_name":"Laboratorio Gruppo Liturgico","provider_url":"https:\/\/www.gruppoliturgico.com\/fr\/","author_name":"woo sync","author_url":"https:\/\/www.gruppoliturgico.com\/fr\/author\/woo-sync\/","title":"chasuble - solennelles et Laboratorio Gruppo Liturgico","type":"rich","width":600,"height":338,"html":"<blockquote class=\"wp-embedded-content\" data-secret=\"lGjj40XERQ\"><a href=\"https:\/\/www.gruppoliturgico.com\/fr\/produit\/chasuble-4\/\">chasuble<\/a><\/blockquote><iframe sandbox=\"allow-scripts\" security=\"restricted\" src=\"https:\/\/www.gruppoliturgico.com\/fr\/produit\/chasuble-4\/embed\/#?secret=lGjj40XERQ\" width=\"600\" height=\"338\" title=\"\u00ab\u00a0chasuble\u00a0\u00bb &#8212; Laboratorio Gruppo Liturgico\" data-secret=\"lGjj40XERQ\" frameborder=\"0\" marginwidth=\"0\" marginheight=\"0\" scrolling=\"no\" class=\"wp-embedded-content\"><\/iframe><script type=\"text\/javascript\">\n\/*! This file is auto-generated *\/\n!function(c,l){\"use strict\";var e=!1,o=!1;if(l.querySelector)if(c.addEventListener)e=!0;if(c.wp=c.wp||{},c.wp.receiveEmbedMessage);else if(c.wp.receiveEmbedMessage=function(e){var t=e.data;if(!t);else if(!(t.secret||t.message||t.value));else if(\/[^a-zA-Z0-9]\/.test(t.secret));else{for(var r,s,a,i=l.querySelectorAll('iframe[data-secret=\"'+t.secret+'\"]'),n=l.querySelectorAll('blockquote[data-secret=\"'+t.secret+'\"]'),o=0;o<n.length;o++)n[o].style.display=\"none\";for(o=0;o<i.length;o++)if(r=i[o],e.source!==r.contentWindow);else{if(r.removeAttribute(\"style\"),\"height\"===t.message){if(1e3<(s=parseInt(t.value,10)))s=1e3;else if(~~s<200)s=200;r.height=s}if(\"link\"===t.message)if(s=l.createElement(\"a\"),a=l.createElement(\"a\"),s.href=r.getAttribute(\"src\"),a.href=t.value,a.host===s.host)if(l.activeElement===r)c.top.location.href=t.value}}},e)c.addEventListener(\"message\",c.wp.receiveEmbedMessage,!1),l.addEventListener(\"DOMContentLoaded\",t,!1),c.addEventListener(\"load\",t,!1);function t(){if(o);else{o=!0;for(var e,t,r,s=-1!==navigator.appVersion.indexOf(\"MSIE 10\"),a=!!navigator.userAgent.match(\/Trident.*rv:11\\.\/),i=l.querySelectorAll(\"iframe.wp-embedded-content\"),n=0;n<i.length;n++){if(!(r=(t=i[n]).getAttribute(\"data-secret\")))r=Math.random().toString(36).substr(2,10),t.src+=\"#?secret=\"+r,t.setAttribute(\"data-secret\",r);if(s||a)(e=t.cloneNode(!0)).removeAttribute(\"security\"),t.parentNode.replaceChild(e,t);t.contentWindow.postMessage({message:\"ready\",secret:r},\"*\")}}}}(window,document);\n<\/script>\n","thumbnail_url":"https:\/\/www.gruppoliturgico.com\/wp-content\/uploads\/2022\/09\/938-bianco.jpg","thumbnail_width":1194,"thumbnail_height":1500,"description":"Confectionn\u00e9e en tissu souple et l\u00e9ger de pure laine. Remarquables les ic\u00f4nes enti\u00e8rement brod\u00e9es avec des fils d'or et de soie. Les deux panneaux les plus grands, repr\u00e9sentant la Crucifixion et la R\u00e9surrection, sont propos\u00e9s sur le devant et sur le dos, tandis que le m\u00e9daillon central sur le devant repr\u00e9sente \"La C\u00e8ne\" et sur le dos deux anges en vol. Les broderies se caract\u00e9risent pour les diff\u00e9rentes nuances chromatiques pour s'harmoniser plus facilement avec la couleur liturgique choisie. Disponible dans les 4 coloris Liturgiques."}

Confectionnée en tissu souple et léger de pure laine. Remarquables les icônes entièrement brodées avec des fils d'or et de soie. Les deux panneaux les plus grands, représentant la Crucifixion et la Résurrection, sont proposés sur le devant et sur le dos, tandis que le médaillon central sur le devant représente "La Cène" et sur le dos deux anges en vol. Les broderies se caractérisent pour les différentes nuances chromatiques pour s'harmoniser plus facilement avec la couleur liturgique choisie. Disponible dans les 4 coloris Liturgiques.
