{"version":"1.0","provider_name":"Laboratorio Gruppo Liturgico","provider_url":"https:\/\/www.gruppoliturgico.com\/fr\/","author_name":"Luigi Marinetto","author_url":"https:\/\/www.gruppoliturgico.com\/fr\/author\/luigi\/","title":"Chandelier d'autel - Chandelier d'autel et Laboratorio Gruppo Liturgico","type":"rich","width":600,"height":338,"html":"<blockquote class=\"wp-embedded-content\" data-secret=\"8OXGRcLcx9\"><a href=\"https:\/\/www.gruppoliturgico.com\/fr\/produit\/chandelier-dautel-21\/\">Chandelier d&rsquo;autel<\/a><\/blockquote><iframe sandbox=\"allow-scripts\" security=\"restricted\" src=\"https:\/\/www.gruppoliturgico.com\/fr\/produit\/chandelier-dautel-21\/embed\/#?secret=8OXGRcLcx9\" width=\"600\" height=\"338\" title=\"\u00ab\u00a0Chandelier d&rsquo;autel\u00a0\u00bb &#8212; Laboratorio Gruppo Liturgico\" data-secret=\"8OXGRcLcx9\" frameborder=\"0\" marginwidth=\"0\" marginheight=\"0\" scrolling=\"no\" class=\"wp-embedded-content\"><\/iframe><script type=\"text\/javascript\">\n\/*! This file is auto-generated *\/\n!function(c,l){\"use strict\";var e=!1,o=!1;if(l.querySelector)if(c.addEventListener)e=!0;if(c.wp=c.wp||{},c.wp.receiveEmbedMessage);else if(c.wp.receiveEmbedMessage=function(e){var t=e.data;if(!t);else if(!(t.secret||t.message||t.value));else if(\/[^a-zA-Z0-9]\/.test(t.secret));else{for(var r,s,a,i=l.querySelectorAll('iframe[data-secret=\"'+t.secret+'\"]'),n=l.querySelectorAll('blockquote[data-secret=\"'+t.secret+'\"]'),o=0;o<n.length;o++)n[o].style.display=\"none\";for(o=0;o<i.length;o++)if(r=i[o],e.source!==r.contentWindow);else{if(r.removeAttribute(\"style\"),\"height\"===t.message){if(1e3<(s=parseInt(t.value,10)))s=1e3;else if(~~s<200)s=200;r.height=s}if(\"link\"===t.message)if(s=l.createElement(\"a\"),a=l.createElement(\"a\"),s.href=r.getAttribute(\"src\"),a.href=t.value,a.host===s.host)if(l.activeElement===r)c.top.location.href=t.value}}},e)c.addEventListener(\"message\",c.wp.receiveEmbedMessage,!1),l.addEventListener(\"DOMContentLoaded\",t,!1),c.addEventListener(\"load\",t,!1);function t(){if(o);else{o=!0;for(var e,t,r,s=-1!==navigator.appVersion.indexOf(\"MSIE 10\"),a=!!navigator.userAgent.match(\/Trident.*rv:11\\.\/),i=l.querySelectorAll(\"iframe.wp-embedded-content\"),n=0;n<i.length;n++){if(!(r=(t=i[n]).getAttribute(\"data-secret\")))r=Math.random().toString(36).substr(2,10),t.src+=\"#?secret=\"+r,t.setAttribute(\"data-secret\",r);if(s||a)(e=t.cloneNode(!0)).removeAttribute(\"security\"),t.parentNode.replaceChild(e,t);t.contentWindow.postMessage({message:\"ready\",secret:r},\"*\")}}}}(window,document);\n<\/script>\n","thumbnail_url":"https:\/\/www.gruppoliturgico.com\/wp-content\/uploads\/2026\/04\/4183-1.jpg","thumbnail_width":1045,"thumbnail_height":2002,"description":"Prestigieux chandelier d'autel enti\u00e8rement r\u00e9alis\u00e9 en laiton coul\u00e9. Un chapiteau somptueux soutient la tige finement ouvrag\u00e9e avec des \u00e9l\u00e9ments de style baroque. La coupelle sup\u00e9rieure est orn\u00e9e d'une fine et riche dentelle en laiton cisel\u00e9. Hauteur 30 cm \/ 12\u201d Diam\u00e8tre 15 cm \/ 6\u201d  Le prix comprend la bougie de 6 cm de diam\u00e8tre et 30 cm de longueur avec un r\u00e9cipient de cire liquide."}

Prestigieux chandelier d'autel entièrement réalisé en laiton coulé. Un chapiteau somptueux soutient la tige finement ouvragée avec des éléments de style baroque. La coupelle supérieure est ornée d'une fine et riche dentelle en laiton ciselé. Hauteur 30 cm / 12” Diamètre 15 cm / 6”  Le prix comprend la bougie de 6 cm de diamètre et 30 cm de longueur avec un récipient de cire liquide.
