{"id":71479,"date":"2022-05-20T05:55:18","date_gmt":"2022-05-20T03:55:26","guid":{"rendered":"https:\/\/www.gruppoliturgico.com\/prodotto\/baculo-16\/"},"modified":"2022-05-20T13:40:52","modified_gmt":"2022-05-20T11:40:52","slug":"baculo-16","status":"publish","type":"product","link":"https:\/\/www.gruppoliturgico.com\/es\/producto\/baculo-16\/","title":{"rendered":"B\u00e1culo"},"content":{"rendered":"<html><body><p>Original b\u00e1culo pastoral totalmente de lat\u00f3n dorado. Est\u00e1 adornado con hojitas de olivo plateadas.<br>\nAltura 45 cm, m\u00e1s vara de metal de 150 cm, dividida en tres piezas.<br>\nCon malet\u00edn para su transporte.<\/p>\n<\/body><\/html>","protected":false},"excerpt":{"rendered":"<p>Original b\u00e1culo pastoral totalmente de lat\u00f3n dorado. Est\u00e1 adornado con hojitas de olivo plateadas.<br \/>\nAltura 45 cm, m\u00e1s vara de metal de 150 cm, dividida en tres piezas.<br \/>\nCon malet\u00edn para su transporte.<\/p>\n","protected":false},"featured_media":81799,"template":"","meta":[],"product_cat":[12119],"product_tag":[],"yoast_head":"<!-- This site is optimized with the Yoast SEO plugin v20.4 - https:\/\/yoast.com\/wordpress\/plugins\/seo\/ -->\n<title>B\u00e1culo - b\u00e1culos y Laboratorio Gruppo Liturgico<\/title>\n<meta name=\"description\" content=\"Original b\u00e1culo pastoral totalmente de lat\u00f3n dorado. Est\u00e1 adornado con hojitas de olivo plateadas.  Altura 45 cm, m\u00e1s vara de metal de 150 cm, dividida en tres piezas. Con malet\u00edn para su transporte.\" \/>\n<meta name=\"robots\" content=\"index, follow, max-snippet:-1, max-image-preview:large, max-video-preview:-1\" \/>\n<link rel=\"canonical\" href=\"https:\/\/www.gruppoliturgico.com\/es\/producto\/baculo-16\/\" \/>\n<meta property=\"og:locale\" content=\"es_ES\" \/>\n<meta property=\"og:type\" content=\"article\" \/>\n<meta property=\"og:title\" content=\"B\u00e1culo - b\u00e1culos y Laboratorio Gruppo Liturgico\" \/>\n<meta property=\"og:description\" content=\"Original b\u00e1culo pastoral totalmente de lat\u00f3n dorado. Est\u00e1 adornado con hojitas de olivo plateadas.  Altura 45 cm, m\u00e1s vara de metal de 150 cm, dividida en tres piezas. Con malet\u00edn para su transporte.\" \/>\n<meta property=\"og:url\" content=\"https:\/\/www.gruppoliturgico.com\/es\/producto\/baculo-16\/\" \/>\n<meta property=\"og:site_name\" content=\"Laboratorio Gruppo Liturgico\" \/>\n<meta property=\"article:modified_time\" content=\"2022-05-20T11:40:52+00:00\" \/>\n<meta property=\"og:image\" content=\"https:\/\/www.gruppoliturgico.com\/wp-content\/uploads\/2022\/05\/3753.jpg\" \/>\n\t<meta property=\"og:image:width\" content=\"1000\" \/>\n\t<meta property=\"og:image:height\" content=\"1500\" \/>\n\t<meta property=\"og:image:type\" content=\"image\/jpeg\" \/>\n<meta name=\"twitter:card\" content=\"summary_large_image\" \/>\n<script type=\"application\/ld+json\" class=\"yoast-schema-graph\">{\"@context\":\"https:\/\/schema.org\",\"@graph\":[{\"@type\":\"WebPage\",\"@id\":\"https:\/\/www.gruppoliturgico.com\/es\/producto\/baculo-16\/\",\"url\":\"https:\/\/www.gruppoliturgico.com\/es\/producto\/baculo-16\/\",\"name\":\"B\u00e1culo - b\u00e1culos y Laboratorio Gruppo Liturgico\",\"isPartOf\":{\"@id\":\"https:\/\/www.gruppoliturgico.com\/es\/#website\"},\"datePublished\":\"2022-05-20T03:55:26+00:00\",\"dateModified\":\"2022-05-20T11:40:52+00:00\",\"description\":\"Original b\u00e1culo pastoral totalmente de lat\u00f3n dorado. Est\u00e1 adornado con hojitas de olivo plateadas. Altura 45 cm, m\u00e1s vara de metal de 150 cm, dividida en tres piezas. Con malet\u00edn para su transporte.\",\"breadcrumb\":{\"@id\":\"https:\/\/www.gruppoliturgico.com\/es\/producto\/baculo-16\/#breadcrumb\"},\"inLanguage\":\"es\",\"potentialAction\":[{\"@type\":\"ReadAction\",\"target\":[\"https:\/\/www.gruppoliturgico.com\/es\/producto\/baculo-16\/\"]}]},{\"@type\":\"BreadcrumbList\",\"@id\":\"https:\/\/www.gruppoliturgico.com\/es\/producto\/baculo-16\/#breadcrumb\",\"itemListElement\":[{\"@type\":\"ListItem\",\"position\":1,\"name\":\"Home\",\"item\":\"https:\/\/www.gruppoliturgico.com\/es\/\"},{\"@type\":\"ListItem\",\"position\":2,\"name\":\"Tienda\",\"item\":\"https:\/\/www.gruppoliturgico.com\/es\/tienda\/\"},{\"@type\":\"ListItem\",\"position\":3,\"name\":\"B\u00e1culo\"}]},{\"@type\":\"WebSite\",\"@id\":\"https:\/\/www.gruppoliturgico.com\/es\/#website\",\"url\":\"https:\/\/www.gruppoliturgico.com\/es\/\",\"name\":\"Laboratorio Gruppo Liturgico\",\"description\":\"Articoli Religiosi online\",\"publisher\":{\"@id\":\"https:\/\/www.gruppoliturgico.com\/es\/#organization\"},\"potentialAction\":[{\"@type\":\"SearchAction\",\"target\":{\"@type\":\"EntryPoint\",\"urlTemplate\":\"https:\/\/www.gruppoliturgico.com\/es\/?s={search_term_string}\"},\"query-input\":\"required name=search_term_string\"}],\"inLanguage\":\"es\"},{\"@type\":\"Organization\",\"@id\":\"https:\/\/www.gruppoliturgico.com\/es\/#organization\",\"name\":\"Laboratorio Gruppo Liturgico\",\"url\":\"https:\/\/www.gruppoliturgico.com\/es\/\",\"logo\":{\"@type\":\"ImageObject\",\"inLanguage\":\"es\",\"@id\":\"https:\/\/www.gruppoliturgico.com\/es\/#\/schema\/logo\/image\/\",\"url\":\"https:\/\/www.gruppoliturgico.com\/wp-content\/uploads\/2022\/02\/logo-laboratoriogruppoliturgico.png\",\"contentUrl\":\"https:\/\/www.gruppoliturgico.com\/wp-content\/uploads\/2022\/02\/logo-laboratoriogruppoliturgico.png\",\"width\":400,\"height\":114,\"caption\":\"Laboratorio Gruppo Liturgico\"},\"image\":{\"@id\":\"https:\/\/www.gruppoliturgico.com\/es\/#\/schema\/logo\/image\/\"}}]}<\/script>\n<!-- \/ Yoast SEO plugin. -->","yoast_head_json":{"title":"B\u00e1culo - b\u00e1culos y Laboratorio Gruppo Liturgico","description":"Original b\u00e1culo pastoral totalmente de lat\u00f3n dorado. Est\u00e1 adornado con hojitas de olivo plateadas.  Altura 45 cm, m\u00e1s vara de metal de 150 cm, dividida en tres piezas. Con malet\u00edn para su transporte.","robots":{"index":"index","follow":"follow","max-snippet":"max-snippet:-1","max-image-preview":"max-image-preview:large","max-video-preview":"max-video-preview:-1"},"canonical":"https:\/\/www.gruppoliturgico.com\/es\/producto\/baculo-16\/","og_locale":"es_ES","og_type":"article","og_title":"B\u00e1culo - b\u00e1culos y Laboratorio Gruppo Liturgico","og_description":"Original b\u00e1culo pastoral totalmente de lat\u00f3n dorado. Est\u00e1 adornado con hojitas de olivo plateadas.  Altura 45 cm, m\u00e1s vara de metal de 150 cm, dividida en tres piezas. Con malet\u00edn para su transporte.","og_url":"https:\/\/www.gruppoliturgico.com\/es\/producto\/baculo-16\/","og_site_name":"Laboratorio Gruppo Liturgico","article_modified_time":"2022-05-20T11:40:52+00:00","og_image":[{"width":1000,"height":1500,"url":"https:\/\/www.gruppoliturgico.com\/wp-content\/uploads\/2022\/05\/3753.jpg","type":"image\/jpeg"}],"twitter_card":"summary_large_image","schema":{"@context":"https:\/\/schema.org","@graph":[{"@type":"WebPage","@id":"https:\/\/www.gruppoliturgico.com\/es\/producto\/baculo-16\/","url":"https:\/\/www.gruppoliturgico.com\/es\/producto\/baculo-16\/","name":"B\u00e1culo - b\u00e1culos y Laboratorio Gruppo Liturgico","isPartOf":{"@id":"https:\/\/www.gruppoliturgico.com\/es\/#website"},"datePublished":"2022-05-20T03:55:26+00:00","dateModified":"2022-05-20T11:40:52+00:00","description":"Original b\u00e1culo pastoral totalmente de lat\u00f3n dorado. Est\u00e1 adornado con hojitas de olivo plateadas. Altura 45 cm, m\u00e1s vara de metal de 150 cm, dividida en tres piezas. Con malet\u00edn para su transporte.","breadcrumb":{"@id":"https:\/\/www.gruppoliturgico.com\/es\/producto\/baculo-16\/#breadcrumb"},"inLanguage":"es","potentialAction":[{"@type":"ReadAction","target":["https:\/\/www.gruppoliturgico.com\/es\/producto\/baculo-16\/"]}]},{"@type":"BreadcrumbList","@id":"https:\/\/www.gruppoliturgico.com\/es\/producto\/baculo-16\/#breadcrumb","itemListElement":[{"@type":"ListItem","position":1,"name":"Home","item":"https:\/\/www.gruppoliturgico.com\/es\/"},{"@type":"ListItem","position":2,"name":"Tienda","item":"https:\/\/www.gruppoliturgico.com\/es\/tienda\/"},{"@type":"ListItem","position":3,"name":"B\u00e1culo"}]},{"@type":"WebSite","@id":"https:\/\/www.gruppoliturgico.com\/es\/#website","url":"https:\/\/www.gruppoliturgico.com\/es\/","name":"Laboratorio Gruppo Liturgico","description":"Articoli Religiosi online","publisher":{"@id":"https:\/\/www.gruppoliturgico.com\/es\/#organization"},"potentialAction":[{"@type":"SearchAction","target":{"@type":"EntryPoint","urlTemplate":"https:\/\/www.gruppoliturgico.com\/es\/?s={search_term_string}"},"query-input":"required name=search_term_string"}],"inLanguage":"es"},{"@type":"Organization","@id":"https:\/\/www.gruppoliturgico.com\/es\/#organization","name":"Laboratorio Gruppo Liturgico","url":"https:\/\/www.gruppoliturgico.com\/es\/","logo":{"@type":"ImageObject","inLanguage":"es","@id":"https:\/\/www.gruppoliturgico.com\/es\/#\/schema\/logo\/image\/","url":"https:\/\/www.gruppoliturgico.com\/wp-content\/uploads\/2022\/02\/logo-laboratoriogruppoliturgico.png","contentUrl":"https:\/\/www.gruppoliturgico.com\/wp-content\/uploads\/2022\/02\/logo-laboratoriogruppoliturgico.png","width":400,"height":114,"caption":"Laboratorio Gruppo Liturgico"},"image":{"@id":"https:\/\/www.gruppoliturgico.com\/es\/#\/schema\/logo\/image\/"}}]}},"_links":{"self":[{"href":"https:\/\/www.gruppoliturgico.com\/es\/wp-json\/wp\/v2\/product\/71479"}],"collection":[{"href":"https:\/\/www.gruppoliturgico.com\/es\/wp-json\/wp\/v2\/product"}],"about":[{"href":"https:\/\/www.gruppoliturgico.com\/es\/wp-json\/wp\/v2\/types\/product"}],"wp:featuredmedia":[{"embeddable":true,"href":"https:\/\/www.gruppoliturgico.com\/es\/wp-json\/wp\/v2\/media\/81799"}],"wp:attachment":[{"href":"https:\/\/www.gruppoliturgico.com\/es\/wp-json\/wp\/v2\/media?parent=71479"}],"wp:term":[{"taxonomy":"product_cat","embeddable":true,"href":"https:\/\/www.gruppoliturgico.com\/es\/wp-json\/wp\/v2\/product_cat?post=71479"},{"taxonomy":"product_tag","embeddable":true,"href":"https:\/\/www.gruppoliturgico.com\/es\/wp-json\/wp\/v2\/product_tag?post=71479"}],"curies":[{"name":"wp","href":"https:\/\/api.w.org\/{rel}","templated":true}]}}

Báculo

<html><body><p>Original báculo pastoral totalmente de latón dorado. Está adornado con hojitas de olivo plateadas.<br>
Altura 45 cm, más vara de metal de 150 cm, dividida en tres piezas.<br>
Con maletín para su transporte.</p>
</body></html>

<p>Original báculo pastoral totalmente de latón dorado. Está adornado con hojitas de olivo plateadas.<br />
Altura 45 cm, más vara de metal de 150 cm, dividida en tres piezas.<br />
Con maletín para su transporte.</p>

<!-- This site is optimized with the Yoast SEO plugin v20.4 - https://yoast.com/wordpress/plugins/seo/ -->
<title>Báculo - báculos y Laboratorio Gruppo Liturgico</title>
<meta name="description" content="Original báculo pastoral totalmente de latón dorado. Está adornado con hojitas de olivo plateadas.  Altura 45 cm, más vara de metal de 150 cm, dividida en tres piezas. Con maletín para su transporte." />
<meta name="robots" content="index, follow, max-snippet:-1, max-image-preview:large, max-video-preview:-1" />
<link rel="canonical" href="https://www.gruppoliturgico.com/es/producto/baculo-16/" />
<meta property="og:locale" content="es_ES" />
<meta property="og:type" content="article" />
<meta property="og:title" content="Báculo - báculos y Laboratorio Gruppo Liturgico" />
<meta property="og:description" content="Original báculo pastoral totalmente de latón dorado. Está adornado con hojitas de olivo plateadas.  Altura 45 cm, más vara de metal de 150 cm, dividida en tres piezas. Con maletín para su transporte." />
<meta property="og:url" content="https://www.gruppoliturgico.com/es/producto/baculo-16/" />
<meta property="og:site_name" content="Laboratorio Gruppo Liturgico" />
<meta property="article:modified_time" content="2022-05-20T11:40:52+00:00" />
<meta property="og:image" content="https://www.gruppoliturgico.com/wp-content/uploads/2022/05/3753.jpg" />
	<meta property="og:image:width" content="1000" />
	<meta property="og:image:height" content="1500" />
	<meta property="og:image:type" content="image/jpeg" />
<meta name="twitter:card" content="summary_large_image" />
<script type="application/ld+json" class="yoast-schema-graph">{"@context":"https://schema.org","@graph":[{"@type":"WebPage","@id":"https://www.gruppoliturgico.com/es/producto/baculo-16/","url":"https://www.gruppoliturgico.com/es/producto/baculo-16/","name":"Báculo - báculos y Laboratorio Gruppo Liturgico","isPartOf":{"@id":"https://www.gruppoliturgico.com/es/#website"},"datePublished":"2022-05-20T03:55:26+00:00","dateModified":"2022-05-20T11:40:52+00:00","description":"Original báculo pastoral totalmente de latón dorado. Está adornado con hojitas de olivo plateadas. Altura 45 cm, más vara de metal de 150 cm, dividida en tres piezas. Con maletín para su transporte.","breadcrumb":{"@id":"https://www.gruppoliturgico.com/es/producto/baculo-16/#breadcrumb"},"inLanguage":"es","potentialAction":[{"@type":"ReadAction","target":["https://www.gruppoliturgico.com/es/producto/baculo-16/"]}]},{"@type":"BreadcrumbList","@id":"https://www.gruppoliturgico.com/es/producto/baculo-16/#breadcrumb","itemListElement":[{"@type":"ListItem","position":1,"name":"Home","item":"https://www.gruppoliturgico.com/es/"},{"@type":"ListItem","position":2,"name":"Tienda","item":"https://www.gruppoliturgico.com/es/tienda/"},{"@type":"ListItem","position":3,"name":"Báculo"}]},{"@type":"WebSite","@id":"https://www.gruppoliturgico.com/es/#website","url":"https://www.gruppoliturgico.com/es/","name":"Laboratorio Gruppo Liturgico","description":"Articoli Religiosi online","publisher":{"@id":"https://www.gruppoliturgico.com/es/#organization"},"potentialAction":[{"@type":"SearchAction","target":{"@type":"EntryPoint","urlTemplate":"https://www.gruppoliturgico.com/es/?s={search_term_string}"},"query-input":"required name=search_term_string"}],"inLanguage":"es"},{"@type":"Organization","@id":"https://www.gruppoliturgico.com/es/#organization","name":"Laboratorio Gruppo Liturgico","url":"https://www.gruppoliturgico.com/es/","logo":{"@type":"ImageObject","inLanguage":"es","@id":"https://www.gruppoliturgico.com/es/#/schema/logo/image/","url":"https://www.gruppoliturgico.com/wp-content/uploads/2022/02/logo-laboratoriogruppoliturgico.png","contentUrl":"https://www.gruppoliturgico.com/wp-content/uploads/2022/02/logo-laboratoriogruppoliturgico.png","width":400,"height":114,"caption":"Laboratorio Gruppo Liturgico"},"image":{"@id":"https://www.gruppoliturgico.com/es/#/schema/logo/image/"}}]}</script>
<!-- / Yoast SEO plugin. -->

Báculo - báculos y Laboratorio Gruppo Liturgico

Original báculo pastoral totalmente de latón dorado. Está adornado con hojitas de olivo plateadas.  Altura 45 cm, más vara de metal de 150 cm, dividida en tres piezas. Con maletín para su transporte.

Original báculo pastoral totalmente de latón dorado. Está adornado con hojitas de olivo plateadas. Altura 45 cm, más vara de metal de 150 cm, dividida en tres piezas. Con maletín para su transporte.
