{"id":69867,"date":"2022-05-20T04:36:04","date_gmt":"2022-05-20T02:36:14","guid":{"rendered":"https:\/\/www.gruppoliturgico.com\/prodotto\/ambon-16\/"},"modified":"2022-10-21T17:07:39","modified_gmt":"2022-10-21T15:07:39","slug":"ambon-16","status":"publish","type":"product","link":"https:\/\/www.gruppoliturgico.com\/es\/producto\/ambon-16\/","title":{"rendered":"Amb\u00f3n"},"content":{"rendered":"<html><body><p>Amb\u00f3n de madera maciza con decoraci\u00f3n de m\u00e1rmol.<br>\nLa gradaci\u00f3n crom\u00e1tica del cuadro se puede realizar con colores bajo pedido al igual que las decoraciones<br>\nDimensiones<br>\nAltura total delantera 123 cm<br>\nSuperficie atril 52 x 34 cm<\/p>\n<\/body><\/html>","protected":false},"excerpt":{"rendered":"<p>Amb\u00f3n de madera maciza con decoraci\u00f3n de m\u00e1rmol.<br \/>\nLa gradaci\u00f3n crom\u00e1tica del cuadro se puede realizar con colores bajo pedido al igual que las decoraciones<br \/>\nDimensiones<br \/>\nAltura total delantera 123 cm<br \/>\nSuperficie atril 52 x 34 cm<\/p>\n","protected":false},"featured_media":80191,"template":"","meta":[],"product_cat":[12167,12183],"product_tag":[],"yoast_head":"<!-- This site is optimized with the Yoast SEO plugin v20.4 - https:\/\/yoast.com\/wordpress\/plugins\/seo\/ -->\n<title>Amb\u00f3n - art 2639, en madera esculpida y Laboratorio Gruppo Liturgico<\/title>\n<meta name=\"description\" content=\"Amb\u00f3n de madera maciza con decoraci\u00f3n de m\u00e1rmol. La gradaci\u00f3n crom\u00e1tica del cuadro se puede realizar con colores bajo pedido al igual que las decoraciones Dimensiones Altura total delantera 123 cm  Superficie atril 52 x 34 cm\" \/>\n<meta name=\"robots\" content=\"index, follow, max-snippet:-1, max-image-preview:large, max-video-preview:-1\" \/>\n<link rel=\"canonical\" href=\"https:\/\/www.gruppoliturgico.com\/es\/producto\/ambon-16\/\" \/>\n<meta property=\"og:locale\" content=\"es_ES\" \/>\n<meta property=\"og:type\" content=\"article\" \/>\n<meta property=\"og:title\" content=\"Amb\u00f3n - art 2639, en madera esculpida y Laboratorio Gruppo Liturgico\" \/>\n<meta property=\"og:description\" content=\"Amb\u00f3n de madera maciza con decoraci\u00f3n de m\u00e1rmol. La gradaci\u00f3n crom\u00e1tica del cuadro se puede realizar con colores bajo pedido al igual que las decoraciones Dimensiones Altura total delantera 123 cm  Superficie atril 52 x 34 cm\" \/>\n<meta property=\"og:url\" content=\"https:\/\/www.gruppoliturgico.com\/es\/producto\/ambon-16\/\" \/>\n<meta property=\"og:site_name\" content=\"Laboratorio Gruppo Liturgico\" \/>\n<meta property=\"article:modified_time\" content=\"2022-10-21T15:07:39+00:00\" \/>\n<meta property=\"og:image\" content=\"https:\/\/www.gruppoliturgico.com\/wp-content\/uploads\/2022\/05\/2640.jpg\" \/>\n\t<meta property=\"og:image:width\" content=\"837\" \/>\n\t<meta property=\"og:image:height\" content=\"1500\" \/>\n\t<meta property=\"og:image:type\" content=\"image\/jpeg\" \/>\n<meta name=\"twitter:card\" content=\"summary_large_image\" \/>\n<script type=\"application\/ld+json\" class=\"yoast-schema-graph\">{\"@context\":\"https:\/\/schema.org\",\"@graph\":[{\"@type\":\"WebPage\",\"@id\":\"https:\/\/www.gruppoliturgico.com\/es\/producto\/ambon-16\/\",\"url\":\"https:\/\/www.gruppoliturgico.com\/es\/producto\/ambon-16\/\",\"name\":\"Amb\u00f3n - art 2639, en madera esculpida y Laboratorio Gruppo Liturgico\",\"isPartOf\":{\"@id\":\"https:\/\/www.gruppoliturgico.com\/es\/#website\"},\"datePublished\":\"2022-05-20T02:36:14+00:00\",\"dateModified\":\"2022-10-21T15:07:39+00:00\",\"description\":\"Amb\u00f3n de madera maciza con decoraci\u00f3n de m\u00e1rmol. La gradaci\u00f3n crom\u00e1tica del cuadro se puede realizar con colores bajo pedido al igual que las decoraciones Dimensiones Altura total delantera 123 cm Superficie atril 52 x 34 cm\",\"breadcrumb\":{\"@id\":\"https:\/\/www.gruppoliturgico.com\/es\/producto\/ambon-16\/#breadcrumb\"},\"inLanguage\":\"es\",\"potentialAction\":[{\"@type\":\"ReadAction\",\"target\":[\"https:\/\/www.gruppoliturgico.com\/es\/producto\/ambon-16\/\"]}]},{\"@type\":\"BreadcrumbList\",\"@id\":\"https:\/\/www.gruppoliturgico.com\/es\/producto\/ambon-16\/#breadcrumb\",\"itemListElement\":[{\"@type\":\"ListItem\",\"position\":1,\"name\":\"Home\",\"item\":\"https:\/\/www.gruppoliturgico.com\/es\/\"},{\"@type\":\"ListItem\",\"position\":2,\"name\":\"Tienda\",\"item\":\"https:\/\/www.gruppoliturgico.com\/es\/tienda\/\"},{\"@type\":\"ListItem\",\"position\":3,\"name\":\"Amb\u00f3n\"}]},{\"@type\":\"WebSite\",\"@id\":\"https:\/\/www.gruppoliturgico.com\/es\/#website\",\"url\":\"https:\/\/www.gruppoliturgico.com\/es\/\",\"name\":\"Laboratorio Gruppo Liturgico\",\"description\":\"Articoli Religiosi online\",\"publisher\":{\"@id\":\"https:\/\/www.gruppoliturgico.com\/es\/#organization\"},\"potentialAction\":[{\"@type\":\"SearchAction\",\"target\":{\"@type\":\"EntryPoint\",\"urlTemplate\":\"https:\/\/www.gruppoliturgico.com\/es\/?s={search_term_string}\"},\"query-input\":\"required name=search_term_string\"}],\"inLanguage\":\"es\"},{\"@type\":\"Organization\",\"@id\":\"https:\/\/www.gruppoliturgico.com\/es\/#organization\",\"name\":\"Laboratorio Gruppo Liturgico\",\"url\":\"https:\/\/www.gruppoliturgico.com\/es\/\",\"logo\":{\"@type\":\"ImageObject\",\"inLanguage\":\"es\",\"@id\":\"https:\/\/www.gruppoliturgico.com\/es\/#\/schema\/logo\/image\/\",\"url\":\"https:\/\/www.gruppoliturgico.com\/wp-content\/uploads\/2022\/02\/logo-laboratoriogruppoliturgico.png\",\"contentUrl\":\"https:\/\/www.gruppoliturgico.com\/wp-content\/uploads\/2022\/02\/logo-laboratoriogruppoliturgico.png\",\"width\":400,\"height\":114,\"caption\":\"Laboratorio Gruppo Liturgico\"},\"image\":{\"@id\":\"https:\/\/www.gruppoliturgico.com\/es\/#\/schema\/logo\/image\/\"}}]}<\/script>\n<!-- \/ Yoast SEO plugin. -->","yoast_head_json":{"title":"Amb\u00f3n - art 2639, en madera esculpida y Laboratorio Gruppo Liturgico","description":"Amb\u00f3n de madera maciza con decoraci\u00f3n de m\u00e1rmol. La gradaci\u00f3n crom\u00e1tica del cuadro se puede realizar con colores bajo pedido al igual que las decoraciones Dimensiones Altura total delantera 123 cm  Superficie atril 52 x 34 cm","robots":{"index":"index","follow":"follow","max-snippet":"max-snippet:-1","max-image-preview":"max-image-preview:large","max-video-preview":"max-video-preview:-1"},"canonical":"https:\/\/www.gruppoliturgico.com\/es\/producto\/ambon-16\/","og_locale":"es_ES","og_type":"article","og_title":"Amb\u00f3n - art 2639, en madera esculpida y Laboratorio Gruppo Liturgico","og_description":"Amb\u00f3n de madera maciza con decoraci\u00f3n de m\u00e1rmol. La gradaci\u00f3n crom\u00e1tica del cuadro se puede realizar con colores bajo pedido al igual que las decoraciones Dimensiones Altura total delantera 123 cm  Superficie atril 52 x 34 cm","og_url":"https:\/\/www.gruppoliturgico.com\/es\/producto\/ambon-16\/","og_site_name":"Laboratorio Gruppo Liturgico","article_modified_time":"2022-10-21T15:07:39+00:00","og_image":[{"width":837,"height":1500,"url":"https:\/\/www.gruppoliturgico.com\/wp-content\/uploads\/2022\/05\/2640.jpg","type":"image\/jpeg"}],"twitter_card":"summary_large_image","schema":{"@context":"https:\/\/schema.org","@graph":[{"@type":"WebPage","@id":"https:\/\/www.gruppoliturgico.com\/es\/producto\/ambon-16\/","url":"https:\/\/www.gruppoliturgico.com\/es\/producto\/ambon-16\/","name":"Amb\u00f3n - art 2639, en madera esculpida y Laboratorio Gruppo Liturgico","isPartOf":{"@id":"https:\/\/www.gruppoliturgico.com\/es\/#website"},"datePublished":"2022-05-20T02:36:14+00:00","dateModified":"2022-10-21T15:07:39+00:00","description":"Amb\u00f3n de madera maciza con decoraci\u00f3n de m\u00e1rmol. La gradaci\u00f3n crom\u00e1tica del cuadro se puede realizar con colores bajo pedido al igual que las decoraciones Dimensiones Altura total delantera 123 cm Superficie atril 52 x 34 cm","breadcrumb":{"@id":"https:\/\/www.gruppoliturgico.com\/es\/producto\/ambon-16\/#breadcrumb"},"inLanguage":"es","potentialAction":[{"@type":"ReadAction","target":["https:\/\/www.gruppoliturgico.com\/es\/producto\/ambon-16\/"]}]},{"@type":"BreadcrumbList","@id":"https:\/\/www.gruppoliturgico.com\/es\/producto\/ambon-16\/#breadcrumb","itemListElement":[{"@type":"ListItem","position":1,"name":"Home","item":"https:\/\/www.gruppoliturgico.com\/es\/"},{"@type":"ListItem","position":2,"name":"Tienda","item":"https:\/\/www.gruppoliturgico.com\/es\/tienda\/"},{"@type":"ListItem","position":3,"name":"Amb\u00f3n"}]},{"@type":"WebSite","@id":"https:\/\/www.gruppoliturgico.com\/es\/#website","url":"https:\/\/www.gruppoliturgico.com\/es\/","name":"Laboratorio Gruppo Liturgico","description":"Articoli Religiosi online","publisher":{"@id":"https:\/\/www.gruppoliturgico.com\/es\/#organization"},"potentialAction":[{"@type":"SearchAction","target":{"@type":"EntryPoint","urlTemplate":"https:\/\/www.gruppoliturgico.com\/es\/?s={search_term_string}"},"query-input":"required name=search_term_string"}],"inLanguage":"es"},{"@type":"Organization","@id":"https:\/\/www.gruppoliturgico.com\/es\/#organization","name":"Laboratorio Gruppo Liturgico","url":"https:\/\/www.gruppoliturgico.com\/es\/","logo":{"@type":"ImageObject","inLanguage":"es","@id":"https:\/\/www.gruppoliturgico.com\/es\/#\/schema\/logo\/image\/","url":"https:\/\/www.gruppoliturgico.com\/wp-content\/uploads\/2022\/02\/logo-laboratoriogruppoliturgico.png","contentUrl":"https:\/\/www.gruppoliturgico.com\/wp-content\/uploads\/2022\/02\/logo-laboratoriogruppoliturgico.png","width":400,"height":114,"caption":"Laboratorio Gruppo Liturgico"},"image":{"@id":"https:\/\/www.gruppoliturgico.com\/es\/#\/schema\/logo\/image\/"}}]}},"_links":{"self":[{"href":"https:\/\/www.gruppoliturgico.com\/es\/wp-json\/wp\/v2\/product\/69867"}],"collection":[{"href":"https:\/\/www.gruppoliturgico.com\/es\/wp-json\/wp\/v2\/product"}],"about":[{"href":"https:\/\/www.gruppoliturgico.com\/es\/wp-json\/wp\/v2\/types\/product"}],"wp:featuredmedia":[{"embeddable":true,"href":"https:\/\/www.gruppoliturgico.com\/es\/wp-json\/wp\/v2\/media\/80191"}],"wp:attachment":[{"href":"https:\/\/www.gruppoliturgico.com\/es\/wp-json\/wp\/v2\/media?parent=69867"}],"wp:term":[{"taxonomy":"product_cat","embeddable":true,"href":"https:\/\/www.gruppoliturgico.com\/es\/wp-json\/wp\/v2\/product_cat?post=69867"},{"taxonomy":"product_tag","embeddable":true,"href":"https:\/\/www.gruppoliturgico.com\/es\/wp-json\/wp\/v2\/product_tag?post=69867"}],"curies":[{"name":"wp","href":"https:\/\/api.w.org\/{rel}","templated":true}]}}

Ambón

<html><body><p>Ambón de madera maciza con decoración de mármol.<br>
La gradación cromática del cuadro se puede realizar con colores bajo pedido al igual que las decoraciones<br>
Dimensiones<br>
Altura total delantera 123 cm<br>
Superficie atril 52 x 34 cm</p>
</body></html>

<p>Ambón de madera maciza con decoración de mármol.<br />
La gradación cromática del cuadro se puede realizar con colores bajo pedido al igual que las decoraciones<br />
Dimensiones<br />
Altura total delantera 123 cm<br />
Superficie atril 52 x 34 cm</p>

<!-- This site is optimized with the Yoast SEO plugin v20.4 - https://yoast.com/wordpress/plugins/seo/ -->
<title>Ambón - art 2639, en madera esculpida y Laboratorio Gruppo Liturgico</title>
<meta name="description" content="Ambón de madera maciza con decoración de mármol. La gradación cromática del cuadro se puede realizar con colores bajo pedido al igual que las decoraciones Dimensiones Altura total delantera 123 cm  Superficie atril 52 x 34 cm" />
<meta name="robots" content="index, follow, max-snippet:-1, max-image-preview:large, max-video-preview:-1" />
<link rel="canonical" href="https://www.gruppoliturgico.com/es/producto/ambon-16/" />
<meta property="og:locale" content="es_ES" />
<meta property="og:type" content="article" />
<meta property="og:title" content="Ambón - art 2639, en madera esculpida y Laboratorio Gruppo Liturgico" />
<meta property="og:description" content="Ambón de madera maciza con decoración de mármol. La gradación cromática del cuadro se puede realizar con colores bajo pedido al igual que las decoraciones Dimensiones Altura total delantera 123 cm  Superficie atril 52 x 34 cm" />
<meta property="og:url" content="https://www.gruppoliturgico.com/es/producto/ambon-16/" />
<meta property="og:site_name" content="Laboratorio Gruppo Liturgico" />
<meta property="article:modified_time" content="2022-10-21T15:07:39+00:00" />
<meta property="og:image" content="https://www.gruppoliturgico.com/wp-content/uploads/2022/05/2640.jpg" />
	<meta property="og:image:width" content="837" />
	<meta property="og:image:height" content="1500" />
	<meta property="og:image:type" content="image/jpeg" />
<meta name="twitter:card" content="summary_large_image" />
<script type="application/ld+json" class="yoast-schema-graph">{"@context":"https://schema.org","@graph":[{"@type":"WebPage","@id":"https://www.gruppoliturgico.com/es/producto/ambon-16/","url":"https://www.gruppoliturgico.com/es/producto/ambon-16/","name":"Ambón - art 2639, en madera esculpida y Laboratorio Gruppo Liturgico","isPartOf":{"@id":"https://www.gruppoliturgico.com/es/#website"},"datePublished":"2022-05-20T02:36:14+00:00","dateModified":"2022-10-21T15:07:39+00:00","description":"Ambón de madera maciza con decoración de mármol. La gradación cromática del cuadro se puede realizar con colores bajo pedido al igual que las decoraciones Dimensiones Altura total delantera 123 cm Superficie atril 52 x 34 cm","breadcrumb":{"@id":"https://www.gruppoliturgico.com/es/producto/ambon-16/#breadcrumb"},"inLanguage":"es","potentialAction":[{"@type":"ReadAction","target":["https://www.gruppoliturgico.com/es/producto/ambon-16/"]}]},{"@type":"BreadcrumbList","@id":"https://www.gruppoliturgico.com/es/producto/ambon-16/#breadcrumb","itemListElement":[{"@type":"ListItem","position":1,"name":"Home","item":"https://www.gruppoliturgico.com/es/"},{"@type":"ListItem","position":2,"name":"Tienda","item":"https://www.gruppoliturgico.com/es/tienda/"},{"@type":"ListItem","position":3,"name":"Ambón"}]},{"@type":"WebSite","@id":"https://www.gruppoliturgico.com/es/#website","url":"https://www.gruppoliturgico.com/es/","name":"Laboratorio Gruppo Liturgico","description":"Articoli Religiosi online","publisher":{"@id":"https://www.gruppoliturgico.com/es/#organization"},"potentialAction":[{"@type":"SearchAction","target":{"@type":"EntryPoint","urlTemplate":"https://www.gruppoliturgico.com/es/?s={search_term_string}"},"query-input":"required name=search_term_string"}],"inLanguage":"es"},{"@type":"Organization","@id":"https://www.gruppoliturgico.com/es/#organization","name":"Laboratorio Gruppo Liturgico","url":"https://www.gruppoliturgico.com/es/","logo":{"@type":"ImageObject","inLanguage":"es","@id":"https://www.gruppoliturgico.com/es/#/schema/logo/image/","url":"https://www.gruppoliturgico.com/wp-content/uploads/2022/02/logo-laboratoriogruppoliturgico.png","contentUrl":"https://www.gruppoliturgico.com/wp-content/uploads/2022/02/logo-laboratoriogruppoliturgico.png","width":400,"height":114,"caption":"Laboratorio Gruppo Liturgico"},"image":{"@id":"https://www.gruppoliturgico.com/es/#/schema/logo/image/"}}]}</script>
<!-- / Yoast SEO plugin. -->

Ambón - art 2639, en madera esculpida y Laboratorio Gruppo Liturgico

Ambón de madera maciza con decoración de mármol. La gradación cromática del cuadro se puede realizar con colores bajo pedido al igual que las decoraciones Dimensiones Altura total delantera 123 cm  Superficie atril 52 x 34 cm

Ambón de madera maciza con decoración de mármol. La gradación cromática del cuadro se puede realizar con colores bajo pedido al igual que las decoraciones Dimensiones Altura total delantera 123 cm Superficie atril 52 x 34 cm
