{"id":68068,"date":"2022-05-20T03:04:24","date_gmt":"2022-05-20T01:04:31","guid":{"rendered":"https:\/\/www.gruppoliturgico.com\/prodotto\/caliz-37\/"},"modified":"2022-09-21T16:17:09","modified_gmt":"2022-09-21T14:17:09","slug":"caliz-37","status":"publish","type":"product","link":"https:\/\/www.gruppoliturgico.com\/es\/producto\/caliz-37\/","title":{"rendered":"C\u00e1liz"},"content":{"rendered":"<html><body><p>C\u00e1liz de lat\u00f3n dorado.<br>\nDise\u00f1o elegante con motivos \u00abUva y Trigo\u00bb en relieve en la base y banda grabada a mano en la copa.<br>\nAltura  22,5 cm<br>\nCopa \u00d8  11,8 cm <\/p>\n<\/body><\/html>","protected":false},"excerpt":{"rendered":"<p>C\u00e1liz de lat\u00f3n dorado.<br \/>\nDise\u00f1o elegante con motivos \u00abUva y Trigo\u00bb en relieve en la base y banda grabada a mano en la copa.<br \/>\nAltura  22,5 cm<br \/>\nCopa \u00d8  11,8 cm <\/p>\n","protected":false},"featured_media":131090,"template":"","meta":[],"product_cat":[12027],"product_tag":[],"yoast_head":"<!-- This site is optimized with the Yoast SEO plugin v20.4 - https:\/\/yoast.com\/wordpress\/plugins\/seo\/ -->\n<title>C\u00e1liz - colecci\u00f3n calices y Laboratorio Gruppo Liturgico<\/title>\n<meta name=\"description\" content=\"C\u00e1liz de lat\u00f3n dorado. Dise\u00f1o elegante con motivos &quot;Uva y Trigo&quot; en relieve en la base y banda grabada a mano en la copa. Altura 22,5 cm Copa \u00d8 11,8 cm\" \/>\n<meta name=\"robots\" content=\"index, follow, max-snippet:-1, max-image-preview:large, max-video-preview:-1\" \/>\n<link rel=\"canonical\" href=\"https:\/\/www.gruppoliturgico.com\/es\/producto\/caliz-37\/\" \/>\n<meta property=\"og:locale\" content=\"es_ES\" \/>\n<meta property=\"og:type\" content=\"article\" \/>\n<meta property=\"og:title\" content=\"C\u00e1liz - colecci\u00f3n calices y Laboratorio Gruppo Liturgico\" \/>\n<meta property=\"og:description\" content=\"C\u00e1liz de lat\u00f3n dorado. Dise\u00f1o elegante con motivos &quot;Uva y Trigo&quot; en relieve en la base y banda grabada a mano en la copa. Altura 22,5 cm Copa \u00d8 11,8 cm\" \/>\n<meta property=\"og:url\" content=\"https:\/\/www.gruppoliturgico.com\/es\/producto\/caliz-37\/\" \/>\n<meta property=\"og:site_name\" content=\"Laboratorio Gruppo Liturgico\" \/>\n<meta property=\"article:modified_time\" content=\"2022-09-21T14:17:09+00:00\" \/>\n<meta property=\"og:image\" content=\"https:\/\/www.gruppoliturgico.com\/wp-content\/uploads\/2022\/05\/2146.jpg\" \/>\n\t<meta property=\"og:image:width\" content=\"964\" \/>\n\t<meta property=\"og:image:height\" content=\"1500\" \/>\n\t<meta property=\"og:image:type\" content=\"image\/jpeg\" \/>\n<meta name=\"twitter:card\" content=\"summary_large_image\" \/>\n<script type=\"application\/ld+json\" class=\"yoast-schema-graph\">{\"@context\":\"https:\/\/schema.org\",\"@graph\":[{\"@type\":\"WebPage\",\"@id\":\"https:\/\/www.gruppoliturgico.com\/es\/producto\/caliz-37\/\",\"url\":\"https:\/\/www.gruppoliturgico.com\/es\/producto\/caliz-37\/\",\"name\":\"C\u00e1liz - colecci\u00f3n calices y Laboratorio Gruppo Liturgico\",\"isPartOf\":{\"@id\":\"https:\/\/www.gruppoliturgico.com\/es\/#website\"},\"datePublished\":\"2022-05-20T01:04:31+00:00\",\"dateModified\":\"2022-09-21T14:17:09+00:00\",\"description\":\"C\u00e1liz de lat\u00f3n dorado. Dise\u00f1o elegante con motivos \\\"Uva y Trigo\\\" en relieve en la base y banda grabada a mano en la copa. Altura 22,5 cm Copa \u00d8 11,8 cm\",\"breadcrumb\":{\"@id\":\"https:\/\/www.gruppoliturgico.com\/es\/producto\/caliz-37\/#breadcrumb\"},\"inLanguage\":\"es\",\"potentialAction\":[{\"@type\":\"ReadAction\",\"target\":[\"https:\/\/www.gruppoliturgico.com\/es\/producto\/caliz-37\/\"]}]},{\"@type\":\"BreadcrumbList\",\"@id\":\"https:\/\/www.gruppoliturgico.com\/es\/producto\/caliz-37\/#breadcrumb\",\"itemListElement\":[{\"@type\":\"ListItem\",\"position\":1,\"name\":\"Home\",\"item\":\"https:\/\/www.gruppoliturgico.com\/es\/\"},{\"@type\":\"ListItem\",\"position\":2,\"name\":\"Tienda\",\"item\":\"https:\/\/www.gruppoliturgico.com\/es\/tienda\/\"},{\"@type\":\"ListItem\",\"position\":3,\"name\":\"C\u00e1liz\"}]},{\"@type\":\"WebSite\",\"@id\":\"https:\/\/www.gruppoliturgico.com\/es\/#website\",\"url\":\"https:\/\/www.gruppoliturgico.com\/es\/\",\"name\":\"Laboratorio Gruppo Liturgico\",\"description\":\"Articoli Religiosi online\",\"publisher\":{\"@id\":\"https:\/\/www.gruppoliturgico.com\/es\/#organization\"},\"potentialAction\":[{\"@type\":\"SearchAction\",\"target\":{\"@type\":\"EntryPoint\",\"urlTemplate\":\"https:\/\/www.gruppoliturgico.com\/es\/?s={search_term_string}\"},\"query-input\":\"required name=search_term_string\"}],\"inLanguage\":\"es\"},{\"@type\":\"Organization\",\"@id\":\"https:\/\/www.gruppoliturgico.com\/es\/#organization\",\"name\":\"Laboratorio Gruppo Liturgico\",\"url\":\"https:\/\/www.gruppoliturgico.com\/es\/\",\"logo\":{\"@type\":\"ImageObject\",\"inLanguage\":\"es\",\"@id\":\"https:\/\/www.gruppoliturgico.com\/es\/#\/schema\/logo\/image\/\",\"url\":\"https:\/\/www.gruppoliturgico.com\/wp-content\/uploads\/2022\/02\/logo-laboratoriogruppoliturgico.png\",\"contentUrl\":\"https:\/\/www.gruppoliturgico.com\/wp-content\/uploads\/2022\/02\/logo-laboratoriogruppoliturgico.png\",\"width\":400,\"height\":114,\"caption\":\"Laboratorio Gruppo Liturgico\"},\"image\":{\"@id\":\"https:\/\/www.gruppoliturgico.com\/es\/#\/schema\/logo\/image\/\"}}]}<\/script>\n<!-- \/ Yoast SEO plugin. -->","yoast_head_json":{"title":"C\u00e1liz - colecci\u00f3n calices y Laboratorio Gruppo Liturgico","description":"C\u00e1liz de lat\u00f3n dorado. Dise\u00f1o elegante con motivos \"Uva y Trigo\" en relieve en la base y banda grabada a mano en la copa. Altura 22,5 cm Copa \u00d8 11,8 cm","robots":{"index":"index","follow":"follow","max-snippet":"max-snippet:-1","max-image-preview":"max-image-preview:large","max-video-preview":"max-video-preview:-1"},"canonical":"https:\/\/www.gruppoliturgico.com\/es\/producto\/caliz-37\/","og_locale":"es_ES","og_type":"article","og_title":"C\u00e1liz - colecci\u00f3n calices y Laboratorio Gruppo Liturgico","og_description":"C\u00e1liz de lat\u00f3n dorado. Dise\u00f1o elegante con motivos \"Uva y Trigo\" en relieve en la base y banda grabada a mano en la copa. Altura 22,5 cm Copa \u00d8 11,8 cm","og_url":"https:\/\/www.gruppoliturgico.com\/es\/producto\/caliz-37\/","og_site_name":"Laboratorio Gruppo Liturgico","article_modified_time":"2022-09-21T14:17:09+00:00","og_image":[{"width":964,"height":1500,"url":"https:\/\/www.gruppoliturgico.com\/wp-content\/uploads\/2022\/05\/2146.jpg","type":"image\/jpeg"}],"twitter_card":"summary_large_image","schema":{"@context":"https:\/\/schema.org","@graph":[{"@type":"WebPage","@id":"https:\/\/www.gruppoliturgico.com\/es\/producto\/caliz-37\/","url":"https:\/\/www.gruppoliturgico.com\/es\/producto\/caliz-37\/","name":"C\u00e1liz - colecci\u00f3n calices y Laboratorio Gruppo Liturgico","isPartOf":{"@id":"https:\/\/www.gruppoliturgico.com\/es\/#website"},"datePublished":"2022-05-20T01:04:31+00:00","dateModified":"2022-09-21T14:17:09+00:00","description":"C\u00e1liz de lat\u00f3n dorado. Dise\u00f1o elegante con motivos \"Uva y Trigo\" en relieve en la base y banda grabada a mano en la copa. Altura 22,5 cm Copa \u00d8 11,8 cm","breadcrumb":{"@id":"https:\/\/www.gruppoliturgico.com\/es\/producto\/caliz-37\/#breadcrumb"},"inLanguage":"es","potentialAction":[{"@type":"ReadAction","target":["https:\/\/www.gruppoliturgico.com\/es\/producto\/caliz-37\/"]}]},{"@type":"BreadcrumbList","@id":"https:\/\/www.gruppoliturgico.com\/es\/producto\/caliz-37\/#breadcrumb","itemListElement":[{"@type":"ListItem","position":1,"name":"Home","item":"https:\/\/www.gruppoliturgico.com\/es\/"},{"@type":"ListItem","position":2,"name":"Tienda","item":"https:\/\/www.gruppoliturgico.com\/es\/tienda\/"},{"@type":"ListItem","position":3,"name":"C\u00e1liz"}]},{"@type":"WebSite","@id":"https:\/\/www.gruppoliturgico.com\/es\/#website","url":"https:\/\/www.gruppoliturgico.com\/es\/","name":"Laboratorio Gruppo Liturgico","description":"Articoli Religiosi online","publisher":{"@id":"https:\/\/www.gruppoliturgico.com\/es\/#organization"},"potentialAction":[{"@type":"SearchAction","target":{"@type":"EntryPoint","urlTemplate":"https:\/\/www.gruppoliturgico.com\/es\/?s={search_term_string}"},"query-input":"required name=search_term_string"}],"inLanguage":"es"},{"@type":"Organization","@id":"https:\/\/www.gruppoliturgico.com\/es\/#organization","name":"Laboratorio Gruppo Liturgico","url":"https:\/\/www.gruppoliturgico.com\/es\/","logo":{"@type":"ImageObject","inLanguage":"es","@id":"https:\/\/www.gruppoliturgico.com\/es\/#\/schema\/logo\/image\/","url":"https:\/\/www.gruppoliturgico.com\/wp-content\/uploads\/2022\/02\/logo-laboratoriogruppoliturgico.png","contentUrl":"https:\/\/www.gruppoliturgico.com\/wp-content\/uploads\/2022\/02\/logo-laboratoriogruppoliturgico.png","width":400,"height":114,"caption":"Laboratorio Gruppo Liturgico"},"image":{"@id":"https:\/\/www.gruppoliturgico.com\/es\/#\/schema\/logo\/image\/"}}]}},"_links":{"self":[{"href":"https:\/\/www.gruppoliturgico.com\/es\/wp-json\/wp\/v2\/product\/68068"}],"collection":[{"href":"https:\/\/www.gruppoliturgico.com\/es\/wp-json\/wp\/v2\/product"}],"about":[{"href":"https:\/\/www.gruppoliturgico.com\/es\/wp-json\/wp\/v2\/types\/product"}],"wp:featuredmedia":[{"embeddable":true,"href":"https:\/\/www.gruppoliturgico.com\/es\/wp-json\/wp\/v2\/media\/131090"}],"wp:attachment":[{"href":"https:\/\/www.gruppoliturgico.com\/es\/wp-json\/wp\/v2\/media?parent=68068"}],"wp:term":[{"taxonomy":"product_cat","embeddable":true,"href":"https:\/\/www.gruppoliturgico.com\/es\/wp-json\/wp\/v2\/product_cat?post=68068"},{"taxonomy":"product_tag","embeddable":true,"href":"https:\/\/www.gruppoliturgico.com\/es\/wp-json\/wp\/v2\/product_tag?post=68068"}],"curies":[{"name":"wp","href":"https:\/\/api.w.org\/{rel}","templated":true}]}}

Cáliz

<html><body><p>Cáliz de latón dorado.<br>
Diseño elegante con motivos «Uva y Trigo» en relieve en la base y banda grabada a mano en la copa.<br>
Altura  22,5 cm<br>
Copa Ø  11,8 cm </p>
</body></html>

<p>Cáliz de latón dorado.<br />
Diseño elegante con motivos «Uva y Trigo» en relieve en la base y banda grabada a mano en la copa.<br />
Altura  22,5 cm<br />
Copa Ø  11,8 cm </p>

<!-- This site is optimized with the Yoast SEO plugin v20.4 - https://yoast.com/wordpress/plugins/seo/ -->
<title>Cáliz - colección calices y Laboratorio Gruppo Liturgico</title>
<meta name="description" content="Cáliz de latón dorado. Diseño elegante con motivos &quot;Uva y Trigo&quot; en relieve en la base y banda grabada a mano en la copa. Altura 22,5 cm Copa Ø 11,8 cm" />
<meta name="robots" content="index, follow, max-snippet:-1, max-image-preview:large, max-video-preview:-1" />
<link rel="canonical" href="https://www.gruppoliturgico.com/es/producto/caliz-37/" />
<meta property="og:locale" content="es_ES" />
<meta property="og:type" content="article" />
<meta property="og:title" content="Cáliz - colección calices y Laboratorio Gruppo Liturgico" />
<meta property="og:description" content="Cáliz de latón dorado. Diseño elegante con motivos &quot;Uva y Trigo&quot; en relieve en la base y banda grabada a mano en la copa. Altura 22,5 cm Copa Ø 11,8 cm" />
<meta property="og:url" content="https://www.gruppoliturgico.com/es/producto/caliz-37/" />
<meta property="og:site_name" content="Laboratorio Gruppo Liturgico" />
<meta property="article:modified_time" content="2022-09-21T14:17:09+00:00" />
<meta property="og:image" content="https://www.gruppoliturgico.com/wp-content/uploads/2022/05/2146.jpg" />
	<meta property="og:image:width" content="964" />
	<meta property="og:image:height" content="1500" />
	<meta property="og:image:type" content="image/jpeg" />
<meta name="twitter:card" content="summary_large_image" />
<script type="application/ld+json" class="yoast-schema-graph">{"@context":"https://schema.org","@graph":[{"@type":"WebPage","@id":"https://www.gruppoliturgico.com/es/producto/caliz-37/","url":"https://www.gruppoliturgico.com/es/producto/caliz-37/","name":"Cáliz - colección calices y Laboratorio Gruppo Liturgico","isPartOf":{"@id":"https://www.gruppoliturgico.com/es/#website"},"datePublished":"2022-05-20T01:04:31+00:00","dateModified":"2022-09-21T14:17:09+00:00","description":"Cáliz de latón dorado. Diseño elegante con motivos \"Uva y Trigo\" en relieve en la base y banda grabada a mano en la copa. Altura 22,5 cm Copa Ø 11,8 cm","breadcrumb":{"@id":"https://www.gruppoliturgico.com/es/producto/caliz-37/#breadcrumb"},"inLanguage":"es","potentialAction":[{"@type":"ReadAction","target":["https://www.gruppoliturgico.com/es/producto/caliz-37/"]}]},{"@type":"BreadcrumbList","@id":"https://www.gruppoliturgico.com/es/producto/caliz-37/#breadcrumb","itemListElement":[{"@type":"ListItem","position":1,"name":"Home","item":"https://www.gruppoliturgico.com/es/"},{"@type":"ListItem","position":2,"name":"Tienda","item":"https://www.gruppoliturgico.com/es/tienda/"},{"@type":"ListItem","position":3,"name":"Cáliz"}]},{"@type":"WebSite","@id":"https://www.gruppoliturgico.com/es/#website","url":"https://www.gruppoliturgico.com/es/","name":"Laboratorio Gruppo Liturgico","description":"Articoli Religiosi online","publisher":{"@id":"https://www.gruppoliturgico.com/es/#organization"},"potentialAction":[{"@type":"SearchAction","target":{"@type":"EntryPoint","urlTemplate":"https://www.gruppoliturgico.com/es/?s={search_term_string}"},"query-input":"required name=search_term_string"}],"inLanguage":"es"},{"@type":"Organization","@id":"https://www.gruppoliturgico.com/es/#organization","name":"Laboratorio Gruppo Liturgico","url":"https://www.gruppoliturgico.com/es/","logo":{"@type":"ImageObject","inLanguage":"es","@id":"https://www.gruppoliturgico.com/es/#/schema/logo/image/","url":"https://www.gruppoliturgico.com/wp-content/uploads/2022/02/logo-laboratoriogruppoliturgico.png","contentUrl":"https://www.gruppoliturgico.com/wp-content/uploads/2022/02/logo-laboratoriogruppoliturgico.png","width":400,"height":114,"caption":"Laboratorio Gruppo Liturgico"},"image":{"@id":"https://www.gruppoliturgico.com/es/#/schema/logo/image/"}}]}</script>
<!-- / Yoast SEO plugin. -->

Cáliz - colección calices y Laboratorio Gruppo Liturgico

Cáliz de latón dorado. Diseño elegante con motivos "Uva y Trigo" en relieve en la base y banda grabada a mano en la copa. Altura 22,5 cm Copa Ø 11,8 cm
