{"id":66276,"date":"2022-05-20T01:37:26","date_gmt":"2022-05-19T23:37:35","guid":{"rendered":"https:\/\/www.gruppoliturgico.com\/prodotto\/porta-cirio-pasqual-4\/"},"modified":"2022-10-21T16:10:12","modified_gmt":"2022-10-21T14:10:12","slug":"porta-cirio-pasqual-4","status":"publish","type":"product","link":"https:\/\/www.gruppoliturgico.com\/es\/producto\/porta-cirio-pasqual-4\/","title":{"rendered":"porta cirio pasqual"},"content":{"rendered":"<html><body><p>Porta cirio pasqual en madera maciza pintada recordando el m\u00e1rmol.<br>\nFrisos ornamentales en hoja de oro.<br>\nLa gradaci\u00f3n crom\u00e1tica de la pintura se puede realizar con colores bajo pedid<br>\nPuede alojar un cirio de 8 cm de di\u00e1metro.<br>\nEl precio no incluye el cirio<br>\nAltura cm 36 <\/p>\n<\/body><\/html>","protected":false},"excerpt":{"rendered":"<p>Porta cirio pasqual en madera maciza pintada recordando el m\u00e1rmol.<br \/>\nFrisos ornamentales en hoja de oro.<br \/>\nLa gradaci\u00f3n crom\u00e1tica de la pintura se puede realizar con colores bajo pedid<br \/>\nPuede alojar un cirio de 8 cm de di\u00e1metro.<br \/>\nEl precio no incluye el cirio<br \/>\nAltura cm 36 <\/p>\n","protected":false},"featured_media":131485,"template":"","meta":[],"product_cat":[12163,11735],"product_tag":[],"yoast_head":"<!-- This site is optimized with the Yoast SEO plugin v20.4 - https:\/\/yoast.com\/wordpress\/plugins\/seo\/ -->\n<title>porta cirio pasqual - Art 1865, porta cirios pascual y Laboratorio Gruppo Liturgico<\/title>\n<meta name=\"description\" content=\"Porta cirio pasqual en madera maciza pintada recordando el m\u00e1rmol.  Frisos ornamentales en hoja de oro. La gradaci\u00f3n crom\u00e1tica de la pintura se puede realizar con colores bajo pedid Puede alojar un cirio de 8 cm de di\u00e1metro. El precio no incluye el cirio Altura cm 36\" \/>\n<meta name=\"robots\" content=\"index, follow, max-snippet:-1, max-image-preview:large, max-video-preview:-1\" \/>\n<link rel=\"canonical\" href=\"https:\/\/www.gruppoliturgico.com\/es\/producto\/porta-cirio-pasqual-4\/\" \/>\n<meta property=\"og:locale\" content=\"es_ES\" \/>\n<meta property=\"og:type\" content=\"article\" \/>\n<meta property=\"og:title\" content=\"porta cirio pasqual - Art 1865, porta cirios pascual y Laboratorio Gruppo Liturgico\" \/>\n<meta property=\"og:description\" content=\"Porta cirio pasqual en madera maciza pintada recordando el m\u00e1rmol.  Frisos ornamentales en hoja de oro. La gradaci\u00f3n crom\u00e1tica de la pintura se puede realizar con colores bajo pedid Puede alojar un cirio de 8 cm de di\u00e1metro. El precio no incluye el cirio Altura cm 36\" \/>\n<meta property=\"og:url\" content=\"https:\/\/www.gruppoliturgico.com\/es\/producto\/porta-cirio-pasqual-4\/\" \/>\n<meta property=\"og:site_name\" content=\"Laboratorio Gruppo Liturgico\" \/>\n<meta property=\"article:modified_time\" content=\"2022-10-21T14:10:12+00:00\" \/>\n<meta property=\"og:image\" content=\"https:\/\/www.gruppoliturgico.com\/wp-content\/uploads\/2022\/05\/1870_InPixio.jpg\" \/>\n\t<meta property=\"og:image:width\" content=\"773\" \/>\n\t<meta property=\"og:image:height\" content=\"2000\" \/>\n\t<meta property=\"og:image:type\" content=\"image\/jpeg\" \/>\n<meta name=\"twitter:card\" content=\"summary_large_image\" \/>\n<script type=\"application\/ld+json\" class=\"yoast-schema-graph\">{\"@context\":\"https:\/\/schema.org\",\"@graph\":[{\"@type\":\"WebPage\",\"@id\":\"https:\/\/www.gruppoliturgico.com\/es\/producto\/porta-cirio-pasqual-4\/\",\"url\":\"https:\/\/www.gruppoliturgico.com\/es\/producto\/porta-cirio-pasqual-4\/\",\"name\":\"porta cirio pasqual - Art 1865, porta cirios pascual y Laboratorio Gruppo Liturgico\",\"isPartOf\":{\"@id\":\"https:\/\/www.gruppoliturgico.com\/es\/#website\"},\"datePublished\":\"2022-05-19T23:37:35+00:00\",\"dateModified\":\"2022-10-21T14:10:12+00:00\",\"description\":\"Porta cirio pasqual en madera maciza pintada recordando el m\u00e1rmol. Frisos ornamentales en hoja de oro. La gradaci\u00f3n crom\u00e1tica de la pintura se puede realizar con colores bajo pedid Puede alojar un cirio de 8 cm de di\u00e1metro. El precio no incluye el cirio Altura cm 36\",\"breadcrumb\":{\"@id\":\"https:\/\/www.gruppoliturgico.com\/es\/producto\/porta-cirio-pasqual-4\/#breadcrumb\"},\"inLanguage\":\"es\",\"potentialAction\":[{\"@type\":\"ReadAction\",\"target\":[\"https:\/\/www.gruppoliturgico.com\/es\/producto\/porta-cirio-pasqual-4\/\"]}]},{\"@type\":\"BreadcrumbList\",\"@id\":\"https:\/\/www.gruppoliturgico.com\/es\/producto\/porta-cirio-pasqual-4\/#breadcrumb\",\"itemListElement\":[{\"@type\":\"ListItem\",\"position\":1,\"name\":\"Home\",\"item\":\"https:\/\/www.gruppoliturgico.com\/es\/\"},{\"@type\":\"ListItem\",\"position\":2,\"name\":\"Tienda\",\"item\":\"https:\/\/www.gruppoliturgico.com\/es\/tienda\/\"},{\"@type\":\"ListItem\",\"position\":3,\"name\":\"porta cirio pasqual\"}]},{\"@type\":\"WebSite\",\"@id\":\"https:\/\/www.gruppoliturgico.com\/es\/#website\",\"url\":\"https:\/\/www.gruppoliturgico.com\/es\/\",\"name\":\"Laboratorio Gruppo Liturgico\",\"description\":\"Articoli Religiosi online\",\"publisher\":{\"@id\":\"https:\/\/www.gruppoliturgico.com\/es\/#organization\"},\"potentialAction\":[{\"@type\":\"SearchAction\",\"target\":{\"@type\":\"EntryPoint\",\"urlTemplate\":\"https:\/\/www.gruppoliturgico.com\/es\/?s={search_term_string}\"},\"query-input\":\"required name=search_term_string\"}],\"inLanguage\":\"es\"},{\"@type\":\"Organization\",\"@id\":\"https:\/\/www.gruppoliturgico.com\/es\/#organization\",\"name\":\"Laboratorio Gruppo Liturgico\",\"url\":\"https:\/\/www.gruppoliturgico.com\/es\/\",\"logo\":{\"@type\":\"ImageObject\",\"inLanguage\":\"es\",\"@id\":\"https:\/\/www.gruppoliturgico.com\/es\/#\/schema\/logo\/image\/\",\"url\":\"https:\/\/www.gruppoliturgico.com\/wp-content\/uploads\/2022\/02\/logo-laboratoriogruppoliturgico.png\",\"contentUrl\":\"https:\/\/www.gruppoliturgico.com\/wp-content\/uploads\/2022\/02\/logo-laboratoriogruppoliturgico.png\",\"width\":400,\"height\":114,\"caption\":\"Laboratorio Gruppo Liturgico\"},\"image\":{\"@id\":\"https:\/\/www.gruppoliturgico.com\/es\/#\/schema\/logo\/image\/\"}}]}<\/script>\n<!-- \/ Yoast SEO plugin. -->","yoast_head_json":{"title":"porta cirio pasqual - Art 1865, porta cirios pascual y Laboratorio Gruppo Liturgico","description":"Porta cirio pasqual en madera maciza pintada recordando el m\u00e1rmol.  Frisos ornamentales en hoja de oro. La gradaci\u00f3n crom\u00e1tica de la pintura se puede realizar con colores bajo pedid Puede alojar un cirio de 8 cm de di\u00e1metro. El precio no incluye el cirio Altura cm 36","robots":{"index":"index","follow":"follow","max-snippet":"max-snippet:-1","max-image-preview":"max-image-preview:large","max-video-preview":"max-video-preview:-1"},"canonical":"https:\/\/www.gruppoliturgico.com\/es\/producto\/porta-cirio-pasqual-4\/","og_locale":"es_ES","og_type":"article","og_title":"porta cirio pasqual - Art 1865, porta cirios pascual y Laboratorio Gruppo Liturgico","og_description":"Porta cirio pasqual en madera maciza pintada recordando el m\u00e1rmol.  Frisos ornamentales en hoja de oro. La gradaci\u00f3n crom\u00e1tica de la pintura se puede realizar con colores bajo pedid Puede alojar un cirio de 8 cm de di\u00e1metro. El precio no incluye el cirio Altura cm 36","og_url":"https:\/\/www.gruppoliturgico.com\/es\/producto\/porta-cirio-pasqual-4\/","og_site_name":"Laboratorio Gruppo Liturgico","article_modified_time":"2022-10-21T14:10:12+00:00","og_image":[{"width":773,"height":2000,"url":"https:\/\/www.gruppoliturgico.com\/wp-content\/uploads\/2022\/05\/1870_InPixio.jpg","type":"image\/jpeg"}],"twitter_card":"summary_large_image","schema":{"@context":"https:\/\/schema.org","@graph":[{"@type":"WebPage","@id":"https:\/\/www.gruppoliturgico.com\/es\/producto\/porta-cirio-pasqual-4\/","url":"https:\/\/www.gruppoliturgico.com\/es\/producto\/porta-cirio-pasqual-4\/","name":"porta cirio pasqual - Art 1865, porta cirios pascual y Laboratorio Gruppo Liturgico","isPartOf":{"@id":"https:\/\/www.gruppoliturgico.com\/es\/#website"},"datePublished":"2022-05-19T23:37:35+00:00","dateModified":"2022-10-21T14:10:12+00:00","description":"Porta cirio pasqual en madera maciza pintada recordando el m\u00e1rmol. Frisos ornamentales en hoja de oro. La gradaci\u00f3n crom\u00e1tica de la pintura se puede realizar con colores bajo pedid Puede alojar un cirio de 8 cm de di\u00e1metro. El precio no incluye el cirio Altura cm 36","breadcrumb":{"@id":"https:\/\/www.gruppoliturgico.com\/es\/producto\/porta-cirio-pasqual-4\/#breadcrumb"},"inLanguage":"es","potentialAction":[{"@type":"ReadAction","target":["https:\/\/www.gruppoliturgico.com\/es\/producto\/porta-cirio-pasqual-4\/"]}]},{"@type":"BreadcrumbList","@id":"https:\/\/www.gruppoliturgico.com\/es\/producto\/porta-cirio-pasqual-4\/#breadcrumb","itemListElement":[{"@type":"ListItem","position":1,"name":"Home","item":"https:\/\/www.gruppoliturgico.com\/es\/"},{"@type":"ListItem","position":2,"name":"Tienda","item":"https:\/\/www.gruppoliturgico.com\/es\/tienda\/"},{"@type":"ListItem","position":3,"name":"porta cirio pasqual"}]},{"@type":"WebSite","@id":"https:\/\/www.gruppoliturgico.com\/es\/#website","url":"https:\/\/www.gruppoliturgico.com\/es\/","name":"Laboratorio Gruppo Liturgico","description":"Articoli Religiosi online","publisher":{"@id":"https:\/\/www.gruppoliturgico.com\/es\/#organization"},"potentialAction":[{"@type":"SearchAction","target":{"@type":"EntryPoint","urlTemplate":"https:\/\/www.gruppoliturgico.com\/es\/?s={search_term_string}"},"query-input":"required name=search_term_string"}],"inLanguage":"es"},{"@type":"Organization","@id":"https:\/\/www.gruppoliturgico.com\/es\/#organization","name":"Laboratorio Gruppo Liturgico","url":"https:\/\/www.gruppoliturgico.com\/es\/","logo":{"@type":"ImageObject","inLanguage":"es","@id":"https:\/\/www.gruppoliturgico.com\/es\/#\/schema\/logo\/image\/","url":"https:\/\/www.gruppoliturgico.com\/wp-content\/uploads\/2022\/02\/logo-laboratoriogruppoliturgico.png","contentUrl":"https:\/\/www.gruppoliturgico.com\/wp-content\/uploads\/2022\/02\/logo-laboratoriogruppoliturgico.png","width":400,"height":114,"caption":"Laboratorio Gruppo Liturgico"},"image":{"@id":"https:\/\/www.gruppoliturgico.com\/es\/#\/schema\/logo\/image\/"}}]}},"_links":{"self":[{"href":"https:\/\/www.gruppoliturgico.com\/es\/wp-json\/wp\/v2\/product\/66276"}],"collection":[{"href":"https:\/\/www.gruppoliturgico.com\/es\/wp-json\/wp\/v2\/product"}],"about":[{"href":"https:\/\/www.gruppoliturgico.com\/es\/wp-json\/wp\/v2\/types\/product"}],"wp:featuredmedia":[{"embeddable":true,"href":"https:\/\/www.gruppoliturgico.com\/es\/wp-json\/wp\/v2\/media\/131485"}],"wp:attachment":[{"href":"https:\/\/www.gruppoliturgico.com\/es\/wp-json\/wp\/v2\/media?parent=66276"}],"wp:term":[{"taxonomy":"product_cat","embeddable":true,"href":"https:\/\/www.gruppoliturgico.com\/es\/wp-json\/wp\/v2\/product_cat?post=66276"},{"taxonomy":"product_tag","embeddable":true,"href":"https:\/\/www.gruppoliturgico.com\/es\/wp-json\/wp\/v2\/product_tag?post=66276"}],"curies":[{"name":"wp","href":"https:\/\/api.w.org\/{rel}","templated":true}]}}

<html><body><p>Porta cirio pasqual en madera maciza pintada recordando el mármol.<br>
Frisos ornamentales en hoja de oro.<br>
La gradación cromática de la pintura se puede realizar con colores bajo pedid<br>
Puede alojar un cirio de 8 cm de diámetro.<br>
El precio no incluye el cirio<br>
Altura cm 36 </p>
</body></html>

<p>Porta cirio pasqual en madera maciza pintada recordando el mármol.<br />
Frisos ornamentales en hoja de oro.<br />
La gradación cromática de la pintura se puede realizar con colores bajo pedid<br />
Puede alojar un cirio de 8 cm de diámetro.<br />
El precio no incluye el cirio<br />
Altura cm 36 </p>

<!-- This site is optimized with the Yoast SEO plugin v20.4 - https://yoast.com/wordpress/plugins/seo/ -->
<title>porta cirio pasqual - Art 1865, porta cirios pascual y Laboratorio Gruppo Liturgico</title>
<meta name="description" content="Porta cirio pasqual en madera maciza pintada recordando el mármol.  Frisos ornamentales en hoja de oro. La gradación cromática de la pintura se puede realizar con colores bajo pedid Puede alojar un cirio de 8 cm de diámetro. El precio no incluye el cirio Altura cm 36" />
<meta name="robots" content="index, follow, max-snippet:-1, max-image-preview:large, max-video-preview:-1" />
<link rel="canonical" href="https://www.gruppoliturgico.com/es/producto/porta-cirio-pasqual-4/" />
<meta property="og:locale" content="es_ES" />
<meta property="og:type" content="article" />
<meta property="og:title" content="porta cirio pasqual - Art 1865, porta cirios pascual y Laboratorio Gruppo Liturgico" />
<meta property="og:description" content="Porta cirio pasqual en madera maciza pintada recordando el mármol.  Frisos ornamentales en hoja de oro. La gradación cromática de la pintura se puede realizar con colores bajo pedid Puede alojar un cirio de 8 cm de diámetro. El precio no incluye el cirio Altura cm 36" />
<meta property="og:url" content="https://www.gruppoliturgico.com/es/producto/porta-cirio-pasqual-4/" />
<meta property="og:site_name" content="Laboratorio Gruppo Liturgico" />
<meta property="article:modified_time" content="2022-10-21T14:10:12+00:00" />
<meta property="og:image" content="https://www.gruppoliturgico.com/wp-content/uploads/2022/05/1870_InPixio.jpg" />
	<meta property="og:image:width" content="773" />
	<meta property="og:image:height" content="2000" />
	<meta property="og:image:type" content="image/jpeg" />
<meta name="twitter:card" content="summary_large_image" />
<script type="application/ld+json" class="yoast-schema-graph">{"@context":"https://schema.org","@graph":[{"@type":"WebPage","@id":"https://www.gruppoliturgico.com/es/producto/porta-cirio-pasqual-4/","url":"https://www.gruppoliturgico.com/es/producto/porta-cirio-pasqual-4/","name":"porta cirio pasqual - Art 1865, porta cirios pascual y Laboratorio Gruppo Liturgico","isPartOf":{"@id":"https://www.gruppoliturgico.com/es/#website"},"datePublished":"2022-05-19T23:37:35+00:00","dateModified":"2022-10-21T14:10:12+00:00","description":"Porta cirio pasqual en madera maciza pintada recordando el mármol. Frisos ornamentales en hoja de oro. La gradación cromática de la pintura se puede realizar con colores bajo pedid Puede alojar un cirio de 8 cm de diámetro. El precio no incluye el cirio Altura cm 36","breadcrumb":{"@id":"https://www.gruppoliturgico.com/es/producto/porta-cirio-pasqual-4/#breadcrumb"},"inLanguage":"es","potentialAction":[{"@type":"ReadAction","target":["https://www.gruppoliturgico.com/es/producto/porta-cirio-pasqual-4/"]}]},{"@type":"BreadcrumbList","@id":"https://www.gruppoliturgico.com/es/producto/porta-cirio-pasqual-4/#breadcrumb","itemListElement":[{"@type":"ListItem","position":1,"name":"Home","item":"https://www.gruppoliturgico.com/es/"},{"@type":"ListItem","position":2,"name":"Tienda","item":"https://www.gruppoliturgico.com/es/tienda/"},{"@type":"ListItem","position":3,"name":"porta cirio pasqual"}]},{"@type":"WebSite","@id":"https://www.gruppoliturgico.com/es/#website","url":"https://www.gruppoliturgico.com/es/","name":"Laboratorio Gruppo Liturgico","description":"Articoli Religiosi online","publisher":{"@id":"https://www.gruppoliturgico.com/es/#organization"},"potentialAction":[{"@type":"SearchAction","target":{"@type":"EntryPoint","urlTemplate":"https://www.gruppoliturgico.com/es/?s={search_term_string}"},"query-input":"required name=search_term_string"}],"inLanguage":"es"},{"@type":"Organization","@id":"https://www.gruppoliturgico.com/es/#organization","name":"Laboratorio Gruppo Liturgico","url":"https://www.gruppoliturgico.com/es/","logo":{"@type":"ImageObject","inLanguage":"es","@id":"https://www.gruppoliturgico.com/es/#/schema/logo/image/","url":"https://www.gruppoliturgico.com/wp-content/uploads/2022/02/logo-laboratoriogruppoliturgico.png","contentUrl":"https://www.gruppoliturgico.com/wp-content/uploads/2022/02/logo-laboratoriogruppoliturgico.png","width":400,"height":114,"caption":"Laboratorio Gruppo Liturgico"},"image":{"@id":"https://www.gruppoliturgico.com/es/#/schema/logo/image/"}}]}</script>
<!-- / Yoast SEO plugin. -->

Porta cirio pasqual en madera maciza pintada recordando el mármol.  Frisos ornamentales en hoja de oro. La gradación cromática de la pintura se puede realizar con colores bajo pedid Puede alojar un cirio de 8 cm de diámetro. El precio no incluye el cirio Altura cm 36

Porta cirio pasqual en madera maciza pintada recordando el mármol. Frisos ornamentales en hoja de oro. La gradación cromática de la pintura se puede realizar con colores bajo pedid Puede alojar un cirio de 8 cm de diámetro. El precio no incluye el cirio Altura cm 36
