{"id":65712,"date":"2022-05-20T01:09:47","date_gmt":"2022-05-19T23:09:56","guid":{"rendered":"https:\/\/www.gruppoliturgico.com\/prodotto\/la-virgen-y-san-jose-3\/"},"modified":"2022-11-06T09:44:12","modified_gmt":"2022-11-06T08:44:12","slug":"la-virgen-y-san-jose-3","status":"publish","type":"product","link":"https:\/\/www.gruppoliturgico.com\/es\/producto\/la-virgen-y-san-jose-3\/","title":{"rendered":"La Virgen y San Jos\u00e9"},"content":{"rendered":"<html><body><p>Las estatuas de Mar\u00eda y San Jos\u00e9 en fibra de vidrio con ojos de cristal.<br>\nLas decoraciones est\u00e1n hechas a mano con colores indelebles tambi\u00e9n aptas para colocar en exteriore<br>\nDimensiones<br>\nSan Jos\u00e9 altura cm 100<br>\nVirgen (de rodillas) altura cm 70.<br>\nLa estatua de Virgin (de rodillas) cm 70.<br>\nEl precio es relativo a 2 estatuas.<\/p>\n<\/body><\/html>","protected":false},"excerpt":{"rendered":"<p>Las estatuas de Mar\u00eda y San Jos\u00e9 en fibra de vidrio con ojos de cristal.<br \/>\nLas decoraciones est\u00e1n hechas a mano con colores indelebles tambi\u00e9n aptas para colocar en exteriore<br \/>\nDimensiones<br \/>\nSan Jos\u00e9 altura cm 100<br \/>\nVirgen (de rodillas) altura cm 70.<br \/>\nLa estatua de Virgin (de rodillas) cm 70.<br \/>\nEl precio es relativo a 2 estatuas.<\/p>\n","protected":false},"featured_media":135110,"template":"","meta":[],"product_cat":[12347],"product_tag":[],"yoast_head":"<!-- This site is optimized with the Yoast SEO plugin v20.4 - https:\/\/yoast.com\/wordpress\/plugins\/seo\/ -->\n<title>La Virgen y San Jos\u00e9 - nacimiento cm 100 y Laboratorio Gruppo Liturgico<\/title>\n<meta name=\"description\" content=\"Las estatuas de Mar\u00eda y San Jos\u00e9 en fibra de vidrio con ojos de cristal. Las decoraciones est\u00e1n hechas a mano con colores indelebles tambi\u00e9n aptas para colocar en exteriore Dimensiones San Jos\u00e9 altura cm 100 Virgen (de rodillas) altura cm 70. La estatua de Virgin (de rodillas) cm 70. El precio es relativo a 2 estatuas.\" \/>\n<meta name=\"robots\" content=\"index, follow, max-snippet:-1, max-image-preview:large, max-video-preview:-1\" \/>\n<link rel=\"canonical\" href=\"https:\/\/www.gruppoliturgico.com\/es\/producto\/la-virgen-y-san-jose-3\/\" \/>\n<meta property=\"og:locale\" content=\"es_ES\" \/>\n<meta property=\"og:type\" content=\"article\" \/>\n<meta property=\"og:title\" content=\"La Virgen y San Jos\u00e9 - nacimiento cm 100 y Laboratorio Gruppo Liturgico\" \/>\n<meta property=\"og:description\" content=\"Las estatuas de Mar\u00eda y San Jos\u00e9 en fibra de vidrio con ojos de cristal. Las decoraciones est\u00e1n hechas a mano con colores indelebles tambi\u00e9n aptas para colocar en exteriore Dimensiones San Jos\u00e9 altura cm 100 Virgen (de rodillas) altura cm 70. La estatua de Virgin (de rodillas) cm 70. El precio es relativo a 2 estatuas.\" \/>\n<meta property=\"og:url\" content=\"https:\/\/www.gruppoliturgico.com\/es\/producto\/la-virgen-y-san-jose-3\/\" \/>\n<meta property=\"og:site_name\" content=\"Laboratorio Gruppo Liturgico\" \/>\n<meta property=\"article:modified_time\" content=\"2022-11-06T08:44:12+00:00\" \/>\n<meta property=\"og:image\" content=\"https:\/\/www.gruppoliturgico.com\/wp-content\/uploads\/2022\/05\/1700_0.jpg\" \/>\n\t<meta property=\"og:image:width\" content=\"1390\" \/>\n\t<meta property=\"og:image:height\" content=\"1500\" \/>\n\t<meta property=\"og:image:type\" content=\"image\/jpeg\" \/>\n<meta name=\"twitter:card\" content=\"summary_large_image\" \/>\n<script type=\"application\/ld+json\" class=\"yoast-schema-graph\">{\"@context\":\"https:\/\/schema.org\",\"@graph\":[{\"@type\":\"WebPage\",\"@id\":\"https:\/\/www.gruppoliturgico.com\/es\/producto\/la-virgen-y-san-jose-3\/\",\"url\":\"https:\/\/www.gruppoliturgico.com\/es\/producto\/la-virgen-y-san-jose-3\/\",\"name\":\"La Virgen y San Jos\u00e9 - nacimiento cm 100 y Laboratorio Gruppo Liturgico\",\"isPartOf\":{\"@id\":\"https:\/\/www.gruppoliturgico.com\/es\/#website\"},\"datePublished\":\"2022-05-19T23:09:56+00:00\",\"dateModified\":\"2022-11-06T08:44:12+00:00\",\"description\":\"Las estatuas de Mar\u00eda y San Jos\u00e9 en fibra de vidrio con ojos de cristal. Las decoraciones est\u00e1n hechas a mano con colores indelebles tambi\u00e9n aptas para colocar en exteriore Dimensiones San Jos\u00e9 altura cm 100 Virgen (de rodillas) altura cm 70. La estatua de Virgin (de rodillas) cm 70. El precio es relativo a 2 estatuas.\",\"breadcrumb\":{\"@id\":\"https:\/\/www.gruppoliturgico.com\/es\/producto\/la-virgen-y-san-jose-3\/#breadcrumb\"},\"inLanguage\":\"es\",\"potentialAction\":[{\"@type\":\"ReadAction\",\"target\":[\"https:\/\/www.gruppoliturgico.com\/es\/producto\/la-virgen-y-san-jose-3\/\"]}]},{\"@type\":\"BreadcrumbList\",\"@id\":\"https:\/\/www.gruppoliturgico.com\/es\/producto\/la-virgen-y-san-jose-3\/#breadcrumb\",\"itemListElement\":[{\"@type\":\"ListItem\",\"position\":1,\"name\":\"Home\",\"item\":\"https:\/\/www.gruppoliturgico.com\/es\/\"},{\"@type\":\"ListItem\",\"position\":2,\"name\":\"Tienda\",\"item\":\"https:\/\/www.gruppoliturgico.com\/es\/tienda\/\"},{\"@type\":\"ListItem\",\"position\":3,\"name\":\"La Virgen y San Jos\u00e9\"}]},{\"@type\":\"WebSite\",\"@id\":\"https:\/\/www.gruppoliturgico.com\/es\/#website\",\"url\":\"https:\/\/www.gruppoliturgico.com\/es\/\",\"name\":\"Laboratorio Gruppo Liturgico\",\"description\":\"Articoli Religiosi online\",\"publisher\":{\"@id\":\"https:\/\/www.gruppoliturgico.com\/es\/#organization\"},\"potentialAction\":[{\"@type\":\"SearchAction\",\"target\":{\"@type\":\"EntryPoint\",\"urlTemplate\":\"https:\/\/www.gruppoliturgico.com\/es\/?s={search_term_string}\"},\"query-input\":\"required name=search_term_string\"}],\"inLanguage\":\"es\"},{\"@type\":\"Organization\",\"@id\":\"https:\/\/www.gruppoliturgico.com\/es\/#organization\",\"name\":\"Laboratorio Gruppo Liturgico\",\"url\":\"https:\/\/www.gruppoliturgico.com\/es\/\",\"logo\":{\"@type\":\"ImageObject\",\"inLanguage\":\"es\",\"@id\":\"https:\/\/www.gruppoliturgico.com\/es\/#\/schema\/logo\/image\/\",\"url\":\"https:\/\/www.gruppoliturgico.com\/wp-content\/uploads\/2022\/02\/logo-laboratoriogruppoliturgico.png\",\"contentUrl\":\"https:\/\/www.gruppoliturgico.com\/wp-content\/uploads\/2022\/02\/logo-laboratoriogruppoliturgico.png\",\"width\":400,\"height\":114,\"caption\":\"Laboratorio Gruppo Liturgico\"},\"image\":{\"@id\":\"https:\/\/www.gruppoliturgico.com\/es\/#\/schema\/logo\/image\/\"}}]}<\/script>\n<!-- \/ Yoast SEO plugin. -->","yoast_head_json":{"title":"La Virgen y San Jos\u00e9 - nacimiento cm 100 y Laboratorio Gruppo Liturgico","description":"Las estatuas de Mar\u00eda y San Jos\u00e9 en fibra de vidrio con ojos de cristal. Las decoraciones est\u00e1n hechas a mano con colores indelebles tambi\u00e9n aptas para colocar en exteriore Dimensiones San Jos\u00e9 altura cm 100 Virgen (de rodillas) altura cm 70. La estatua de Virgin (de rodillas) cm 70. El precio es relativo a 2 estatuas.","robots":{"index":"index","follow":"follow","max-snippet":"max-snippet:-1","max-image-preview":"max-image-preview:large","max-video-preview":"max-video-preview:-1"},"canonical":"https:\/\/www.gruppoliturgico.com\/es\/producto\/la-virgen-y-san-jose-3\/","og_locale":"es_ES","og_type":"article","og_title":"La Virgen y San Jos\u00e9 - nacimiento cm 100 y Laboratorio Gruppo Liturgico","og_description":"Las estatuas de Mar\u00eda y San Jos\u00e9 en fibra de vidrio con ojos de cristal. Las decoraciones est\u00e1n hechas a mano con colores indelebles tambi\u00e9n aptas para colocar en exteriore Dimensiones San Jos\u00e9 altura cm 100 Virgen (de rodillas) altura cm 70. La estatua de Virgin (de rodillas) cm 70. El precio es relativo a 2 estatuas.","og_url":"https:\/\/www.gruppoliturgico.com\/es\/producto\/la-virgen-y-san-jose-3\/","og_site_name":"Laboratorio Gruppo Liturgico","article_modified_time":"2022-11-06T08:44:12+00:00","og_image":[{"width":1390,"height":1500,"url":"https:\/\/www.gruppoliturgico.com\/wp-content\/uploads\/2022\/05\/1700_0.jpg","type":"image\/jpeg"}],"twitter_card":"summary_large_image","schema":{"@context":"https:\/\/schema.org","@graph":[{"@type":"WebPage","@id":"https:\/\/www.gruppoliturgico.com\/es\/producto\/la-virgen-y-san-jose-3\/","url":"https:\/\/www.gruppoliturgico.com\/es\/producto\/la-virgen-y-san-jose-3\/","name":"La Virgen y San Jos\u00e9 - nacimiento cm 100 y Laboratorio Gruppo Liturgico","isPartOf":{"@id":"https:\/\/www.gruppoliturgico.com\/es\/#website"},"datePublished":"2022-05-19T23:09:56+00:00","dateModified":"2022-11-06T08:44:12+00:00","description":"Las estatuas de Mar\u00eda y San Jos\u00e9 en fibra de vidrio con ojos de cristal. Las decoraciones est\u00e1n hechas a mano con colores indelebles tambi\u00e9n aptas para colocar en exteriore Dimensiones San Jos\u00e9 altura cm 100 Virgen (de rodillas) altura cm 70. La estatua de Virgin (de rodillas) cm 70. El precio es relativo a 2 estatuas.","breadcrumb":{"@id":"https:\/\/www.gruppoliturgico.com\/es\/producto\/la-virgen-y-san-jose-3\/#breadcrumb"},"inLanguage":"es","potentialAction":[{"@type":"ReadAction","target":["https:\/\/www.gruppoliturgico.com\/es\/producto\/la-virgen-y-san-jose-3\/"]}]},{"@type":"BreadcrumbList","@id":"https:\/\/www.gruppoliturgico.com\/es\/producto\/la-virgen-y-san-jose-3\/#breadcrumb","itemListElement":[{"@type":"ListItem","position":1,"name":"Home","item":"https:\/\/www.gruppoliturgico.com\/es\/"},{"@type":"ListItem","position":2,"name":"Tienda","item":"https:\/\/www.gruppoliturgico.com\/es\/tienda\/"},{"@type":"ListItem","position":3,"name":"La Virgen y San Jos\u00e9"}]},{"@type":"WebSite","@id":"https:\/\/www.gruppoliturgico.com\/es\/#website","url":"https:\/\/www.gruppoliturgico.com\/es\/","name":"Laboratorio Gruppo Liturgico","description":"Articoli Religiosi online","publisher":{"@id":"https:\/\/www.gruppoliturgico.com\/es\/#organization"},"potentialAction":[{"@type":"SearchAction","target":{"@type":"EntryPoint","urlTemplate":"https:\/\/www.gruppoliturgico.com\/es\/?s={search_term_string}"},"query-input":"required name=search_term_string"}],"inLanguage":"es"},{"@type":"Organization","@id":"https:\/\/www.gruppoliturgico.com\/es\/#organization","name":"Laboratorio Gruppo Liturgico","url":"https:\/\/www.gruppoliturgico.com\/es\/","logo":{"@type":"ImageObject","inLanguage":"es","@id":"https:\/\/www.gruppoliturgico.com\/es\/#\/schema\/logo\/image\/","url":"https:\/\/www.gruppoliturgico.com\/wp-content\/uploads\/2022\/02\/logo-laboratoriogruppoliturgico.png","contentUrl":"https:\/\/www.gruppoliturgico.com\/wp-content\/uploads\/2022\/02\/logo-laboratoriogruppoliturgico.png","width":400,"height":114,"caption":"Laboratorio Gruppo Liturgico"},"image":{"@id":"https:\/\/www.gruppoliturgico.com\/es\/#\/schema\/logo\/image\/"}}]}},"_links":{"self":[{"href":"https:\/\/www.gruppoliturgico.com\/es\/wp-json\/wp\/v2\/product\/65712"}],"collection":[{"href":"https:\/\/www.gruppoliturgico.com\/es\/wp-json\/wp\/v2\/product"}],"about":[{"href":"https:\/\/www.gruppoliturgico.com\/es\/wp-json\/wp\/v2\/types\/product"}],"wp:featuredmedia":[{"embeddable":true,"href":"https:\/\/www.gruppoliturgico.com\/es\/wp-json\/wp\/v2\/media\/135110"}],"wp:attachment":[{"href":"https:\/\/www.gruppoliturgico.com\/es\/wp-json\/wp\/v2\/media?parent=65712"}],"wp:term":[{"taxonomy":"product_cat","embeddable":true,"href":"https:\/\/www.gruppoliturgico.com\/es\/wp-json\/wp\/v2\/product_cat?post=65712"},{"taxonomy":"product_tag","embeddable":true,"href":"https:\/\/www.gruppoliturgico.com\/es\/wp-json\/wp\/v2\/product_tag?post=65712"}],"curies":[{"name":"wp","href":"https:\/\/api.w.org\/{rel}","templated":true}]}}

La Virgen y San José

<html><body><p>Las estatuas de María y San José en fibra de vidrio con ojos de cristal.<br>
Las decoraciones están hechas a mano con colores indelebles también aptas para colocar en exteriore<br>
Dimensiones<br>
San José altura cm 100<br>
Virgen (de rodillas) altura cm 70.<br>
La estatua de Virgin (de rodillas) cm 70.<br>
El precio es relativo a 2 estatuas.</p>
</body></html>

<p>Las estatuas de María y San José en fibra de vidrio con ojos de cristal.<br />
Las decoraciones están hechas a mano con colores indelebles también aptas para colocar en exteriore<br />
Dimensiones<br />
San José altura cm 100<br />
Virgen (de rodillas) altura cm 70.<br />
La estatua de Virgin (de rodillas) cm 70.<br />
El precio es relativo a 2 estatuas.</p>

<!-- This site is optimized with the Yoast SEO plugin v20.4 - https://yoast.com/wordpress/plugins/seo/ -->
<title>La Virgen y San José - nacimiento cm 100 y Laboratorio Gruppo Liturgico</title>
<meta name="description" content="Las estatuas de María y San José en fibra de vidrio con ojos de cristal. Las decoraciones están hechas a mano con colores indelebles también aptas para colocar en exteriore Dimensiones San José altura cm 100 Virgen (de rodillas) altura cm 70. La estatua de Virgin (de rodillas) cm 70. El precio es relativo a 2 estatuas." />
<meta name="robots" content="index, follow, max-snippet:-1, max-image-preview:large, max-video-preview:-1" />
<link rel="canonical" href="https://www.gruppoliturgico.com/es/producto/la-virgen-y-san-jose-3/" />
<meta property="og:locale" content="es_ES" />
<meta property="og:type" content="article" />
<meta property="og:title" content="La Virgen y San José - nacimiento cm 100 y Laboratorio Gruppo Liturgico" />
<meta property="og:description" content="Las estatuas de María y San José en fibra de vidrio con ojos de cristal. Las decoraciones están hechas a mano con colores indelebles también aptas para colocar en exteriore Dimensiones San José altura cm 100 Virgen (de rodillas) altura cm 70. La estatua de Virgin (de rodillas) cm 70. El precio es relativo a 2 estatuas." />
<meta property="og:url" content="https://www.gruppoliturgico.com/es/producto/la-virgen-y-san-jose-3/" />
<meta property="og:site_name" content="Laboratorio Gruppo Liturgico" />
<meta property="article:modified_time" content="2022-11-06T08:44:12+00:00" />
<meta property="og:image" content="https://www.gruppoliturgico.com/wp-content/uploads/2022/05/1700_0.jpg" />
	<meta property="og:image:width" content="1390" />
	<meta property="og:image:height" content="1500" />
	<meta property="og:image:type" content="image/jpeg" />
<meta name="twitter:card" content="summary_large_image" />
<script type="application/ld+json" class="yoast-schema-graph">{"@context":"https://schema.org","@graph":[{"@type":"WebPage","@id":"https://www.gruppoliturgico.com/es/producto/la-virgen-y-san-jose-3/","url":"https://www.gruppoliturgico.com/es/producto/la-virgen-y-san-jose-3/","name":"La Virgen y San José - nacimiento cm 100 y Laboratorio Gruppo Liturgico","isPartOf":{"@id":"https://www.gruppoliturgico.com/es/#website"},"datePublished":"2022-05-19T23:09:56+00:00","dateModified":"2022-11-06T08:44:12+00:00","description":"Las estatuas de María y San José en fibra de vidrio con ojos de cristal. Las decoraciones están hechas a mano con colores indelebles también aptas para colocar en exteriore Dimensiones San José altura cm 100 Virgen (de rodillas) altura cm 70. La estatua de Virgin (de rodillas) cm 70. El precio es relativo a 2 estatuas.","breadcrumb":{"@id":"https://www.gruppoliturgico.com/es/producto/la-virgen-y-san-jose-3/#breadcrumb"},"inLanguage":"es","potentialAction":[{"@type":"ReadAction","target":["https://www.gruppoliturgico.com/es/producto/la-virgen-y-san-jose-3/"]}]},{"@type":"BreadcrumbList","@id":"https://www.gruppoliturgico.com/es/producto/la-virgen-y-san-jose-3/#breadcrumb","itemListElement":[{"@type":"ListItem","position":1,"name":"Home","item":"https://www.gruppoliturgico.com/es/"},{"@type":"ListItem","position":2,"name":"Tienda","item":"https://www.gruppoliturgico.com/es/tienda/"},{"@type":"ListItem","position":3,"name":"La Virgen y San José"}]},{"@type":"WebSite","@id":"https://www.gruppoliturgico.com/es/#website","url":"https://www.gruppoliturgico.com/es/","name":"Laboratorio Gruppo Liturgico","description":"Articoli Religiosi online","publisher":{"@id":"https://www.gruppoliturgico.com/es/#organization"},"potentialAction":[{"@type":"SearchAction","target":{"@type":"EntryPoint","urlTemplate":"https://www.gruppoliturgico.com/es/?s={search_term_string}"},"query-input":"required name=search_term_string"}],"inLanguage":"es"},{"@type":"Organization","@id":"https://www.gruppoliturgico.com/es/#organization","name":"Laboratorio Gruppo Liturgico","url":"https://www.gruppoliturgico.com/es/","logo":{"@type":"ImageObject","inLanguage":"es","@id":"https://www.gruppoliturgico.com/es/#/schema/logo/image/","url":"https://www.gruppoliturgico.com/wp-content/uploads/2022/02/logo-laboratoriogruppoliturgico.png","contentUrl":"https://www.gruppoliturgico.com/wp-content/uploads/2022/02/logo-laboratoriogruppoliturgico.png","width":400,"height":114,"caption":"Laboratorio Gruppo Liturgico"},"image":{"@id":"https://www.gruppoliturgico.com/es/#/schema/logo/image/"}}]}</script>
<!-- / Yoast SEO plugin. -->

La Virgen y San José - nacimiento cm 100 y Laboratorio Gruppo Liturgico

Las estatuas de María y San José en fibra de vidrio con ojos de cristal. Las decoraciones están hechas a mano con colores indelebles también aptas para colocar en exteriore Dimensiones San José altura cm 100 Virgen (de rodillas) altura cm 70. La estatua de Virgin (de rodillas) cm 70. El precio es relativo a 2 estatuas.
