{"id":65487,"date":"2022-05-20T00:57:06","date_gmt":"2022-05-19T22:57:15","guid":{"rendered":"https:\/\/www.gruppoliturgico.com\/prodotto\/alba-15\/"},"modified":"2022-09-14T15:37:43","modified_gmt":"2022-09-14T13:37:43","slug":"alba-15","status":"publish","type":"product","link":"https:\/\/www.gruppoliturgico.com\/es\/producto\/alba-15\/","title":{"rendered":"alba"},"content":{"rendered":"<html><body><p>Alba en tejido lino mixto.<br>\nEl elegante fest\u00f3n de color avellana, realizado en telar, representa los s\u00edmbolos de la Eucarist\u00eda.<br>\nLa altura del fest\u00f3n es de 17 cm.<\/p>\n<\/body><\/html>","protected":false},"excerpt":{"rendered":"<p>Alba en tejido lino mixto.<br \/>\nEl elegante fest\u00f3n de color avellana, realizado en telar, representa los s\u00edmbolos de la Eucarist\u00eda.<br \/>\nLa altura del fest\u00f3n es de 17 cm.<\/p>\n","protected":false},"featured_media":130086,"template":"","meta":[],"product_cat":[12223],"product_tag":[],"yoast_head":"<!-- This site is optimized with the Yoast SEO plugin v20.4 - https:\/\/yoast.com\/wordpress\/plugins\/seo\/ -->\n<title>alba - albas y Laboratorio Gruppo Liturgico<\/title>\n<meta name=\"description\" content=\"Alba en tejido lino mixto.  El elegante fest\u00f3n de color avellana, realizado en telar, representa los s\u00edmbolos de la Eucarist\u00eda.  La altura del fest\u00f3n es de 17 cm.\" \/>\n<meta name=\"robots\" content=\"index, follow, max-snippet:-1, max-image-preview:large, max-video-preview:-1\" \/>\n<link rel=\"canonical\" href=\"https:\/\/www.gruppoliturgico.com\/es\/producto\/alba-15\/\" \/>\n<meta property=\"og:locale\" content=\"es_ES\" \/>\n<meta property=\"og:type\" content=\"article\" \/>\n<meta property=\"og:title\" content=\"alba - albas y Laboratorio Gruppo Liturgico\" \/>\n<meta property=\"og:description\" content=\"Alba en tejido lino mixto.  El elegante fest\u00f3n de color avellana, realizado en telar, representa los s\u00edmbolos de la Eucarist\u00eda.  La altura del fest\u00f3n es de 17 cm.\" \/>\n<meta property=\"og:url\" content=\"https:\/\/www.gruppoliturgico.com\/es\/producto\/alba-15\/\" \/>\n<meta property=\"og:site_name\" content=\"Laboratorio Gruppo Liturgico\" \/>\n<meta property=\"article:modified_time\" content=\"2022-09-14T13:37:43+00:00\" \/>\n<meta property=\"og:image\" content=\"https:\/\/www.gruppoliturgico.com\/wp-content\/uploads\/2022\/05\/1772.jpg\" \/>\n\t<meta property=\"og:image:width\" content=\"882\" \/>\n\t<meta property=\"og:image:height\" content=\"1500\" \/>\n\t<meta property=\"og:image:type\" content=\"image\/jpeg\" \/>\n<meta name=\"twitter:card\" content=\"summary_large_image\" \/>\n<script type=\"application\/ld+json\" class=\"yoast-schema-graph\">{\"@context\":\"https:\/\/schema.org\",\"@graph\":[{\"@type\":\"WebPage\",\"@id\":\"https:\/\/www.gruppoliturgico.com\/es\/producto\/alba-15\/\",\"url\":\"https:\/\/www.gruppoliturgico.com\/es\/producto\/alba-15\/\",\"name\":\"alba - albas y Laboratorio Gruppo Liturgico\",\"isPartOf\":{\"@id\":\"https:\/\/www.gruppoliturgico.com\/es\/#website\"},\"datePublished\":\"2022-05-19T22:57:15+00:00\",\"dateModified\":\"2022-09-14T13:37:43+00:00\",\"description\":\"Alba en tejido lino mixto. El elegante fest\u00f3n de color avellana, realizado en telar, representa los s\u00edmbolos de la Eucarist\u00eda. La altura del fest\u00f3n es de 17 cm.\",\"breadcrumb\":{\"@id\":\"https:\/\/www.gruppoliturgico.com\/es\/producto\/alba-15\/#breadcrumb\"},\"inLanguage\":\"es\",\"potentialAction\":[{\"@type\":\"ReadAction\",\"target\":[\"https:\/\/www.gruppoliturgico.com\/es\/producto\/alba-15\/\"]}]},{\"@type\":\"BreadcrumbList\",\"@id\":\"https:\/\/www.gruppoliturgico.com\/es\/producto\/alba-15\/#breadcrumb\",\"itemListElement\":[{\"@type\":\"ListItem\",\"position\":1,\"name\":\"Home\",\"item\":\"https:\/\/www.gruppoliturgico.com\/es\/\"},{\"@type\":\"ListItem\",\"position\":2,\"name\":\"Tienda\",\"item\":\"https:\/\/www.gruppoliturgico.com\/es\/tienda\/\"},{\"@type\":\"ListItem\",\"position\":3,\"name\":\"alba\"}]},{\"@type\":\"WebSite\",\"@id\":\"https:\/\/www.gruppoliturgico.com\/es\/#website\",\"url\":\"https:\/\/www.gruppoliturgico.com\/es\/\",\"name\":\"Laboratorio Gruppo Liturgico\",\"description\":\"Articoli Religiosi online\",\"publisher\":{\"@id\":\"https:\/\/www.gruppoliturgico.com\/es\/#organization\"},\"potentialAction\":[{\"@type\":\"SearchAction\",\"target\":{\"@type\":\"EntryPoint\",\"urlTemplate\":\"https:\/\/www.gruppoliturgico.com\/es\/?s={search_term_string}\"},\"query-input\":\"required name=search_term_string\"}],\"inLanguage\":\"es\"},{\"@type\":\"Organization\",\"@id\":\"https:\/\/www.gruppoliturgico.com\/es\/#organization\",\"name\":\"Laboratorio Gruppo Liturgico\",\"url\":\"https:\/\/www.gruppoliturgico.com\/es\/\",\"logo\":{\"@type\":\"ImageObject\",\"inLanguage\":\"es\",\"@id\":\"https:\/\/www.gruppoliturgico.com\/es\/#\/schema\/logo\/image\/\",\"url\":\"https:\/\/www.gruppoliturgico.com\/wp-content\/uploads\/2022\/02\/logo-laboratoriogruppoliturgico.png\",\"contentUrl\":\"https:\/\/www.gruppoliturgico.com\/wp-content\/uploads\/2022\/02\/logo-laboratoriogruppoliturgico.png\",\"width\":400,\"height\":114,\"caption\":\"Laboratorio Gruppo Liturgico\"},\"image\":{\"@id\":\"https:\/\/www.gruppoliturgico.com\/es\/#\/schema\/logo\/image\/\"}}]}<\/script>\n<!-- \/ Yoast SEO plugin. -->","yoast_head_json":{"title":"alba - albas y Laboratorio Gruppo Liturgico","description":"Alba en tejido lino mixto.  El elegante fest\u00f3n de color avellana, realizado en telar, representa los s\u00edmbolos de la Eucarist\u00eda.  La altura del fest\u00f3n es de 17 cm.","robots":{"index":"index","follow":"follow","max-snippet":"max-snippet:-1","max-image-preview":"max-image-preview:large","max-video-preview":"max-video-preview:-1"},"canonical":"https:\/\/www.gruppoliturgico.com\/es\/producto\/alba-15\/","og_locale":"es_ES","og_type":"article","og_title":"alba - albas y Laboratorio Gruppo Liturgico","og_description":"Alba en tejido lino mixto.  El elegante fest\u00f3n de color avellana, realizado en telar, representa los s\u00edmbolos de la Eucarist\u00eda.  La altura del fest\u00f3n es de 17 cm.","og_url":"https:\/\/www.gruppoliturgico.com\/es\/producto\/alba-15\/","og_site_name":"Laboratorio Gruppo Liturgico","article_modified_time":"2022-09-14T13:37:43+00:00","og_image":[{"width":882,"height":1500,"url":"https:\/\/www.gruppoliturgico.com\/wp-content\/uploads\/2022\/05\/1772.jpg","type":"image\/jpeg"}],"twitter_card":"summary_large_image","schema":{"@context":"https:\/\/schema.org","@graph":[{"@type":"WebPage","@id":"https:\/\/www.gruppoliturgico.com\/es\/producto\/alba-15\/","url":"https:\/\/www.gruppoliturgico.com\/es\/producto\/alba-15\/","name":"alba - albas y Laboratorio Gruppo Liturgico","isPartOf":{"@id":"https:\/\/www.gruppoliturgico.com\/es\/#website"},"datePublished":"2022-05-19T22:57:15+00:00","dateModified":"2022-09-14T13:37:43+00:00","description":"Alba en tejido lino mixto. El elegante fest\u00f3n de color avellana, realizado en telar, representa los s\u00edmbolos de la Eucarist\u00eda. La altura del fest\u00f3n es de 17 cm.","breadcrumb":{"@id":"https:\/\/www.gruppoliturgico.com\/es\/producto\/alba-15\/#breadcrumb"},"inLanguage":"es","potentialAction":[{"@type":"ReadAction","target":["https:\/\/www.gruppoliturgico.com\/es\/producto\/alba-15\/"]}]},{"@type":"BreadcrumbList","@id":"https:\/\/www.gruppoliturgico.com\/es\/producto\/alba-15\/#breadcrumb","itemListElement":[{"@type":"ListItem","position":1,"name":"Home","item":"https:\/\/www.gruppoliturgico.com\/es\/"},{"@type":"ListItem","position":2,"name":"Tienda","item":"https:\/\/www.gruppoliturgico.com\/es\/tienda\/"},{"@type":"ListItem","position":3,"name":"alba"}]},{"@type":"WebSite","@id":"https:\/\/www.gruppoliturgico.com\/es\/#website","url":"https:\/\/www.gruppoliturgico.com\/es\/","name":"Laboratorio Gruppo Liturgico","description":"Articoli Religiosi online","publisher":{"@id":"https:\/\/www.gruppoliturgico.com\/es\/#organization"},"potentialAction":[{"@type":"SearchAction","target":{"@type":"EntryPoint","urlTemplate":"https:\/\/www.gruppoliturgico.com\/es\/?s={search_term_string}"},"query-input":"required name=search_term_string"}],"inLanguage":"es"},{"@type":"Organization","@id":"https:\/\/www.gruppoliturgico.com\/es\/#organization","name":"Laboratorio Gruppo Liturgico","url":"https:\/\/www.gruppoliturgico.com\/es\/","logo":{"@type":"ImageObject","inLanguage":"es","@id":"https:\/\/www.gruppoliturgico.com\/es\/#\/schema\/logo\/image\/","url":"https:\/\/www.gruppoliturgico.com\/wp-content\/uploads\/2022\/02\/logo-laboratoriogruppoliturgico.png","contentUrl":"https:\/\/www.gruppoliturgico.com\/wp-content\/uploads\/2022\/02\/logo-laboratoriogruppoliturgico.png","width":400,"height":114,"caption":"Laboratorio Gruppo Liturgico"},"image":{"@id":"https:\/\/www.gruppoliturgico.com\/es\/#\/schema\/logo\/image\/"}}]}},"_links":{"self":[{"href":"https:\/\/www.gruppoliturgico.com\/es\/wp-json\/wp\/v2\/product\/65487"}],"collection":[{"href":"https:\/\/www.gruppoliturgico.com\/es\/wp-json\/wp\/v2\/product"}],"about":[{"href":"https:\/\/www.gruppoliturgico.com\/es\/wp-json\/wp\/v2\/types\/product"}],"wp:featuredmedia":[{"embeddable":true,"href":"https:\/\/www.gruppoliturgico.com\/es\/wp-json\/wp\/v2\/media\/130086"}],"wp:attachment":[{"href":"https:\/\/www.gruppoliturgico.com\/es\/wp-json\/wp\/v2\/media?parent=65487"}],"wp:term":[{"taxonomy":"product_cat","embeddable":true,"href":"https:\/\/www.gruppoliturgico.com\/es\/wp-json\/wp\/v2\/product_cat?post=65487"},{"taxonomy":"product_tag","embeddable":true,"href":"https:\/\/www.gruppoliturgico.com\/es\/wp-json\/wp\/v2\/product_tag?post=65487"}],"curies":[{"name":"wp","href":"https:\/\/api.w.org\/{rel}","templated":true}]}}

<html><body><p>Alba en tejido lino mixto.<br>
El elegante festón de color avellana, realizado en telar, representa los símbolos de la Eucaristía.<br>
La altura del festón es de 17 cm.</p>
</body></html>

<p>Alba en tejido lino mixto.<br />
El elegante festón de color avellana, realizado en telar, representa los símbolos de la Eucaristía.<br />
La altura del festón es de 17 cm.</p>

<!-- This site is optimized with the Yoast SEO plugin v20.4 - https://yoast.com/wordpress/plugins/seo/ -->
<title>alba - albas y Laboratorio Gruppo Liturgico</title>
<meta name="description" content="Alba en tejido lino mixto.  El elegante festón de color avellana, realizado en telar, representa los símbolos de la Eucaristía.  La altura del festón es de 17 cm." />
<meta name="robots" content="index, follow, max-snippet:-1, max-image-preview:large, max-video-preview:-1" />
<link rel="canonical" href="https://www.gruppoliturgico.com/es/producto/alba-15/" />
<meta property="og:locale" content="es_ES" />
<meta property="og:type" content="article" />
<meta property="og:title" content="alba - albas y Laboratorio Gruppo Liturgico" />
<meta property="og:description" content="Alba en tejido lino mixto.  El elegante festón de color avellana, realizado en telar, representa los símbolos de la Eucaristía.  La altura del festón es de 17 cm." />
<meta property="og:url" content="https://www.gruppoliturgico.com/es/producto/alba-15/" />
<meta property="og:site_name" content="Laboratorio Gruppo Liturgico" />
<meta property="article:modified_time" content="2022-09-14T13:37:43+00:00" />
<meta property="og:image" content="https://www.gruppoliturgico.com/wp-content/uploads/2022/05/1772.jpg" />
	<meta property="og:image:width" content="882" />
	<meta property="og:image:height" content="1500" />
	<meta property="og:image:type" content="image/jpeg" />
<meta name="twitter:card" content="summary_large_image" />
<script type="application/ld+json" class="yoast-schema-graph">{"@context":"https://schema.org","@graph":[{"@type":"WebPage","@id":"https://www.gruppoliturgico.com/es/producto/alba-15/","url":"https://www.gruppoliturgico.com/es/producto/alba-15/","name":"alba - albas y Laboratorio Gruppo Liturgico","isPartOf":{"@id":"https://www.gruppoliturgico.com/es/#website"},"datePublished":"2022-05-19T22:57:15+00:00","dateModified":"2022-09-14T13:37:43+00:00","description":"Alba en tejido lino mixto. El elegante festón de color avellana, realizado en telar, representa los símbolos de la Eucaristía. La altura del festón es de 17 cm.","breadcrumb":{"@id":"https://www.gruppoliturgico.com/es/producto/alba-15/#breadcrumb"},"inLanguage":"es","potentialAction":[{"@type":"ReadAction","target":["https://www.gruppoliturgico.com/es/producto/alba-15/"]}]},{"@type":"BreadcrumbList","@id":"https://www.gruppoliturgico.com/es/producto/alba-15/#breadcrumb","itemListElement":[{"@type":"ListItem","position":1,"name":"Home","item":"https://www.gruppoliturgico.com/es/"},{"@type":"ListItem","position":2,"name":"Tienda","item":"https://www.gruppoliturgico.com/es/tienda/"},{"@type":"ListItem","position":3,"name":"alba"}]},{"@type":"WebSite","@id":"https://www.gruppoliturgico.com/es/#website","url":"https://www.gruppoliturgico.com/es/","name":"Laboratorio Gruppo Liturgico","description":"Articoli Religiosi online","publisher":{"@id":"https://www.gruppoliturgico.com/es/#organization"},"potentialAction":[{"@type":"SearchAction","target":{"@type":"EntryPoint","urlTemplate":"https://www.gruppoliturgico.com/es/?s={search_term_string}"},"query-input":"required name=search_term_string"}],"inLanguage":"es"},{"@type":"Organization","@id":"https://www.gruppoliturgico.com/es/#organization","name":"Laboratorio Gruppo Liturgico","url":"https://www.gruppoliturgico.com/es/","logo":{"@type":"ImageObject","inLanguage":"es","@id":"https://www.gruppoliturgico.com/es/#/schema/logo/image/","url":"https://www.gruppoliturgico.com/wp-content/uploads/2022/02/logo-laboratoriogruppoliturgico.png","contentUrl":"https://www.gruppoliturgico.com/wp-content/uploads/2022/02/logo-laboratoriogruppoliturgico.png","width":400,"height":114,"caption":"Laboratorio Gruppo Liturgico"},"image":{"@id":"https://www.gruppoliturgico.com/es/#/schema/logo/image/"}}]}</script>
<!-- / Yoast SEO plugin. -->

Alba en tejido lino mixto.  El elegante festón de color avellana, realizado en telar, representa los símbolos de la Eucaristía.  La altura del festón es de 17 cm.

Alba en tejido lino mixto. El elegante festón de color avellana, realizado en telar, representa los símbolos de la Eucaristía. La altura del festón es de 17 cm.
