{"id":63654,"date":"2022-05-19T23:15:18","date_gmt":"2022-05-19T21:15:25","guid":{"rendered":"https:\/\/www.gruppoliturgico.com\/prodotto\/porta-cirio-pascual-4\/"},"modified":"2022-10-27T09:33:30","modified_gmt":"2022-10-27T07:33:30","slug":"porta-cirio-pascual-4","status":"publish","type":"product","link":"https:\/\/www.gruppoliturgico.com\/es\/producto\/porta-cirio-pascual-4\/","title":{"rendered":"porta cirio pascual"},"content":{"rendered":"<html><body><p>Porta cirio pascual con estructura de lat\u00f3n plateado.<br>\nSencillo y lineal, tiene una fina mano de obra en el tallo y un robusto pedestal de fundici\u00f3n.<br>\nPuede alojar un cirio de 8 cm de di\u00e1metro no incluido en el precio.<br>\nDi\u00e1metro base 28 cm<br>\nAltura 76 cm<\/p>\n<\/body><\/html>","protected":false},"excerpt":{"rendered":"<p>Porta cirio pascual con estructura de lat\u00f3n plateado.<br \/>\nSencillo y lineal, tiene una fina mano de obra en el tallo y un robusto pedestal de fundici\u00f3n.<br \/>\nPuede alojar un cirio de 8 cm de di\u00e1metro no incluido en el precio.<br \/>\nDi\u00e1metro base 28 cm<br \/>\nAltura 76 cm<\/p>\n","protected":false},"featured_media":131698,"template":"","meta":[],"product_cat":[11735],"product_tag":[],"yoast_head":"<!-- This site is optimized with the Yoast SEO plugin v20.4 - https:\/\/yoast.com\/wordpress\/plugins\/seo\/ -->\n<title>porta cirio pascual - porta cirios pascual y Laboratorio Gruppo Liturgico<\/title>\n<meta name=\"description\" content=\"Porta cirio pascual con estructura de lat\u00f3n plateado. Sencillo y lineal, tiene una fina mano de obra en el tallo y un robusto pedestal de fundici\u00f3n. Puede alojar un cirio de 8 cm de di\u00e1metro no incluido en el precio. Di\u00e1metro base 28 cm Altura 76 cm\" \/>\n<meta name=\"robots\" content=\"index, follow, max-snippet:-1, max-image-preview:large, max-video-preview:-1\" \/>\n<link rel=\"canonical\" href=\"https:\/\/www.gruppoliturgico.com\/es\/producto\/porta-cirio-pascual-4\/\" \/>\n<meta property=\"og:locale\" content=\"es_ES\" \/>\n<meta property=\"og:type\" content=\"article\" \/>\n<meta property=\"og:title\" content=\"porta cirio pascual - porta cirios pascual y Laboratorio Gruppo Liturgico\" \/>\n<meta property=\"og:description\" content=\"Porta cirio pascual con estructura de lat\u00f3n plateado. Sencillo y lineal, tiene una fina mano de obra en el tallo y un robusto pedestal de fundici\u00f3n. Puede alojar un cirio de 8 cm de di\u00e1metro no incluido en el precio. Di\u00e1metro base 28 cm Altura 76 cm\" \/>\n<meta property=\"og:url\" content=\"https:\/\/www.gruppoliturgico.com\/es\/producto\/porta-cirio-pascual-4\/\" \/>\n<meta property=\"og:site_name\" content=\"Laboratorio Gruppo Liturgico\" \/>\n<meta property=\"article:modified_time\" content=\"2022-10-27T07:33:30+00:00\" \/>\n<meta property=\"og:image\" content=\"https:\/\/www.gruppoliturgico.com\/wp-content\/uploads\/2022\/05\/1685-nv.jpg\" \/>\n\t<meta property=\"og:image:width\" content=\"610\" \/>\n\t<meta property=\"og:image:height\" content=\"2000\" \/>\n\t<meta property=\"og:image:type\" content=\"image\/jpeg\" \/>\n<meta name=\"twitter:card\" content=\"summary_large_image\" \/>\n<script type=\"application\/ld+json\" class=\"yoast-schema-graph\">{\"@context\":\"https:\/\/schema.org\",\"@graph\":[{\"@type\":\"WebPage\",\"@id\":\"https:\/\/www.gruppoliturgico.com\/es\/producto\/porta-cirio-pascual-4\/\",\"url\":\"https:\/\/www.gruppoliturgico.com\/es\/producto\/porta-cirio-pascual-4\/\",\"name\":\"porta cirio pascual - porta cirios pascual y Laboratorio Gruppo Liturgico\",\"isPartOf\":{\"@id\":\"https:\/\/www.gruppoliturgico.com\/es\/#website\"},\"datePublished\":\"2022-05-19T21:15:25+00:00\",\"dateModified\":\"2022-10-27T07:33:30+00:00\",\"description\":\"Porta cirio pascual con estructura de lat\u00f3n plateado. Sencillo y lineal, tiene una fina mano de obra en el tallo y un robusto pedestal de fundici\u00f3n. Puede alojar un cirio de 8 cm de di\u00e1metro no incluido en el precio. Di\u00e1metro base 28 cm Altura 76 cm\",\"breadcrumb\":{\"@id\":\"https:\/\/www.gruppoliturgico.com\/es\/producto\/porta-cirio-pascual-4\/#breadcrumb\"},\"inLanguage\":\"es\",\"potentialAction\":[{\"@type\":\"ReadAction\",\"target\":[\"https:\/\/www.gruppoliturgico.com\/es\/producto\/porta-cirio-pascual-4\/\"]}]},{\"@type\":\"BreadcrumbList\",\"@id\":\"https:\/\/www.gruppoliturgico.com\/es\/producto\/porta-cirio-pascual-4\/#breadcrumb\",\"itemListElement\":[{\"@type\":\"ListItem\",\"position\":1,\"name\":\"Home\",\"item\":\"https:\/\/www.gruppoliturgico.com\/es\/\"},{\"@type\":\"ListItem\",\"position\":2,\"name\":\"Tienda\",\"item\":\"https:\/\/www.gruppoliturgico.com\/es\/tienda\/\"},{\"@type\":\"ListItem\",\"position\":3,\"name\":\"porta cirio pascual\"}]},{\"@type\":\"WebSite\",\"@id\":\"https:\/\/www.gruppoliturgico.com\/es\/#website\",\"url\":\"https:\/\/www.gruppoliturgico.com\/es\/\",\"name\":\"Laboratorio Gruppo Liturgico\",\"description\":\"Articoli Religiosi online\",\"publisher\":{\"@id\":\"https:\/\/www.gruppoliturgico.com\/es\/#organization\"},\"potentialAction\":[{\"@type\":\"SearchAction\",\"target\":{\"@type\":\"EntryPoint\",\"urlTemplate\":\"https:\/\/www.gruppoliturgico.com\/es\/?s={search_term_string}\"},\"query-input\":\"required name=search_term_string\"}],\"inLanguage\":\"es\"},{\"@type\":\"Organization\",\"@id\":\"https:\/\/www.gruppoliturgico.com\/es\/#organization\",\"name\":\"Laboratorio Gruppo Liturgico\",\"url\":\"https:\/\/www.gruppoliturgico.com\/es\/\",\"logo\":{\"@type\":\"ImageObject\",\"inLanguage\":\"es\",\"@id\":\"https:\/\/www.gruppoliturgico.com\/es\/#\/schema\/logo\/image\/\",\"url\":\"https:\/\/www.gruppoliturgico.com\/wp-content\/uploads\/2022\/02\/logo-laboratoriogruppoliturgico.png\",\"contentUrl\":\"https:\/\/www.gruppoliturgico.com\/wp-content\/uploads\/2022\/02\/logo-laboratoriogruppoliturgico.png\",\"width\":400,\"height\":114,\"caption\":\"Laboratorio Gruppo Liturgico\"},\"image\":{\"@id\":\"https:\/\/www.gruppoliturgico.com\/es\/#\/schema\/logo\/image\/\"}}]}<\/script>\n<!-- \/ Yoast SEO plugin. -->","yoast_head_json":{"title":"porta cirio pascual - porta cirios pascual y Laboratorio Gruppo Liturgico","description":"Porta cirio pascual con estructura de lat\u00f3n plateado. Sencillo y lineal, tiene una fina mano de obra en el tallo y un robusto pedestal de fundici\u00f3n. Puede alojar un cirio de 8 cm de di\u00e1metro no incluido en el precio. Di\u00e1metro base 28 cm Altura 76 cm","robots":{"index":"index","follow":"follow","max-snippet":"max-snippet:-1","max-image-preview":"max-image-preview:large","max-video-preview":"max-video-preview:-1"},"canonical":"https:\/\/www.gruppoliturgico.com\/es\/producto\/porta-cirio-pascual-4\/","og_locale":"es_ES","og_type":"article","og_title":"porta cirio pascual - porta cirios pascual y Laboratorio Gruppo Liturgico","og_description":"Porta cirio pascual con estructura de lat\u00f3n plateado. Sencillo y lineal, tiene una fina mano de obra en el tallo y un robusto pedestal de fundici\u00f3n. Puede alojar un cirio de 8 cm de di\u00e1metro no incluido en el precio. Di\u00e1metro base 28 cm Altura 76 cm","og_url":"https:\/\/www.gruppoliturgico.com\/es\/producto\/porta-cirio-pascual-4\/","og_site_name":"Laboratorio Gruppo Liturgico","article_modified_time":"2022-10-27T07:33:30+00:00","og_image":[{"width":610,"height":2000,"url":"https:\/\/www.gruppoliturgico.com\/wp-content\/uploads\/2022\/05\/1685-nv.jpg","type":"image\/jpeg"}],"twitter_card":"summary_large_image","schema":{"@context":"https:\/\/schema.org","@graph":[{"@type":"WebPage","@id":"https:\/\/www.gruppoliturgico.com\/es\/producto\/porta-cirio-pascual-4\/","url":"https:\/\/www.gruppoliturgico.com\/es\/producto\/porta-cirio-pascual-4\/","name":"porta cirio pascual - porta cirios pascual y Laboratorio Gruppo Liturgico","isPartOf":{"@id":"https:\/\/www.gruppoliturgico.com\/es\/#website"},"datePublished":"2022-05-19T21:15:25+00:00","dateModified":"2022-10-27T07:33:30+00:00","description":"Porta cirio pascual con estructura de lat\u00f3n plateado. Sencillo y lineal, tiene una fina mano de obra en el tallo y un robusto pedestal de fundici\u00f3n. Puede alojar un cirio de 8 cm de di\u00e1metro no incluido en el precio. Di\u00e1metro base 28 cm Altura 76 cm","breadcrumb":{"@id":"https:\/\/www.gruppoliturgico.com\/es\/producto\/porta-cirio-pascual-4\/#breadcrumb"},"inLanguage":"es","potentialAction":[{"@type":"ReadAction","target":["https:\/\/www.gruppoliturgico.com\/es\/producto\/porta-cirio-pascual-4\/"]}]},{"@type":"BreadcrumbList","@id":"https:\/\/www.gruppoliturgico.com\/es\/producto\/porta-cirio-pascual-4\/#breadcrumb","itemListElement":[{"@type":"ListItem","position":1,"name":"Home","item":"https:\/\/www.gruppoliturgico.com\/es\/"},{"@type":"ListItem","position":2,"name":"Tienda","item":"https:\/\/www.gruppoliturgico.com\/es\/tienda\/"},{"@type":"ListItem","position":3,"name":"porta cirio pascual"}]},{"@type":"WebSite","@id":"https:\/\/www.gruppoliturgico.com\/es\/#website","url":"https:\/\/www.gruppoliturgico.com\/es\/","name":"Laboratorio Gruppo Liturgico","description":"Articoli Religiosi online","publisher":{"@id":"https:\/\/www.gruppoliturgico.com\/es\/#organization"},"potentialAction":[{"@type":"SearchAction","target":{"@type":"EntryPoint","urlTemplate":"https:\/\/www.gruppoliturgico.com\/es\/?s={search_term_string}"},"query-input":"required name=search_term_string"}],"inLanguage":"es"},{"@type":"Organization","@id":"https:\/\/www.gruppoliturgico.com\/es\/#organization","name":"Laboratorio Gruppo Liturgico","url":"https:\/\/www.gruppoliturgico.com\/es\/","logo":{"@type":"ImageObject","inLanguage":"es","@id":"https:\/\/www.gruppoliturgico.com\/es\/#\/schema\/logo\/image\/","url":"https:\/\/www.gruppoliturgico.com\/wp-content\/uploads\/2022\/02\/logo-laboratoriogruppoliturgico.png","contentUrl":"https:\/\/www.gruppoliturgico.com\/wp-content\/uploads\/2022\/02\/logo-laboratoriogruppoliturgico.png","width":400,"height":114,"caption":"Laboratorio Gruppo Liturgico"},"image":{"@id":"https:\/\/www.gruppoliturgico.com\/es\/#\/schema\/logo\/image\/"}}]}},"_links":{"self":[{"href":"https:\/\/www.gruppoliturgico.com\/es\/wp-json\/wp\/v2\/product\/63654"}],"collection":[{"href":"https:\/\/www.gruppoliturgico.com\/es\/wp-json\/wp\/v2\/product"}],"about":[{"href":"https:\/\/www.gruppoliturgico.com\/es\/wp-json\/wp\/v2\/types\/product"}],"wp:featuredmedia":[{"embeddable":true,"href":"https:\/\/www.gruppoliturgico.com\/es\/wp-json\/wp\/v2\/media\/131698"}],"wp:attachment":[{"href":"https:\/\/www.gruppoliturgico.com\/es\/wp-json\/wp\/v2\/media?parent=63654"}],"wp:term":[{"taxonomy":"product_cat","embeddable":true,"href":"https:\/\/www.gruppoliturgico.com\/es\/wp-json\/wp\/v2\/product_cat?post=63654"},{"taxonomy":"product_tag","embeddable":true,"href":"https:\/\/www.gruppoliturgico.com\/es\/wp-json\/wp\/v2\/product_tag?post=63654"}],"curies":[{"name":"wp","href":"https:\/\/api.w.org\/{rel}","templated":true}]}}

<html><body><p>Porta cirio pascual con estructura de latón plateado.<br>
Sencillo y lineal, tiene una fina mano de obra en el tallo y un robusto pedestal de fundición.<br>
Puede alojar un cirio de 8 cm de diámetro no incluido en el precio.<br>
Diámetro base 28 cm<br>
Altura 76 cm</p>
</body></html>

<p>Porta cirio pascual con estructura de latón plateado.<br />
Sencillo y lineal, tiene una fina mano de obra en el tallo y un robusto pedestal de fundición.<br />
Puede alojar un cirio de 8 cm de diámetro no incluido en el precio.<br />
Diámetro base 28 cm<br />
Altura 76 cm</p>

<!-- This site is optimized with the Yoast SEO plugin v20.4 - https://yoast.com/wordpress/plugins/seo/ -->
<title>porta cirio pascual - porta cirios pascual y Laboratorio Gruppo Liturgico</title>
<meta name="description" content="Porta cirio pascual con estructura de latón plateado. Sencillo y lineal, tiene una fina mano de obra en el tallo y un robusto pedestal de fundición. Puede alojar un cirio de 8 cm de diámetro no incluido en el precio. Diámetro base 28 cm Altura 76 cm" />
<meta name="robots" content="index, follow, max-snippet:-1, max-image-preview:large, max-video-preview:-1" />
<link rel="canonical" href="https://www.gruppoliturgico.com/es/producto/porta-cirio-pascual-4/" />
<meta property="og:locale" content="es_ES" />
<meta property="og:type" content="article" />
<meta property="og:title" content="porta cirio pascual - porta cirios pascual y Laboratorio Gruppo Liturgico" />
<meta property="og:description" content="Porta cirio pascual con estructura de latón plateado. Sencillo y lineal, tiene una fina mano de obra en el tallo y un robusto pedestal de fundición. Puede alojar un cirio de 8 cm de diámetro no incluido en el precio. Diámetro base 28 cm Altura 76 cm" />
<meta property="og:url" content="https://www.gruppoliturgico.com/es/producto/porta-cirio-pascual-4/" />
<meta property="og:site_name" content="Laboratorio Gruppo Liturgico" />
<meta property="article:modified_time" content="2022-10-27T07:33:30+00:00" />
<meta property="og:image" content="https://www.gruppoliturgico.com/wp-content/uploads/2022/05/1685-nv.jpg" />
	<meta property="og:image:width" content="610" />
	<meta property="og:image:height" content="2000" />
	<meta property="og:image:type" content="image/jpeg" />
<meta name="twitter:card" content="summary_large_image" />
<script type="application/ld+json" class="yoast-schema-graph">{"@context":"https://schema.org","@graph":[{"@type":"WebPage","@id":"https://www.gruppoliturgico.com/es/producto/porta-cirio-pascual-4/","url":"https://www.gruppoliturgico.com/es/producto/porta-cirio-pascual-4/","name":"porta cirio pascual - porta cirios pascual y Laboratorio Gruppo Liturgico","isPartOf":{"@id":"https://www.gruppoliturgico.com/es/#website"},"datePublished":"2022-05-19T21:15:25+00:00","dateModified":"2022-10-27T07:33:30+00:00","description":"Porta cirio pascual con estructura de latón plateado. Sencillo y lineal, tiene una fina mano de obra en el tallo y un robusto pedestal de fundición. Puede alojar un cirio de 8 cm de diámetro no incluido en el precio. Diámetro base 28 cm Altura 76 cm","breadcrumb":{"@id":"https://www.gruppoliturgico.com/es/producto/porta-cirio-pascual-4/#breadcrumb"},"inLanguage":"es","potentialAction":[{"@type":"ReadAction","target":["https://www.gruppoliturgico.com/es/producto/porta-cirio-pascual-4/"]}]},{"@type":"BreadcrumbList","@id":"https://www.gruppoliturgico.com/es/producto/porta-cirio-pascual-4/#breadcrumb","itemListElement":[{"@type":"ListItem","position":1,"name":"Home","item":"https://www.gruppoliturgico.com/es/"},{"@type":"ListItem","position":2,"name":"Tienda","item":"https://www.gruppoliturgico.com/es/tienda/"},{"@type":"ListItem","position":3,"name":"porta cirio pascual"}]},{"@type":"WebSite","@id":"https://www.gruppoliturgico.com/es/#website","url":"https://www.gruppoliturgico.com/es/","name":"Laboratorio Gruppo Liturgico","description":"Articoli Religiosi online","publisher":{"@id":"https://www.gruppoliturgico.com/es/#organization"},"potentialAction":[{"@type":"SearchAction","target":{"@type":"EntryPoint","urlTemplate":"https://www.gruppoliturgico.com/es/?s={search_term_string}"},"query-input":"required name=search_term_string"}],"inLanguage":"es"},{"@type":"Organization","@id":"https://www.gruppoliturgico.com/es/#organization","name":"Laboratorio Gruppo Liturgico","url":"https://www.gruppoliturgico.com/es/","logo":{"@type":"ImageObject","inLanguage":"es","@id":"https://www.gruppoliturgico.com/es/#/schema/logo/image/","url":"https://www.gruppoliturgico.com/wp-content/uploads/2022/02/logo-laboratoriogruppoliturgico.png","contentUrl":"https://www.gruppoliturgico.com/wp-content/uploads/2022/02/logo-laboratoriogruppoliturgico.png","width":400,"height":114,"caption":"Laboratorio Gruppo Liturgico"},"image":{"@id":"https://www.gruppoliturgico.com/es/#/schema/logo/image/"}}]}</script>
<!-- / Yoast SEO plugin. -->

Porta cirio pascual con estructura de latón plateado. Sencillo y lineal, tiene una fina mano de obra en el tallo y un robusto pedestal de fundición. Puede alojar un cirio de 8 cm de diámetro no incluido en el precio. Diámetro base 28 cm Altura 76 cm
