{"id":63506,"date":"2022-05-19T23:09:15","date_gmt":"2022-05-19T21:09:23","guid":{"rendered":"https:\/\/www.gruppoliturgico.com\/prodotto\/ambon-6\/"},"modified":"2022-10-20T11:51:08","modified_gmt":"2022-10-20T09:51:08","slug":"ambon-6","status":"publish","type":"product","link":"https:\/\/www.gruppoliturgico.com\/es\/producto\/ambon-6\/","title":{"rendered":"amb\u00f3n"},"content":{"rendered":"<html><body><p>Amb\u00f3n en madera maciza de estilo g\u00f3tico.<br>\nPresenta paneles tallados en madera de tilo que representan rosetones en relieve.<br>\nEl atril est\u00e1 sostenido por una columna con capitel de hoja de acanto.<br>\nEl lateral est\u00e1 decorado con peque\u00f1as columnas con un gran friso tallado.<br>\nAltura total cm. 130<br>\nLa parte central mide 110 x 92 x 55 cm<\/p>\n<\/body><\/html>","protected":false},"excerpt":{"rendered":"<p>Amb\u00f3n en madera maciza de estilo g\u00f3tico.<br \/>\nPresenta paneles tallados en madera de tilo que representan rosetones en relieve.<br \/>\nEl atril est\u00e1 sostenido por una columna con capitel de hoja de acanto.<br \/>\nEl lateral est\u00e1 decorado con peque\u00f1as columnas con un gran friso tallado.<br \/>\nAltura total cm. 130<br \/>\nLa parte central mide 110 x 92 x 55 cm<\/p>\n","protected":false},"featured_media":131339,"template":"","meta":[],"product_cat":[12139,12183],"product_tag":[],"yoast_head":"<!-- This site is optimized with the Yoast SEO plugin v20.4 - https:\/\/yoast.com\/wordpress\/plugins\/seo\/ -->\n<title>amb\u00f3n - art 478, en madera esculpida y Laboratorio Gruppo Liturgico<\/title>\n<meta name=\"description\" content=\"Amb\u00f3n en madera maciza de estilo g\u00f3tico. Presenta paneles tallados en madera de tilo que representan rosetones en relieve. El atril est\u00e1 sostenido por una columna con capitel de hoja de acanto. El lateral est\u00e1 decorado con peque\u00f1as columnas con un gran friso tallado. Altura total cm. 130 La parte central mide 110 x 92 x 55 cm\" \/>\n<meta name=\"robots\" content=\"index, follow, max-snippet:-1, max-image-preview:large, max-video-preview:-1\" \/>\n<link rel=\"canonical\" href=\"https:\/\/www.gruppoliturgico.com\/es\/producto\/ambon-6\/\" \/>\n<meta property=\"og:locale\" content=\"es_ES\" \/>\n<meta property=\"og:type\" content=\"article\" \/>\n<meta property=\"og:title\" content=\"amb\u00f3n - art 478, en madera esculpida y Laboratorio Gruppo Liturgico\" \/>\n<meta property=\"og:description\" content=\"Amb\u00f3n en madera maciza de estilo g\u00f3tico. Presenta paneles tallados en madera de tilo que representan rosetones en relieve. El atril est\u00e1 sostenido por una columna con capitel de hoja de acanto. El lateral est\u00e1 decorado con peque\u00f1as columnas con un gran friso tallado. Altura total cm. 130 La parte central mide 110 x 92 x 55 cm\" \/>\n<meta property=\"og:url\" content=\"https:\/\/www.gruppoliturgico.com\/es\/producto\/ambon-6\/\" \/>\n<meta property=\"og:site_name\" content=\"Laboratorio Gruppo Liturgico\" \/>\n<meta property=\"article:modified_time\" content=\"2022-10-20T09:51:08+00:00\" \/>\n<meta property=\"og:image\" content=\"https:\/\/www.gruppoliturgico.com\/wp-content\/uploads\/2022\/05\/479.jpg\" \/>\n\t<meta property=\"og:image:width\" content=\"1114\" \/>\n\t<meta property=\"og:image:height\" content=\"1500\" \/>\n\t<meta property=\"og:image:type\" content=\"image\/jpeg\" \/>\n<meta name=\"twitter:card\" content=\"summary_large_image\" \/>\n<script type=\"application\/ld+json\" class=\"yoast-schema-graph\">{\"@context\":\"https:\/\/schema.org\",\"@graph\":[{\"@type\":\"WebPage\",\"@id\":\"https:\/\/www.gruppoliturgico.com\/es\/producto\/ambon-6\/\",\"url\":\"https:\/\/www.gruppoliturgico.com\/es\/producto\/ambon-6\/\",\"name\":\"amb\u00f3n - art 478, en madera esculpida y Laboratorio Gruppo Liturgico\",\"isPartOf\":{\"@id\":\"https:\/\/www.gruppoliturgico.com\/es\/#website\"},\"datePublished\":\"2022-05-19T21:09:23+00:00\",\"dateModified\":\"2022-10-20T09:51:08+00:00\",\"description\":\"Amb\u00f3n en madera maciza de estilo g\u00f3tico. Presenta paneles tallados en madera de tilo que representan rosetones en relieve. El atril est\u00e1 sostenido por una columna con capitel de hoja de acanto. El lateral est\u00e1 decorado con peque\u00f1as columnas con un gran friso tallado. Altura total cm. 130 La parte central mide 110 x 92 x 55 cm\",\"breadcrumb\":{\"@id\":\"https:\/\/www.gruppoliturgico.com\/es\/producto\/ambon-6\/#breadcrumb\"},\"inLanguage\":\"es\",\"potentialAction\":[{\"@type\":\"ReadAction\",\"target\":[\"https:\/\/www.gruppoliturgico.com\/es\/producto\/ambon-6\/\"]}]},{\"@type\":\"BreadcrumbList\",\"@id\":\"https:\/\/www.gruppoliturgico.com\/es\/producto\/ambon-6\/#breadcrumb\",\"itemListElement\":[{\"@type\":\"ListItem\",\"position\":1,\"name\":\"Home\",\"item\":\"https:\/\/www.gruppoliturgico.com\/es\/\"},{\"@type\":\"ListItem\",\"position\":2,\"name\":\"Tienda\",\"item\":\"https:\/\/www.gruppoliturgico.com\/es\/tienda\/\"},{\"@type\":\"ListItem\",\"position\":3,\"name\":\"amb\u00f3n\"}]},{\"@type\":\"WebSite\",\"@id\":\"https:\/\/www.gruppoliturgico.com\/es\/#website\",\"url\":\"https:\/\/www.gruppoliturgico.com\/es\/\",\"name\":\"Laboratorio Gruppo Liturgico\",\"description\":\"Articoli Religiosi online\",\"publisher\":{\"@id\":\"https:\/\/www.gruppoliturgico.com\/es\/#organization\"},\"potentialAction\":[{\"@type\":\"SearchAction\",\"target\":{\"@type\":\"EntryPoint\",\"urlTemplate\":\"https:\/\/www.gruppoliturgico.com\/es\/?s={search_term_string}\"},\"query-input\":\"required name=search_term_string\"}],\"inLanguage\":\"es\"},{\"@type\":\"Organization\",\"@id\":\"https:\/\/www.gruppoliturgico.com\/es\/#organization\",\"name\":\"Laboratorio Gruppo Liturgico\",\"url\":\"https:\/\/www.gruppoliturgico.com\/es\/\",\"logo\":{\"@type\":\"ImageObject\",\"inLanguage\":\"es\",\"@id\":\"https:\/\/www.gruppoliturgico.com\/es\/#\/schema\/logo\/image\/\",\"url\":\"https:\/\/www.gruppoliturgico.com\/wp-content\/uploads\/2022\/02\/logo-laboratoriogruppoliturgico.png\",\"contentUrl\":\"https:\/\/www.gruppoliturgico.com\/wp-content\/uploads\/2022\/02\/logo-laboratoriogruppoliturgico.png\",\"width\":400,\"height\":114,\"caption\":\"Laboratorio Gruppo Liturgico\"},\"image\":{\"@id\":\"https:\/\/www.gruppoliturgico.com\/es\/#\/schema\/logo\/image\/\"}}]}<\/script>\n<!-- \/ Yoast SEO plugin. -->","yoast_head_json":{"title":"amb\u00f3n - art 478, en madera esculpida y Laboratorio Gruppo Liturgico","description":"Amb\u00f3n en madera maciza de estilo g\u00f3tico. Presenta paneles tallados en madera de tilo que representan rosetones en relieve. El atril est\u00e1 sostenido por una columna con capitel de hoja de acanto. El lateral est\u00e1 decorado con peque\u00f1as columnas con un gran friso tallado. Altura total cm. 130 La parte central mide 110 x 92 x 55 cm","robots":{"index":"index","follow":"follow","max-snippet":"max-snippet:-1","max-image-preview":"max-image-preview:large","max-video-preview":"max-video-preview:-1"},"canonical":"https:\/\/www.gruppoliturgico.com\/es\/producto\/ambon-6\/","og_locale":"es_ES","og_type":"article","og_title":"amb\u00f3n - art 478, en madera esculpida y Laboratorio Gruppo Liturgico","og_description":"Amb\u00f3n en madera maciza de estilo g\u00f3tico. Presenta paneles tallados en madera de tilo que representan rosetones en relieve. El atril est\u00e1 sostenido por una columna con capitel de hoja de acanto. El lateral est\u00e1 decorado con peque\u00f1as columnas con un gran friso tallado. Altura total cm. 130 La parte central mide 110 x 92 x 55 cm","og_url":"https:\/\/www.gruppoliturgico.com\/es\/producto\/ambon-6\/","og_site_name":"Laboratorio Gruppo Liturgico","article_modified_time":"2022-10-20T09:51:08+00:00","og_image":[{"width":1114,"height":1500,"url":"https:\/\/www.gruppoliturgico.com\/wp-content\/uploads\/2022\/05\/479.jpg","type":"image\/jpeg"}],"twitter_card":"summary_large_image","schema":{"@context":"https:\/\/schema.org","@graph":[{"@type":"WebPage","@id":"https:\/\/www.gruppoliturgico.com\/es\/producto\/ambon-6\/","url":"https:\/\/www.gruppoliturgico.com\/es\/producto\/ambon-6\/","name":"amb\u00f3n - art 478, en madera esculpida y Laboratorio Gruppo Liturgico","isPartOf":{"@id":"https:\/\/www.gruppoliturgico.com\/es\/#website"},"datePublished":"2022-05-19T21:09:23+00:00","dateModified":"2022-10-20T09:51:08+00:00","description":"Amb\u00f3n en madera maciza de estilo g\u00f3tico. Presenta paneles tallados en madera de tilo que representan rosetones en relieve. El atril est\u00e1 sostenido por una columna con capitel de hoja de acanto. El lateral est\u00e1 decorado con peque\u00f1as columnas con un gran friso tallado. Altura total cm. 130 La parte central mide 110 x 92 x 55 cm","breadcrumb":{"@id":"https:\/\/www.gruppoliturgico.com\/es\/producto\/ambon-6\/#breadcrumb"},"inLanguage":"es","potentialAction":[{"@type":"ReadAction","target":["https:\/\/www.gruppoliturgico.com\/es\/producto\/ambon-6\/"]}]},{"@type":"BreadcrumbList","@id":"https:\/\/www.gruppoliturgico.com\/es\/producto\/ambon-6\/#breadcrumb","itemListElement":[{"@type":"ListItem","position":1,"name":"Home","item":"https:\/\/www.gruppoliturgico.com\/es\/"},{"@type":"ListItem","position":2,"name":"Tienda","item":"https:\/\/www.gruppoliturgico.com\/es\/tienda\/"},{"@type":"ListItem","position":3,"name":"amb\u00f3n"}]},{"@type":"WebSite","@id":"https:\/\/www.gruppoliturgico.com\/es\/#website","url":"https:\/\/www.gruppoliturgico.com\/es\/","name":"Laboratorio Gruppo Liturgico","description":"Articoli Religiosi online","publisher":{"@id":"https:\/\/www.gruppoliturgico.com\/es\/#organization"},"potentialAction":[{"@type":"SearchAction","target":{"@type":"EntryPoint","urlTemplate":"https:\/\/www.gruppoliturgico.com\/es\/?s={search_term_string}"},"query-input":"required name=search_term_string"}],"inLanguage":"es"},{"@type":"Organization","@id":"https:\/\/www.gruppoliturgico.com\/es\/#organization","name":"Laboratorio Gruppo Liturgico","url":"https:\/\/www.gruppoliturgico.com\/es\/","logo":{"@type":"ImageObject","inLanguage":"es","@id":"https:\/\/www.gruppoliturgico.com\/es\/#\/schema\/logo\/image\/","url":"https:\/\/www.gruppoliturgico.com\/wp-content\/uploads\/2022\/02\/logo-laboratoriogruppoliturgico.png","contentUrl":"https:\/\/www.gruppoliturgico.com\/wp-content\/uploads\/2022\/02\/logo-laboratoriogruppoliturgico.png","width":400,"height":114,"caption":"Laboratorio Gruppo Liturgico"},"image":{"@id":"https:\/\/www.gruppoliturgico.com\/es\/#\/schema\/logo\/image\/"}}]}},"_links":{"self":[{"href":"https:\/\/www.gruppoliturgico.com\/es\/wp-json\/wp\/v2\/product\/63506"}],"collection":[{"href":"https:\/\/www.gruppoliturgico.com\/es\/wp-json\/wp\/v2\/product"}],"about":[{"href":"https:\/\/www.gruppoliturgico.com\/es\/wp-json\/wp\/v2\/types\/product"}],"wp:featuredmedia":[{"embeddable":true,"href":"https:\/\/www.gruppoliturgico.com\/es\/wp-json\/wp\/v2\/media\/131339"}],"wp:attachment":[{"href":"https:\/\/www.gruppoliturgico.com\/es\/wp-json\/wp\/v2\/media?parent=63506"}],"wp:term":[{"taxonomy":"product_cat","embeddable":true,"href":"https:\/\/www.gruppoliturgico.com\/es\/wp-json\/wp\/v2\/product_cat?post=63506"},{"taxonomy":"product_tag","embeddable":true,"href":"https:\/\/www.gruppoliturgico.com\/es\/wp-json\/wp\/v2\/product_tag?post=63506"}],"curies":[{"name":"wp","href":"https:\/\/api.w.org\/{rel}","templated":true}]}}

ambón

<html><body><p>Ambón en madera maciza de estilo gótico.<br>
Presenta paneles tallados en madera de tilo que representan rosetones en relieve.<br>
El atril está sostenido por una columna con capitel de hoja de acanto.<br>
El lateral está decorado con pequeñas columnas con un gran friso tallado.<br>
Altura total cm. 130<br>
La parte central mide 110 x 92 x 55 cm</p>
</body></html>

<p>Ambón en madera maciza de estilo gótico.<br />
Presenta paneles tallados en madera de tilo que representan rosetones en relieve.<br />
El atril está sostenido por una columna con capitel de hoja de acanto.<br />
El lateral está decorado con pequeñas columnas con un gran friso tallado.<br />
Altura total cm. 130<br />
La parte central mide 110 x 92 x 55 cm</p>

<!-- This site is optimized with the Yoast SEO plugin v20.4 - https://yoast.com/wordpress/plugins/seo/ -->
<title>ambón - art 478, en madera esculpida y Laboratorio Gruppo Liturgico</title>
<meta name="description" content="Ambón en madera maciza de estilo gótico. Presenta paneles tallados en madera de tilo que representan rosetones en relieve. El atril está sostenido por una columna con capitel de hoja de acanto. El lateral está decorado con pequeñas columnas con un gran friso tallado. Altura total cm. 130 La parte central mide 110 x 92 x 55 cm" />
<meta name="robots" content="index, follow, max-snippet:-1, max-image-preview:large, max-video-preview:-1" />
<link rel="canonical" href="https://www.gruppoliturgico.com/es/producto/ambon-6/" />
<meta property="og:locale" content="es_ES" />
<meta property="og:type" content="article" />
<meta property="og:title" content="ambón - art 478, en madera esculpida y Laboratorio Gruppo Liturgico" />
<meta property="og:description" content="Ambón en madera maciza de estilo gótico. Presenta paneles tallados en madera de tilo que representan rosetones en relieve. El atril está sostenido por una columna con capitel de hoja de acanto. El lateral está decorado con pequeñas columnas con un gran friso tallado. Altura total cm. 130 La parte central mide 110 x 92 x 55 cm" />
<meta property="og:url" content="https://www.gruppoliturgico.com/es/producto/ambon-6/" />
<meta property="og:site_name" content="Laboratorio Gruppo Liturgico" />
<meta property="article:modified_time" content="2022-10-20T09:51:08+00:00" />
<meta property="og:image" content="https://www.gruppoliturgico.com/wp-content/uploads/2022/05/479.jpg" />
	<meta property="og:image:width" content="1114" />
	<meta property="og:image:height" content="1500" />
	<meta property="og:image:type" content="image/jpeg" />
<meta name="twitter:card" content="summary_large_image" />
<script type="application/ld+json" class="yoast-schema-graph">{"@context":"https://schema.org","@graph":[{"@type":"WebPage","@id":"https://www.gruppoliturgico.com/es/producto/ambon-6/","url":"https://www.gruppoliturgico.com/es/producto/ambon-6/","name":"ambón - art 478, en madera esculpida y Laboratorio Gruppo Liturgico","isPartOf":{"@id":"https://www.gruppoliturgico.com/es/#website"},"datePublished":"2022-05-19T21:09:23+00:00","dateModified":"2022-10-20T09:51:08+00:00","description":"Ambón en madera maciza de estilo gótico. Presenta paneles tallados en madera de tilo que representan rosetones en relieve. El atril está sostenido por una columna con capitel de hoja de acanto. El lateral está decorado con pequeñas columnas con un gran friso tallado. Altura total cm. 130 La parte central mide 110 x 92 x 55 cm","breadcrumb":{"@id":"https://www.gruppoliturgico.com/es/producto/ambon-6/#breadcrumb"},"inLanguage":"es","potentialAction":[{"@type":"ReadAction","target":["https://www.gruppoliturgico.com/es/producto/ambon-6/"]}]},{"@type":"BreadcrumbList","@id":"https://www.gruppoliturgico.com/es/producto/ambon-6/#breadcrumb","itemListElement":[{"@type":"ListItem","position":1,"name":"Home","item":"https://www.gruppoliturgico.com/es/"},{"@type":"ListItem","position":2,"name":"Tienda","item":"https://www.gruppoliturgico.com/es/tienda/"},{"@type":"ListItem","position":3,"name":"ambón"}]},{"@type":"WebSite","@id":"https://www.gruppoliturgico.com/es/#website","url":"https://www.gruppoliturgico.com/es/","name":"Laboratorio Gruppo Liturgico","description":"Articoli Religiosi online","publisher":{"@id":"https://www.gruppoliturgico.com/es/#organization"},"potentialAction":[{"@type":"SearchAction","target":{"@type":"EntryPoint","urlTemplate":"https://www.gruppoliturgico.com/es/?s={search_term_string}"},"query-input":"required name=search_term_string"}],"inLanguage":"es"},{"@type":"Organization","@id":"https://www.gruppoliturgico.com/es/#organization","name":"Laboratorio Gruppo Liturgico","url":"https://www.gruppoliturgico.com/es/","logo":{"@type":"ImageObject","inLanguage":"es","@id":"https://www.gruppoliturgico.com/es/#/schema/logo/image/","url":"https://www.gruppoliturgico.com/wp-content/uploads/2022/02/logo-laboratoriogruppoliturgico.png","contentUrl":"https://www.gruppoliturgico.com/wp-content/uploads/2022/02/logo-laboratoriogruppoliturgico.png","width":400,"height":114,"caption":"Laboratorio Gruppo Liturgico"},"image":{"@id":"https://www.gruppoliturgico.com/es/#/schema/logo/image/"}}]}</script>
<!-- / Yoast SEO plugin. -->

ambón - art 478, en madera esculpida y Laboratorio Gruppo Liturgico

Ambón en madera maciza de estilo gótico. Presenta paneles tallados en madera de tilo que representan rosetones en relieve. El atril está sostenido por una columna con capitel de hoja de acanto. El lateral está decorado con pequeñas columnas con un gran friso tallado. Altura total cm. 130 La parte central mide 110 x 92 x 55 cm
