{"id":62954,"date":"2022-05-19T22:46:00","date_gmt":"2022-05-19T20:46:08","guid":{"rendered":"https:\/\/www.gruppoliturgico.com\/prodotto\/candelero-de-mesa-2\/"},"modified":"2022-05-20T07:04:58","modified_gmt":"2022-05-20T05:04:58","slug":"candelero-de-mesa-2","status":"publish","type":"product","link":"https:\/\/www.gruppoliturgico.com\/es\/producto\/candelero-de-mesa-2\/","title":{"rendered":"Candelero de mesa"},"content":{"rendered":"<html><body><p>en fundici\u00f3n.<br>\nTipo capitel dorado pulido.<\/p>\n<p>Altura 13 cm<\/p>\n<p>El precio incluye vela de cera l\u00edquida \u00d8 cm 4 altura cm 20<\/p>\n<\/body><\/html>","protected":false},"excerpt":{"rendered":"<p>en fundici\u00f3n.<br \/>\nTipo capitel dorado pulido.<\/p>\n<p>Altura 13 cm<\/p>\n<p>El precio incluye vela de cera l\u00edquida \u00d8 cm 4 altura cm 20<\/p>\n","protected":false},"featured_media":132338,"template":"","meta":[],"product_cat":[12059],"product_tag":[],"yoast_head":"<!-- This site is optimized with the Yoast SEO plugin v20.4 - https:\/\/yoast.com\/wordpress\/plugins\/seo\/ -->\n<title>Candelero de mesa - candeleros de mesa y Laboratorio Gruppo Liturgico<\/title>\n<meta name=\"description\" content=\"en fundici\u00f3n.  Tipo capitel dorado pulido.  Altura 13 cm  El precio incluye vela de cera l\u00edquida \u00d8 cm 4 altura cm 20\" \/>\n<meta name=\"robots\" content=\"index, follow, max-snippet:-1, max-image-preview:large, max-video-preview:-1\" \/>\n<link rel=\"canonical\" href=\"https:\/\/www.gruppoliturgico.com\/es\/producto\/candelero-de-mesa-2\/\" \/>\n<meta property=\"og:locale\" content=\"es_ES\" \/>\n<meta property=\"og:type\" content=\"article\" \/>\n<meta property=\"og:title\" content=\"Candelero de mesa - candeleros de mesa y Laboratorio Gruppo Liturgico\" \/>\n<meta property=\"og:description\" content=\"en fundici\u00f3n.  Tipo capitel dorado pulido.  Altura 13 cm  El precio incluye vela de cera l\u00edquida \u00d8 cm 4 altura cm 20\" \/>\n<meta property=\"og:url\" content=\"https:\/\/www.gruppoliturgico.com\/es\/producto\/candelero-de-mesa-2\/\" \/>\n<meta property=\"og:site_name\" content=\"Laboratorio Gruppo Liturgico\" \/>\n<meta property=\"article:modified_time\" content=\"2022-05-20T05:04:58+00:00\" \/>\n<meta property=\"og:image\" content=\"https:\/\/www.gruppoliturgico.com\/wp-content\/uploads\/2022\/05\/1369_70.jpg\" \/>\n\t<meta property=\"og:image:width\" content=\"897\" \/>\n\t<meta property=\"og:image:height\" content=\"1500\" \/>\n\t<meta property=\"og:image:type\" content=\"image\/jpeg\" \/>\n<meta name=\"twitter:card\" content=\"summary_large_image\" \/>\n<script type=\"application\/ld+json\" class=\"yoast-schema-graph\">{\"@context\":\"https:\/\/schema.org\",\"@graph\":[{\"@type\":\"WebPage\",\"@id\":\"https:\/\/www.gruppoliturgico.com\/es\/producto\/candelero-de-mesa-2\/\",\"url\":\"https:\/\/www.gruppoliturgico.com\/es\/producto\/candelero-de-mesa-2\/\",\"name\":\"Candelero de mesa - candeleros de mesa y Laboratorio Gruppo Liturgico\",\"isPartOf\":{\"@id\":\"https:\/\/www.gruppoliturgico.com\/es\/#website\"},\"datePublished\":\"2022-05-19T20:46:08+00:00\",\"dateModified\":\"2022-05-20T05:04:58+00:00\",\"description\":\"en fundici\u00f3n. Tipo capitel dorado pulido. Altura 13 cm El precio incluye vela de cera l\u00edquida \u00d8 cm 4 altura cm 20\",\"breadcrumb\":{\"@id\":\"https:\/\/www.gruppoliturgico.com\/es\/producto\/candelero-de-mesa-2\/#breadcrumb\"},\"inLanguage\":\"es\",\"potentialAction\":[{\"@type\":\"ReadAction\",\"target\":[\"https:\/\/www.gruppoliturgico.com\/es\/producto\/candelero-de-mesa-2\/\"]}]},{\"@type\":\"BreadcrumbList\",\"@id\":\"https:\/\/www.gruppoliturgico.com\/es\/producto\/candelero-de-mesa-2\/#breadcrumb\",\"itemListElement\":[{\"@type\":\"ListItem\",\"position\":1,\"name\":\"Home\",\"item\":\"https:\/\/www.gruppoliturgico.com\/es\/\"},{\"@type\":\"ListItem\",\"position\":2,\"name\":\"Tienda\",\"item\":\"https:\/\/www.gruppoliturgico.com\/es\/tienda\/\"},{\"@type\":\"ListItem\",\"position\":3,\"name\":\"Candelero de mesa\"}]},{\"@type\":\"WebSite\",\"@id\":\"https:\/\/www.gruppoliturgico.com\/es\/#website\",\"url\":\"https:\/\/www.gruppoliturgico.com\/es\/\",\"name\":\"Laboratorio Gruppo Liturgico\",\"description\":\"Articoli Religiosi online\",\"publisher\":{\"@id\":\"https:\/\/www.gruppoliturgico.com\/es\/#organization\"},\"potentialAction\":[{\"@type\":\"SearchAction\",\"target\":{\"@type\":\"EntryPoint\",\"urlTemplate\":\"https:\/\/www.gruppoliturgico.com\/es\/?s={search_term_string}\"},\"query-input\":\"required name=search_term_string\"}],\"inLanguage\":\"es\"},{\"@type\":\"Organization\",\"@id\":\"https:\/\/www.gruppoliturgico.com\/es\/#organization\",\"name\":\"Laboratorio Gruppo Liturgico\",\"url\":\"https:\/\/www.gruppoliturgico.com\/es\/\",\"logo\":{\"@type\":\"ImageObject\",\"inLanguage\":\"es\",\"@id\":\"https:\/\/www.gruppoliturgico.com\/es\/#\/schema\/logo\/image\/\",\"url\":\"https:\/\/www.gruppoliturgico.com\/wp-content\/uploads\/2022\/02\/logo-laboratoriogruppoliturgico.png\",\"contentUrl\":\"https:\/\/www.gruppoliturgico.com\/wp-content\/uploads\/2022\/02\/logo-laboratoriogruppoliturgico.png\",\"width\":400,\"height\":114,\"caption\":\"Laboratorio Gruppo Liturgico\"},\"image\":{\"@id\":\"https:\/\/www.gruppoliturgico.com\/es\/#\/schema\/logo\/image\/\"}}]}<\/script>\n<!-- \/ Yoast SEO plugin. -->","yoast_head_json":{"title":"Candelero de mesa - candeleros de mesa y Laboratorio Gruppo Liturgico","description":"en fundici\u00f3n.  Tipo capitel dorado pulido.  Altura 13 cm  El precio incluye vela de cera l\u00edquida \u00d8 cm 4 altura cm 20","robots":{"index":"index","follow":"follow","max-snippet":"max-snippet:-1","max-image-preview":"max-image-preview:large","max-video-preview":"max-video-preview:-1"},"canonical":"https:\/\/www.gruppoliturgico.com\/es\/producto\/candelero-de-mesa-2\/","og_locale":"es_ES","og_type":"article","og_title":"Candelero de mesa - candeleros de mesa y Laboratorio Gruppo Liturgico","og_description":"en fundici\u00f3n.  Tipo capitel dorado pulido.  Altura 13 cm  El precio incluye vela de cera l\u00edquida \u00d8 cm 4 altura cm 20","og_url":"https:\/\/www.gruppoliturgico.com\/es\/producto\/candelero-de-mesa-2\/","og_site_name":"Laboratorio Gruppo Liturgico","article_modified_time":"2022-05-20T05:04:58+00:00","og_image":[{"width":897,"height":1500,"url":"https:\/\/www.gruppoliturgico.com\/wp-content\/uploads\/2022\/05\/1369_70.jpg","type":"image\/jpeg"}],"twitter_card":"summary_large_image","schema":{"@context":"https:\/\/schema.org","@graph":[{"@type":"WebPage","@id":"https:\/\/www.gruppoliturgico.com\/es\/producto\/candelero-de-mesa-2\/","url":"https:\/\/www.gruppoliturgico.com\/es\/producto\/candelero-de-mesa-2\/","name":"Candelero de mesa - candeleros de mesa y Laboratorio Gruppo Liturgico","isPartOf":{"@id":"https:\/\/www.gruppoliturgico.com\/es\/#website"},"datePublished":"2022-05-19T20:46:08+00:00","dateModified":"2022-05-20T05:04:58+00:00","description":"en fundici\u00f3n. Tipo capitel dorado pulido. Altura 13 cm El precio incluye vela de cera l\u00edquida \u00d8 cm 4 altura cm 20","breadcrumb":{"@id":"https:\/\/www.gruppoliturgico.com\/es\/producto\/candelero-de-mesa-2\/#breadcrumb"},"inLanguage":"es","potentialAction":[{"@type":"ReadAction","target":["https:\/\/www.gruppoliturgico.com\/es\/producto\/candelero-de-mesa-2\/"]}]},{"@type":"BreadcrumbList","@id":"https:\/\/www.gruppoliturgico.com\/es\/producto\/candelero-de-mesa-2\/#breadcrumb","itemListElement":[{"@type":"ListItem","position":1,"name":"Home","item":"https:\/\/www.gruppoliturgico.com\/es\/"},{"@type":"ListItem","position":2,"name":"Tienda","item":"https:\/\/www.gruppoliturgico.com\/es\/tienda\/"},{"@type":"ListItem","position":3,"name":"Candelero de mesa"}]},{"@type":"WebSite","@id":"https:\/\/www.gruppoliturgico.com\/es\/#website","url":"https:\/\/www.gruppoliturgico.com\/es\/","name":"Laboratorio Gruppo Liturgico","description":"Articoli Religiosi online","publisher":{"@id":"https:\/\/www.gruppoliturgico.com\/es\/#organization"},"potentialAction":[{"@type":"SearchAction","target":{"@type":"EntryPoint","urlTemplate":"https:\/\/www.gruppoliturgico.com\/es\/?s={search_term_string}"},"query-input":"required name=search_term_string"}],"inLanguage":"es"},{"@type":"Organization","@id":"https:\/\/www.gruppoliturgico.com\/es\/#organization","name":"Laboratorio Gruppo Liturgico","url":"https:\/\/www.gruppoliturgico.com\/es\/","logo":{"@type":"ImageObject","inLanguage":"es","@id":"https:\/\/www.gruppoliturgico.com\/es\/#\/schema\/logo\/image\/","url":"https:\/\/www.gruppoliturgico.com\/wp-content\/uploads\/2022\/02\/logo-laboratoriogruppoliturgico.png","contentUrl":"https:\/\/www.gruppoliturgico.com\/wp-content\/uploads\/2022\/02\/logo-laboratoriogruppoliturgico.png","width":400,"height":114,"caption":"Laboratorio Gruppo Liturgico"},"image":{"@id":"https:\/\/www.gruppoliturgico.com\/es\/#\/schema\/logo\/image\/"}}]}},"_links":{"self":[{"href":"https:\/\/www.gruppoliturgico.com\/es\/wp-json\/wp\/v2\/product\/62954"}],"collection":[{"href":"https:\/\/www.gruppoliturgico.com\/es\/wp-json\/wp\/v2\/product"}],"about":[{"href":"https:\/\/www.gruppoliturgico.com\/es\/wp-json\/wp\/v2\/types\/product"}],"wp:featuredmedia":[{"embeddable":true,"href":"https:\/\/www.gruppoliturgico.com\/es\/wp-json\/wp\/v2\/media\/132338"}],"wp:attachment":[{"href":"https:\/\/www.gruppoliturgico.com\/es\/wp-json\/wp\/v2\/media?parent=62954"}],"wp:term":[{"taxonomy":"product_cat","embeddable":true,"href":"https:\/\/www.gruppoliturgico.com\/es\/wp-json\/wp\/v2\/product_cat?post=62954"},{"taxonomy":"product_tag","embeddable":true,"href":"https:\/\/www.gruppoliturgico.com\/es\/wp-json\/wp\/v2\/product_tag?post=62954"}],"curies":[{"name":"wp","href":"https:\/\/api.w.org\/{rel}","templated":true}]}}

<html><body><p>en fundición.<br>
Tipo capitel dorado pulido.</p>
<p>Altura 13 cm</p>
<p>El precio incluye vela de cera líquida Ø cm 4 altura cm 20</p>
</body></html>

<p>en fundición.<br />
Tipo capitel dorado pulido.</p>
<p>Altura 13 cm</p>
<p>El precio incluye vela de cera líquida Ø cm 4 altura cm 20</p>

<!-- This site is optimized with the Yoast SEO plugin v20.4 - https://yoast.com/wordpress/plugins/seo/ -->
<title>Candelero de mesa - candeleros de mesa y Laboratorio Gruppo Liturgico</title>
<meta name="description" content="en fundición.  Tipo capitel dorado pulido.  Altura 13 cm  El precio incluye vela de cera líquida Ø cm 4 altura cm 20" />
<meta name="robots" content="index, follow, max-snippet:-1, max-image-preview:large, max-video-preview:-1" />
<link rel="canonical" href="https://www.gruppoliturgico.com/es/producto/candelero-de-mesa-2/" />
<meta property="og:locale" content="es_ES" />
<meta property="og:type" content="article" />
<meta property="og:title" content="Candelero de mesa - candeleros de mesa y Laboratorio Gruppo Liturgico" />
<meta property="og:description" content="en fundición.  Tipo capitel dorado pulido.  Altura 13 cm  El precio incluye vela de cera líquida Ø cm 4 altura cm 20" />
<meta property="og:url" content="https://www.gruppoliturgico.com/es/producto/candelero-de-mesa-2/" />
<meta property="og:site_name" content="Laboratorio Gruppo Liturgico" />
<meta property="article:modified_time" content="2022-05-20T05:04:58+00:00" />
<meta property="og:image" content="https://www.gruppoliturgico.com/wp-content/uploads/2022/05/1369_70.jpg" />
	<meta property="og:image:width" content="897" />
	<meta property="og:image:height" content="1500" />
	<meta property="og:image:type" content="image/jpeg" />
<meta name="twitter:card" content="summary_large_image" />
<script type="application/ld+json" class="yoast-schema-graph">{"@context":"https://schema.org","@graph":[{"@type":"WebPage","@id":"https://www.gruppoliturgico.com/es/producto/candelero-de-mesa-2/","url":"https://www.gruppoliturgico.com/es/producto/candelero-de-mesa-2/","name":"Candelero de mesa - candeleros de mesa y Laboratorio Gruppo Liturgico","isPartOf":{"@id":"https://www.gruppoliturgico.com/es/#website"},"datePublished":"2022-05-19T20:46:08+00:00","dateModified":"2022-05-20T05:04:58+00:00","description":"en fundición. Tipo capitel dorado pulido. Altura 13 cm El precio incluye vela de cera líquida Ø cm 4 altura cm 20","breadcrumb":{"@id":"https://www.gruppoliturgico.com/es/producto/candelero-de-mesa-2/#breadcrumb"},"inLanguage":"es","potentialAction":[{"@type":"ReadAction","target":["https://www.gruppoliturgico.com/es/producto/candelero-de-mesa-2/"]}]},{"@type":"BreadcrumbList","@id":"https://www.gruppoliturgico.com/es/producto/candelero-de-mesa-2/#breadcrumb","itemListElement":[{"@type":"ListItem","position":1,"name":"Home","item":"https://www.gruppoliturgico.com/es/"},{"@type":"ListItem","position":2,"name":"Tienda","item":"https://www.gruppoliturgico.com/es/tienda/"},{"@type":"ListItem","position":3,"name":"Candelero de mesa"}]},{"@type":"WebSite","@id":"https://www.gruppoliturgico.com/es/#website","url":"https://www.gruppoliturgico.com/es/","name":"Laboratorio Gruppo Liturgico","description":"Articoli Religiosi online","publisher":{"@id":"https://www.gruppoliturgico.com/es/#organization"},"potentialAction":[{"@type":"SearchAction","target":{"@type":"EntryPoint","urlTemplate":"https://www.gruppoliturgico.com/es/?s={search_term_string}"},"query-input":"required name=search_term_string"}],"inLanguage":"es"},{"@type":"Organization","@id":"https://www.gruppoliturgico.com/es/#organization","name":"Laboratorio Gruppo Liturgico","url":"https://www.gruppoliturgico.com/es/","logo":{"@type":"ImageObject","inLanguage":"es","@id":"https://www.gruppoliturgico.com/es/#/schema/logo/image/","url":"https://www.gruppoliturgico.com/wp-content/uploads/2022/02/logo-laboratoriogruppoliturgico.png","contentUrl":"https://www.gruppoliturgico.com/wp-content/uploads/2022/02/logo-laboratoriogruppoliturgico.png","width":400,"height":114,"caption":"Laboratorio Gruppo Liturgico"},"image":{"@id":"https://www.gruppoliturgico.com/es/#/schema/logo/image/"}}]}</script>
<!-- / Yoast SEO plugin. -->

en fundición.  Tipo capitel dorado pulido.  Altura 13 cm  El precio incluye vela de cera líquida Ø cm 4 altura cm 20

en fundición. Tipo capitel dorado pulido. Altura 13 cm El precio incluye vela de cera líquida Ø cm 4 altura cm 20
