{"id":122561,"date":"2023-07-24T16:49:18","date_gmt":"2023-07-24T14:49:18","guid":{"rendered":"https:\/\/www.gruppoliturgico.com\/prodotto\/san-jose-durmiente-cm-135\/"},"modified":"2023-07-24T16:49:18","modified_gmt":"2023-07-24T14:49:18","slug":"san-jose-durmiente-cm-135","status":"publish","type":"product","link":"https:\/\/www.gruppoliturgico.com\/es\/producto\/san-jose-durmiente-cm-135\/","title":{"rendered":"San Jos\u00e9 durmiente cm 135"},"content":{"rendered":"<html><body><p>Estatua de resina pintada a mano.<br>\nUna historia singular sobre le figura del San Jos\u00e9 durmiente, cuenta el Papa Francisco, quien se trajo con \u00e9l de Argentina esta estatua que ahora guarda en su apartamento<br>\nde Casa Santa Marta.<br>\nRapreenta el Santo, con un h\u00e1bito de color verde oscuro y rojo, con adornos dorados.<br>\nJos\u00e9 aparece tumbado durmiendo.<br>\nTama\u00f1o cm 135<\/p>\n<\/body><\/html>","protected":false},"excerpt":{"rendered":"<p>Estatua de resina pintada a mano.<br \/>\nUna historia singular sobre le figura del San Jos\u00e9 durmiente, cuenta el Papa Francisco, quien se trajo con \u00e9l de Argentina esta estatua que ahora guarda en su apartamento<br \/>\nde Casa Santa Marta.<br \/>\nRapreenta el Santo, con un h\u00e1bito de color verde oscuro y rojo, con adornos dorados.<br \/>\nJos\u00e9 aparece tumbado durmiendo.<br \/>\nTama\u00f1o cm 135<\/p>\n","protected":false},"featured_media":122558,"template":"","meta":[],"product_cat":[12619],"product_tag":[],"yoast_head":"<!-- This site is optimized with the Yoast SEO plugin v20.4 - https:\/\/yoast.com\/wordpress\/plugins\/seo\/ -->\n<title>San Jos\u00e9 durmiente cm 135 - San Jos\u00e9 con Ni\u00f1o y Laboratorio Gruppo Liturgico<\/title>\n<meta name=\"description\" content=\"Estatua de resina pintada a mano. Una historia singular sobre le figura del San Jos\u00e9 durmiente, cuenta el Papa Francisco, quien se trajo con \u00e9l de Argentina esta estatua que ahora guarda en su apartamento de Casa Santa Marta. Rapreenta el Santo, con un h\u00e1bito de color verde oscuro y rojo, con adornos dorados. Jos\u00e9 aparece tumbado durmiendo. Tama\u00f1o cm 135\" \/>\n<meta name=\"robots\" content=\"index, follow, max-snippet:-1, max-image-preview:large, max-video-preview:-1\" \/>\n<link rel=\"canonical\" href=\"https:\/\/www.gruppoliturgico.com\/es\/producto\/san-jose-durmiente-cm-135\/\" \/>\n<meta property=\"og:locale\" content=\"es_ES\" \/>\n<meta property=\"og:type\" content=\"article\" \/>\n<meta property=\"og:title\" content=\"San Jos\u00e9 durmiente cm 135 - San Jos\u00e9 con Ni\u00f1o y Laboratorio Gruppo Liturgico\" \/>\n<meta property=\"og:description\" content=\"Estatua de resina pintada a mano. Una historia singular sobre le figura del San Jos\u00e9 durmiente, cuenta el Papa Francisco, quien se trajo con \u00e9l de Argentina esta estatua que ahora guarda en su apartamento de Casa Santa Marta. Rapreenta el Santo, con un h\u00e1bito de color verde oscuro y rojo, con adornos dorados. Jos\u00e9 aparece tumbado durmiendo. Tama\u00f1o cm 135\" \/>\n<meta property=\"og:url\" content=\"https:\/\/www.gruppoliturgico.com\/es\/producto\/san-jose-durmiente-cm-135\/\" \/>\n<meta property=\"og:site_name\" content=\"Laboratorio Gruppo Liturgico\" \/>\n<meta property=\"og:image\" content=\"https:\/\/www.gruppoliturgico.com\/wp-content\/uploads\/2023\/07\/3970.jpg\" \/>\n\t<meta property=\"og:image:width\" content=\"835\" \/>\n\t<meta property=\"og:image:height\" content=\"396\" \/>\n\t<meta property=\"og:image:type\" content=\"image\/jpeg\" \/>\n<meta name=\"twitter:card\" content=\"summary_large_image\" \/>\n<script type=\"application\/ld+json\" class=\"yoast-schema-graph\">{\"@context\":\"https:\/\/schema.org\",\"@graph\":[{\"@type\":\"WebPage\",\"@id\":\"https:\/\/www.gruppoliturgico.com\/es\/producto\/san-jose-durmiente-cm-135\/\",\"url\":\"https:\/\/www.gruppoliturgico.com\/es\/producto\/san-jose-durmiente-cm-135\/\",\"name\":\"San Jos\u00e9 durmiente cm 135 - San Jos\u00e9 con Ni\u00f1o y Laboratorio Gruppo Liturgico\",\"isPartOf\":{\"@id\":\"https:\/\/www.gruppoliturgico.com\/es\/#website\"},\"datePublished\":\"2023-07-24T14:49:18+00:00\",\"dateModified\":\"2023-07-24T14:49:18+00:00\",\"description\":\"Estatua de resina pintada a mano. Una historia singular sobre le figura del San Jos\u00e9 durmiente, cuenta el Papa Francisco, quien se trajo con \u00e9l de Argentina esta estatua que ahora guarda en su apartamento de Casa Santa Marta. Rapreenta el Santo, con un h\u00e1bito de color verde oscuro y rojo, con adornos dorados. Jos\u00e9 aparece tumbado durmiendo. Tama\u00f1o cm 135\",\"breadcrumb\":{\"@id\":\"https:\/\/www.gruppoliturgico.com\/es\/producto\/san-jose-durmiente-cm-135\/#breadcrumb\"},\"inLanguage\":\"es\",\"potentialAction\":[{\"@type\":\"ReadAction\",\"target\":[\"https:\/\/www.gruppoliturgico.com\/es\/producto\/san-jose-durmiente-cm-135\/\"]}]},{\"@type\":\"BreadcrumbList\",\"@id\":\"https:\/\/www.gruppoliturgico.com\/es\/producto\/san-jose-durmiente-cm-135\/#breadcrumb\",\"itemListElement\":[{\"@type\":\"ListItem\",\"position\":1,\"name\":\"Home\",\"item\":\"https:\/\/www.gruppoliturgico.com\/es\/\"},{\"@type\":\"ListItem\",\"position\":2,\"name\":\"Tienda\",\"item\":\"https:\/\/www.gruppoliturgico.com\/es\/tienda\/\"},{\"@type\":\"ListItem\",\"position\":3,\"name\":\"San Jos\u00e9 durmiente cm 135\"}]},{\"@type\":\"WebSite\",\"@id\":\"https:\/\/www.gruppoliturgico.com\/es\/#website\",\"url\":\"https:\/\/www.gruppoliturgico.com\/es\/\",\"name\":\"Laboratorio Gruppo Liturgico\",\"description\":\"Articoli Religiosi online\",\"publisher\":{\"@id\":\"https:\/\/www.gruppoliturgico.com\/es\/#organization\"},\"potentialAction\":[{\"@type\":\"SearchAction\",\"target\":{\"@type\":\"EntryPoint\",\"urlTemplate\":\"https:\/\/www.gruppoliturgico.com\/es\/?s={search_term_string}\"},\"query-input\":\"required name=search_term_string\"}],\"inLanguage\":\"es\"},{\"@type\":\"Organization\",\"@id\":\"https:\/\/www.gruppoliturgico.com\/es\/#organization\",\"name\":\"Laboratorio Gruppo Liturgico\",\"url\":\"https:\/\/www.gruppoliturgico.com\/es\/\",\"logo\":{\"@type\":\"ImageObject\",\"inLanguage\":\"es\",\"@id\":\"https:\/\/www.gruppoliturgico.com\/es\/#\/schema\/logo\/image\/\",\"url\":\"https:\/\/www.gruppoliturgico.com\/wp-content\/uploads\/2022\/02\/logo-laboratoriogruppoliturgico.png\",\"contentUrl\":\"https:\/\/www.gruppoliturgico.com\/wp-content\/uploads\/2022\/02\/logo-laboratoriogruppoliturgico.png\",\"width\":400,\"height\":114,\"caption\":\"Laboratorio Gruppo Liturgico\"},\"image\":{\"@id\":\"https:\/\/www.gruppoliturgico.com\/es\/#\/schema\/logo\/image\/\"}}]}<\/script>\n<!-- \/ Yoast SEO plugin. -->","yoast_head_json":{"title":"San Jos\u00e9 durmiente cm 135 - San Jos\u00e9 con Ni\u00f1o y Laboratorio Gruppo Liturgico","description":"Estatua de resina pintada a mano. Una historia singular sobre le figura del San Jos\u00e9 durmiente, cuenta el Papa Francisco, quien se trajo con \u00e9l de Argentina esta estatua que ahora guarda en su apartamento de Casa Santa Marta. Rapreenta el Santo, con un h\u00e1bito de color verde oscuro y rojo, con adornos dorados. Jos\u00e9 aparece tumbado durmiendo. Tama\u00f1o cm 135","robots":{"index":"index","follow":"follow","max-snippet":"max-snippet:-1","max-image-preview":"max-image-preview:large","max-video-preview":"max-video-preview:-1"},"canonical":"https:\/\/www.gruppoliturgico.com\/es\/producto\/san-jose-durmiente-cm-135\/","og_locale":"es_ES","og_type":"article","og_title":"San Jos\u00e9 durmiente cm 135 - San Jos\u00e9 con Ni\u00f1o y Laboratorio Gruppo Liturgico","og_description":"Estatua de resina pintada a mano. Una historia singular sobre le figura del San Jos\u00e9 durmiente, cuenta el Papa Francisco, quien se trajo con \u00e9l de Argentina esta estatua que ahora guarda en su apartamento de Casa Santa Marta. Rapreenta el Santo, con un h\u00e1bito de color verde oscuro y rojo, con adornos dorados. Jos\u00e9 aparece tumbado durmiendo. Tama\u00f1o cm 135","og_url":"https:\/\/www.gruppoliturgico.com\/es\/producto\/san-jose-durmiente-cm-135\/","og_site_name":"Laboratorio Gruppo Liturgico","og_image":[{"width":835,"height":396,"url":"https:\/\/www.gruppoliturgico.com\/wp-content\/uploads\/2023\/07\/3970.jpg","type":"image\/jpeg"}],"twitter_card":"summary_large_image","schema":{"@context":"https:\/\/schema.org","@graph":[{"@type":"WebPage","@id":"https:\/\/www.gruppoliturgico.com\/es\/producto\/san-jose-durmiente-cm-135\/","url":"https:\/\/www.gruppoliturgico.com\/es\/producto\/san-jose-durmiente-cm-135\/","name":"San Jos\u00e9 durmiente cm 135 - San Jos\u00e9 con Ni\u00f1o y Laboratorio Gruppo Liturgico","isPartOf":{"@id":"https:\/\/www.gruppoliturgico.com\/es\/#website"},"datePublished":"2023-07-24T14:49:18+00:00","dateModified":"2023-07-24T14:49:18+00:00","description":"Estatua de resina pintada a mano. Una historia singular sobre le figura del San Jos\u00e9 durmiente, cuenta el Papa Francisco, quien se trajo con \u00e9l de Argentina esta estatua que ahora guarda en su apartamento de Casa Santa Marta. Rapreenta el Santo, con un h\u00e1bito de color verde oscuro y rojo, con adornos dorados. Jos\u00e9 aparece tumbado durmiendo. Tama\u00f1o cm 135","breadcrumb":{"@id":"https:\/\/www.gruppoliturgico.com\/es\/producto\/san-jose-durmiente-cm-135\/#breadcrumb"},"inLanguage":"es","potentialAction":[{"@type":"ReadAction","target":["https:\/\/www.gruppoliturgico.com\/es\/producto\/san-jose-durmiente-cm-135\/"]}]},{"@type":"BreadcrumbList","@id":"https:\/\/www.gruppoliturgico.com\/es\/producto\/san-jose-durmiente-cm-135\/#breadcrumb","itemListElement":[{"@type":"ListItem","position":1,"name":"Home","item":"https:\/\/www.gruppoliturgico.com\/es\/"},{"@type":"ListItem","position":2,"name":"Tienda","item":"https:\/\/www.gruppoliturgico.com\/es\/tienda\/"},{"@type":"ListItem","position":3,"name":"San Jos\u00e9 durmiente cm 135"}]},{"@type":"WebSite","@id":"https:\/\/www.gruppoliturgico.com\/es\/#website","url":"https:\/\/www.gruppoliturgico.com\/es\/","name":"Laboratorio Gruppo Liturgico","description":"Articoli Religiosi online","publisher":{"@id":"https:\/\/www.gruppoliturgico.com\/es\/#organization"},"potentialAction":[{"@type":"SearchAction","target":{"@type":"EntryPoint","urlTemplate":"https:\/\/www.gruppoliturgico.com\/es\/?s={search_term_string}"},"query-input":"required name=search_term_string"}],"inLanguage":"es"},{"@type":"Organization","@id":"https:\/\/www.gruppoliturgico.com\/es\/#organization","name":"Laboratorio Gruppo Liturgico","url":"https:\/\/www.gruppoliturgico.com\/es\/","logo":{"@type":"ImageObject","inLanguage":"es","@id":"https:\/\/www.gruppoliturgico.com\/es\/#\/schema\/logo\/image\/","url":"https:\/\/www.gruppoliturgico.com\/wp-content\/uploads\/2022\/02\/logo-laboratoriogruppoliturgico.png","contentUrl":"https:\/\/www.gruppoliturgico.com\/wp-content\/uploads\/2022\/02\/logo-laboratoriogruppoliturgico.png","width":400,"height":114,"caption":"Laboratorio Gruppo Liturgico"},"image":{"@id":"https:\/\/www.gruppoliturgico.com\/es\/#\/schema\/logo\/image\/"}}]}},"_links":{"self":[{"href":"https:\/\/www.gruppoliturgico.com\/es\/wp-json\/wp\/v2\/product\/122561"}],"collection":[{"href":"https:\/\/www.gruppoliturgico.com\/es\/wp-json\/wp\/v2\/product"}],"about":[{"href":"https:\/\/www.gruppoliturgico.com\/es\/wp-json\/wp\/v2\/types\/product"}],"wp:featuredmedia":[{"embeddable":true,"href":"https:\/\/www.gruppoliturgico.com\/es\/wp-json\/wp\/v2\/media\/122558"}],"wp:attachment":[{"href":"https:\/\/www.gruppoliturgico.com\/es\/wp-json\/wp\/v2\/media?parent=122561"}],"wp:term":[{"taxonomy":"product_cat","embeddable":true,"href":"https:\/\/www.gruppoliturgico.com\/es\/wp-json\/wp\/v2\/product_cat?post=122561"},{"taxonomy":"product_tag","embeddable":true,"href":"https:\/\/www.gruppoliturgico.com\/es\/wp-json\/wp\/v2\/product_tag?post=122561"}],"curies":[{"name":"wp","href":"https:\/\/api.w.org\/{rel}","templated":true}]}}

San José durmiente cm 135

<html><body><p>Estatua de resina pintada a mano.<br>
Una historia singular sobre le figura del San José durmiente, cuenta el Papa Francisco, quien se trajo con él de Argentina esta estatua que ahora guarda en su apartamento<br>
de Casa Santa Marta.<br>
Rapreenta el Santo, con un hábito de color verde oscuro y rojo, con adornos dorados.<br>
José aparece tumbado durmiendo.<br>
Tamaño cm 135</p>
</body></html>

<p>Estatua de resina pintada a mano.<br />
Una historia singular sobre le figura del San José durmiente, cuenta el Papa Francisco, quien se trajo con él de Argentina esta estatua que ahora guarda en su apartamento<br />
de Casa Santa Marta.<br />
Rapreenta el Santo, con un hábito de color verde oscuro y rojo, con adornos dorados.<br />
José aparece tumbado durmiendo.<br />
Tamaño cm 135</p>

<!-- This site is optimized with the Yoast SEO plugin v20.4 - https://yoast.com/wordpress/plugins/seo/ -->
<title>San José durmiente cm 135 - San José con Niño y Laboratorio Gruppo Liturgico</title>
<meta name="description" content="Estatua de resina pintada a mano. Una historia singular sobre le figura del San José durmiente, cuenta el Papa Francisco, quien se trajo con él de Argentina esta estatua que ahora guarda en su apartamento de Casa Santa Marta. Rapreenta el Santo, con un hábito de color verde oscuro y rojo, con adornos dorados. José aparece tumbado durmiendo. Tamaño cm 135" />
<meta name="robots" content="index, follow, max-snippet:-1, max-image-preview:large, max-video-preview:-1" />
<link rel="canonical" href="https://www.gruppoliturgico.com/es/producto/san-jose-durmiente-cm-135/" />
<meta property="og:locale" content="es_ES" />
<meta property="og:type" content="article" />
<meta property="og:title" content="San José durmiente cm 135 - San José con Niño y Laboratorio Gruppo Liturgico" />
<meta property="og:description" content="Estatua de resina pintada a mano. Una historia singular sobre le figura del San José durmiente, cuenta el Papa Francisco, quien se trajo con él de Argentina esta estatua que ahora guarda en su apartamento de Casa Santa Marta. Rapreenta el Santo, con un hábito de color verde oscuro y rojo, con adornos dorados. José aparece tumbado durmiendo. Tamaño cm 135" />
<meta property="og:url" content="https://www.gruppoliturgico.com/es/producto/san-jose-durmiente-cm-135/" />
<meta property="og:site_name" content="Laboratorio Gruppo Liturgico" />
<meta property="og:image" content="https://www.gruppoliturgico.com/wp-content/uploads/2023/07/3970.jpg" />
	<meta property="og:image:width" content="835" />
	<meta property="og:image:height" content="396" />
	<meta property="og:image:type" content="image/jpeg" />
<meta name="twitter:card" content="summary_large_image" />
<script type="application/ld+json" class="yoast-schema-graph">{"@context":"https://schema.org","@graph":[{"@type":"WebPage","@id":"https://www.gruppoliturgico.com/es/producto/san-jose-durmiente-cm-135/","url":"https://www.gruppoliturgico.com/es/producto/san-jose-durmiente-cm-135/","name":"San José durmiente cm 135 - San José con Niño y Laboratorio Gruppo Liturgico","isPartOf":{"@id":"https://www.gruppoliturgico.com/es/#website"},"datePublished":"2023-07-24T14:49:18+00:00","dateModified":"2023-07-24T14:49:18+00:00","description":"Estatua de resina pintada a mano. Una historia singular sobre le figura del San José durmiente, cuenta el Papa Francisco, quien se trajo con él de Argentina esta estatua que ahora guarda en su apartamento de Casa Santa Marta. Rapreenta el Santo, con un hábito de color verde oscuro y rojo, con adornos dorados. José aparece tumbado durmiendo. Tamaño cm 135","breadcrumb":{"@id":"https://www.gruppoliturgico.com/es/producto/san-jose-durmiente-cm-135/#breadcrumb"},"inLanguage":"es","potentialAction":[{"@type":"ReadAction","target":["https://www.gruppoliturgico.com/es/producto/san-jose-durmiente-cm-135/"]}]},{"@type":"BreadcrumbList","@id":"https://www.gruppoliturgico.com/es/producto/san-jose-durmiente-cm-135/#breadcrumb","itemListElement":[{"@type":"ListItem","position":1,"name":"Home","item":"https://www.gruppoliturgico.com/es/"},{"@type":"ListItem","position":2,"name":"Tienda","item":"https://www.gruppoliturgico.com/es/tienda/"},{"@type":"ListItem","position":3,"name":"San José durmiente cm 135"}]},{"@type":"WebSite","@id":"https://www.gruppoliturgico.com/es/#website","url":"https://www.gruppoliturgico.com/es/","name":"Laboratorio Gruppo Liturgico","description":"Articoli Religiosi online","publisher":{"@id":"https://www.gruppoliturgico.com/es/#organization"},"potentialAction":[{"@type":"SearchAction","target":{"@type":"EntryPoint","urlTemplate":"https://www.gruppoliturgico.com/es/?s={search_term_string}"},"query-input":"required name=search_term_string"}],"inLanguage":"es"},{"@type":"Organization","@id":"https://www.gruppoliturgico.com/es/#organization","name":"Laboratorio Gruppo Liturgico","url":"https://www.gruppoliturgico.com/es/","logo":{"@type":"ImageObject","inLanguage":"es","@id":"https://www.gruppoliturgico.com/es/#/schema/logo/image/","url":"https://www.gruppoliturgico.com/wp-content/uploads/2022/02/logo-laboratoriogruppoliturgico.png","contentUrl":"https://www.gruppoliturgico.com/wp-content/uploads/2022/02/logo-laboratoriogruppoliturgico.png","width":400,"height":114,"caption":"Laboratorio Gruppo Liturgico"},"image":{"@id":"https://www.gruppoliturgico.com/es/#/schema/logo/image/"}}]}</script>
<!-- / Yoast SEO plugin. -->

San José durmiente cm 135 - San José con Niño y Laboratorio Gruppo Liturgico

Estatua de resina pintada a mano. Una historia singular sobre le figura del San José durmiente, cuenta el Papa Francisco, quien se trajo con él de Argentina esta estatua que ahora guarda en su apartamento de Casa Santa Marta. Rapreenta el Santo, con un hábito de color verde oscuro y rojo, con adornos dorados. José aparece tumbado durmiendo. Tamaño cm 135
