{"version":"1.0","provider_name":"Laboratorio Gruppo Liturgico","provider_url":"https:\/\/www.gruppoliturgico.com\/es\/","author_name":"Luigi Marinetto","author_url":"https:\/\/www.gruppoliturgico.com\/es\/author\/luigi\/","title":"Candelero de mesa - candeleros de mesa y Laboratorio Gruppo Liturgico","type":"rich","width":600,"height":338,"html":"<blockquote class=\"wp-embedded-content\" data-secret=\"ZblXGhUz2V\"><a href=\"https:\/\/www.gruppoliturgico.com\/es\/producto\/candelero-de-mesa-23\/\">Candelero de mesa<\/a><\/blockquote><iframe sandbox=\"allow-scripts\" security=\"restricted\" src=\"https:\/\/www.gruppoliturgico.com\/es\/producto\/candelero-de-mesa-23\/embed\/#?secret=ZblXGhUz2V\" width=\"600\" height=\"338\" title=\"\u00abCandelero de mesa\u00bb \u2014 Laboratorio Gruppo Liturgico\" data-secret=\"ZblXGhUz2V\" frameborder=\"0\" marginwidth=\"0\" marginheight=\"0\" scrolling=\"no\" class=\"wp-embedded-content\"><\/iframe><script type=\"text\/javascript\">\n\/*! This file is auto-generated *\/\n!function(c,l){\"use strict\";var e=!1,o=!1;if(l.querySelector)if(c.addEventListener)e=!0;if(c.wp=c.wp||{},c.wp.receiveEmbedMessage);else if(c.wp.receiveEmbedMessage=function(e){var t=e.data;if(!t);else if(!(t.secret||t.message||t.value));else if(\/[^a-zA-Z0-9]\/.test(t.secret));else{for(var r,s,a,i=l.querySelectorAll('iframe[data-secret=\"'+t.secret+'\"]'),n=l.querySelectorAll('blockquote[data-secret=\"'+t.secret+'\"]'),o=0;o<n.length;o++)n[o].style.display=\"none\";for(o=0;o<i.length;o++)if(r=i[o],e.source!==r.contentWindow);else{if(r.removeAttribute(\"style\"),\"height\"===t.message){if(1e3<(s=parseInt(t.value,10)))s=1e3;else if(~~s<200)s=200;r.height=s}if(\"link\"===t.message)if(s=l.createElement(\"a\"),a=l.createElement(\"a\"),s.href=r.getAttribute(\"src\"),a.href=t.value,a.host===s.host)if(l.activeElement===r)c.top.location.href=t.value}}},e)c.addEventListener(\"message\",c.wp.receiveEmbedMessage,!1),l.addEventListener(\"DOMContentLoaded\",t,!1),c.addEventListener(\"load\",t,!1);function t(){if(o);else{o=!0;for(var e,t,r,s=-1!==navigator.appVersion.indexOf(\"MSIE 10\"),a=!!navigator.userAgent.match(\/Trident.*rv:11\\.\/),i=l.querySelectorAll(\"iframe.wp-embedded-content\"),n=0;n<i.length;n++){if(!(r=(t=i[n]).getAttribute(\"data-secret\")))r=Math.random().toString(36).substr(2,10),t.src+=\"#?secret=\"+r,t.setAttribute(\"data-secret\",r);if(s||a)(e=t.cloneNode(!0)).removeAttribute(\"security\"),t.parentNode.replaceChild(e,t);t.contentWindow.postMessage({message:\"ready\",secret:r},\"*\")}}}}(window,document);\n<\/script>\n","thumbnail_url":"https:\/\/www.gruppoliturgico.com\/wp-content\/uploads\/2023\/04\/3964-nv-rit.jpg","thumbnail_width":600,"thumbnail_height":774,"description":"Magn\u00edfico capitel en estilo Barroco se transforma en base para el candelero. En fundici\u00f3n, tratado con dorado. Altura cm 11,5 Di\u00e1metro cm 11   El precio incluye vela de cera l\u00edquida \u00d8 cm 4 altura cm 20"}

Magnífico capitel en estilo Barroco se transforma en base para el candelero. En fundición, tratado con dorado. Altura cm 11,5 Diámetro cm 11   El precio incluye vela de cera líquida Ø cm 4 altura cm 20
